MONTHLY CLIMATOLOGICAL SUMMARY for Feb 2024 NAME: Castelnuovo Bocca d'Adda, Italia ELEV: 55 metri LAT: 45-06.60 N LONG: 009-52.14 E TEMPERATURE (°C), RAIN (mm), WIND SPEED (km/h) HEAT COOL AVG MEAN DEG DEG WIND DOM DAY TEMP HIGH TIME LOW TIME DAYS DAYS RAIN SPEED HIGH TIME DIR --------------------------------------------------------------------------------------- 01 3.4 7.3 16:57 0.8 06:32 14.9 0.0 0.3 N/A 156.1 00:00 N/A 02 5.8 14.1 15:36 -0.8 08:38 12.5 0.0 0.0 2.1 156.1 00:00 292 03 7.6 15.1 15:17 0.4 07:55 10.7 0.0 0.0 0.8 156.1 00:00 200 04 6.7 13.4 14:21 0.1 07:25 11.6 0.0 0.3 4.1 156.1 00:00 292 05 6.4 13.3 15:18 0.4 07:45 11.9 0.0 0.0 N/A 156.1 00:00 N/A 06 7.4 12.9 15:25 1.5 04:05 11.0 0.0 0.3 N/A 156.1 00:00 N/A 07 10.5 13.9 14:33 8.5 07:14 7.8 0.0 0.0 1.5 156.1 00:00 305 08 9.9 14.1 14:32 5.1 07:28 8.4 0.0 0.0 2.5 156.1 00:00 304 09 9.6 10.6 14:24 8.2 08:01 8.7 0.0 0.8 N/A 156.1 00:00 N/A 10 10.4 11.1 13:55 9.7 06:53 8.0 0.0 16.0 N/A 156.1 00:00 N/A 11 9.9 11.1 16:47 8.6 07:31 8.4 0.0 10.9 N/A 156.1 00:00 N/A 12 8.7 13.6 15:44 4.0 06:39 9.7 0.0 2.3 N/A 156.1 00:00 N/A 13 9.2 15.2 17:00 5.4 07:06 9.1 0.0 0.0 0.4 156.1 00:00 315 14 8.5 15.2 16:37 3.4 07:20 9.8 0.0 0.0 1.7 156.1 00:00 270 15 8.2 13.3 13:25 3.3 06:52 10.1 0.0 0.0 1.4 156.1 00:00 295 16 9.4 14.8 14:20 4.7 07:54 8.9 0.0 0.0 1.8 156.1 00:00 210 17 10.0 16.2 15:53 4.9 07:24 8.4 0.0 0.0 1.6 156.1 00:00 135 18 8.7 14.8 14:54 2.7 07:01 9.7 0.0 0.0 1.3 156.1 00:00 315 19 10.5 16.1 15:35 6.3 06:35 7.8 0.0 0.0 0.6 156.1 00:00 8 20 11.1 16.6 15:55 5.8 07:12 7.3 0.0 0.0 1.6 156.1 00:00 240 21 9.2 15.8 15:34 2.9 07:25 9.1 0.0 0.0 1.5 156.1 00:00 85 22 8.9 10.4 14:57 7.8 00:26 9.5 0.0 0.5 N/A 156.1 00:00 N/A 23 8.3 9.7 18:20 6.4 22:50 10.0 0.0 0.8 N/A 156.1 00:00 N/A 24 6.8 10.4 13:15 2.2 07:45 11.5 0.0 3.6 N/A 156.1 00:05 N/A 25 8.2 12.4 13:45 4.7 06:00 10.1 0.0 2.5 0.8 156.1 00:05 44 26 8.0 9.1 00:12 6.9 07:12 10.4 0.0 2.0 N/A 156.1 00:00 N/A 27 8.5 10.3 21:49 7.1 02:10 9.8 0.0 7.6 N/A 156.1 00:00 N/A 28 10.4 11.8 16:22 9.2 07:57 7.9 0.0 9.9 N/A 156.1 00:00 N/A 29 11.1 13.0 15:49 9.4 03:32 7.2 0.0 4.8 N/A 156.1 00:00 N/A --------------------------------------------------------------------------------------- 8.7 16.6 20 -0.8 02 280.3 0.0 62.5 1.6 156.1 01 285 Updated: 03/01/2024 12:00:00 AM