MONTHLY CLIMATOLOGICAL SUMMARY for Oct 2023 NAME: Castelnuovo Bocca d'Adda, Italia ELEV: 55 metri LAT: 45-06.60 N LONG: 009-52.14 E TEMPERATURE (°C), RAIN (mm), WIND SPEED (km/h) HEAT COOL AVG MEAN DEG DEG WIND DOM DAY TEMP HIGH TIME LOW TIME DAYS DAYS RAIN SPEED HIGH TIME DIR --------------------------------------------------------------------------------------- 01 21.4 28.2 15:39 15.3 07:51 0.0 3.0 0.0 0.5 156.1 05:05 68 02 21.1 28.6 17:18 14.8 07:39 0.0 2.8 0.0 0.0 0.0 00:00 N/A 03 21.3 28.4 16:19 15.1 07:06 0.0 3.0 0.0 0.0 0.0 00:00 N/A 04 20.6 25.7 15:10 16.1 06:19 0.0 2.3 0.0 0.0 156.1 03:42 N/A 05 20.8 26.8 16:29 16.3 07:21 0.0 2.4 0.0 0.0 0.0 00:00 N/A 06 20.7 26.4 16:39 16.7 05:25 0.0 2.4 0.0 0.3 156.1 01:16 225 07 20.2 26.4 17:00 15.0 06:36 0.0 1.8 0.0 0.4 156.1 00:41 22 08 22.3 31.3 16:22 15.5 07:20 0.0 3.9 0.0 0.3 156.1 04:14 292 09 23.0 31.9 16:19 15.4 07:27 0.0 4.7 0.0 0.5 156.1 07:18 292 10 21.8 29.6 16:27 14.6 07:39 0.0 3.4 0.0 0.1 156.1 05:17 338 11 20.8 26.6 17:05 16.7 06:24 0.0 2.5 0.0 0.1 156.1 01:33 112 12 20.9 26.2 15:51 17.5 05:33 0.0 2.6 0.0 0.1 156.1 00:47 19 13 20.9 26.6 15:37 16.2 05:38 0.0 2.6 0.0 0.1 156.1 05:19 315 14 20.4 25.3 16:56 15.3 08:24 0.0 2.1 0.0 0.0 156.1 05:21 202 15 18.9 23.8 15:53 15.5 22:22 0.0 0.6 0.0 0.6 156.1 01:53 292 16 14.9 17.6 13:22 12.5 08:02 3.5 0.0 0.0 0.0 0.0 00:00 N/A 17 14.2 18.8 15:00 11.1 03:07 4.2 0.0 0.0 0.0 0.0 00:00 N/A 18 11.7 13.3 00:08 10.3 21:33 6.6 0.0 1.3 0.1 156.1 08:39 135 19 11.7 13.0 19:30 10.4 03:48 6.6 0.0 7.9 N/A 156.1 00:00 N/A 20 16.8 21.6 18:11 12.3 00:41 1.6 0.0 2.0 0.2 156.1 00:00 135 21 17.4 22.9 15:08 13.9 07:11 0.9 0.0 0.0 0.0 156.1 21:46 N/A 22 16.0 22.2 15:31 11.4 08:02 2.3 0.0 0.0 0.0 156.1 00:00 N/A 23 15.3 19.8 13:48 12.3 05:28 3.0 0.0 3.6 0.0 156.1 18:42 N/A 24 14.5 15.5 15:54 12.9 23:57 3.9 0.0 7.1 N/A 156.1 00:00 N/A 25 12.9 15.7 16:38 10.1 05:42 5.4 0.0 1.8 N/A 156.1 00:00 N/A 26 14.1 16.1 15:17 11.9 00:42 4.2 0.0 1.0 N/A 156.1 00:00 N/A 27 17.4 23.2 16:18 13.9 08:48 0.9 0.0 0.5 21.5 156.1 00:00 225 28 14.9 20.4 15:50 10.4 06:24 3.4 0.0 0.8 3.5 156.1 00:14 185 29 13.7 15.6 13:48 11.4 03:35 4.7 0.0 0.5 20.9 156.1 00:08 202 30 14.8 17.0 20:20 13.3 04:25 3.5 0.0 0.8 N/A 156.1 00:00 N/A 31 15.1 19.5 14:40 11.6 23:59 3.2 0.0 0.5 32.2 156.1 00:00 292 --------------------------------------------------------------------------------------- 17.8 31.9 09 10.1 25 57.8 40.2 27.7 0.2 156.1 01 277 Updated: 11/01/2023 12:00:00 AM