MONTHLY CLIMATOLOGICAL SUMMARY for Sep 2023 NAME: Castelnuovo Bocca d'Adda, Italia ELEV: 55 metri LAT: 45-06.60 N LONG: 009-52.14 E TEMPERATURE (°C), RAIN (mm), WIND SPEED (km/h) HEAT COOL AVG MEAN DEG DEG WIND DOM DAY TEMP HIGH TIME LOW TIME DAYS DAYS RAIN SPEED HIGH TIME DIR --------------------------------------------------------------------------------------- 01 22.8 28.4 17:26 17.5 07:44 0.0 4.4 0.0 0.0 0.0 00:00 N/A 02 24.2 30.4 16:54 18.3 07:02 0.0 5.8 0.0 0.0 0.0 00:00 N/A 03 24.4 30.8 16:54 18.5 07:05 0.0 6.1 0.0 0.0 0.0 00:00 N/A 04 24.9 30.4 16:05 19.8 07:02 0.0 6.6 0.0 0.0 156.1 05:16 N/A 05 23.3 27.3 16:21 20.2 23:52 0.0 5.0 0.0 0.0 0.0 00:00 N/A 06 22.5 29.3 16:52 15.4 06:55 0.0 4.1 0.0 0.0 0.0 00:00 N/A 07 23.6 30.1 16:22 16.3 06:05 0.0 5.3 0.0 0.0 0.0 00:00 N/A 08 24.1 30.7 16:35 17.1 06:05 0.0 5.8 0.0 0.0 0.0 00:00 N/A 09 24.1 31.1 16:15 17.3 07:23 0.0 5.8 0.0 0.0 0.0 00:00 N/A 10 24.5 31.6 15:57 17.4 07:19 0.0 6.1 0.0 0.0 0.0 00:00 N/A 11 24.7 32.2 16:04 17.7 07:25 0.0 6.3 0.0 0.0 0.0 00:00 N/A 12 25.0 31.7 17:23 18.2 06:10 0.0 6.7 0.0 0.2 156.1 06:03 315 13 23.4 29.1 15:07 19.7 06:50 0.0 5.1 11.9 0.6 157.7 20:37 271 14 22.6 27.7 17:04 18.4 07:02 0.0 4.2 0.0 0.2 156.1 00:00 338 15 22.1 26.4 16:36 18.5 07:21 0.0 3.7 1.8 0.0 156.1 04:15 N/A 16 22.1 26.8 15:27 18.4 07:06 0.0 3.7 0.8 0.1 156.1 19:04 180 17 23.2 27.7 16:17 19.5 07:27 0.0 4.8 0.0 0.1 156.1 00:00 292 18 23.1 27.9 17:08 20.3 07:19 0.0 4.8 0.0 0.7 156.1 06:29 24 19 23.3 29.2 17:18 18.7 05:47 0.0 4.9 0.0 0.0 156.1 05:26 270 20 21.7 28.2 14:52 16.7 07:00 0.0 3.4 0.0 0.5 156.1 18:04 280 21 20.9 26.1 14:55 18.2 07:13 0.0 2.6 2.8 0.6 156.1 00:00 66 22 20.6 24.7 17:37 18.4 03:26 0.0 2.3 16.8 0.3 156.1 00:00 112 23 18.6 24.1 12:57 15.2 23:44 0.0 0.2 1.0 0.2 156.1 10:29 225 24 18.0 25.0 15:43 12.1 07:27 0.4 0.0 0.0 0.0 0.0 00:00 N/A 25 18.2 25.2 17:15 12.5 07:22 0.1 0.0 0.0 0.4 156.1 04:40 68 26 19.8 27.2 17:01 13.4 07:34 0.0 1.5 0.0 0.0 0.0 00:00 N/A 27 21.2 28.4 16:13 15.0 07:01 0.0 2.8 0.0 0.0 156.1 05:45 N/A 28 20.6 27.8 16:05 15.3 05:43 0.0 2.3 0.0 0.0 156.1 03:47 N/A 29 20.6 28.1 16:51 14.2 07:34 0.0 2.3 0.0 0.5 156.1 04:41 90 30 21.3 28.7 17:22 14.8 07:24 0.0 2.9 0.0 0.0 0.0 00:00 N/A --------------------------------------------------------------------------------------- 22.3 32.2 11 12.1 24 0.5 119.5 35.1 0.1 157.7 13 5 Updated: 10/01/2023 12:00:00 AM