MONTHLY CLIMATOLOGICAL SUMMARY for Aug 2023 NAME: Castelnuovo Bocca d'Adda, Italia ELEV: 55 metri LAT: 45-06.60 N LONG: 009-52.14 E TEMPERATURE (°C), RAIN (mm), WIND SPEED (km/h) HEAT COOL AVG MEAN DEG DEG WIND DOM DAY TEMP HIGH TIME LOW TIME DAYS DAYS RAIN SPEED HIGH TIME DIR --------------------------------------------------------------------------------------- 01 25.9 30.3 16:42 21.0 07:10 0.0 7.5 0.0 0.0 0.0 00:00 N/A 02 25.9 31.1 16:22 20.9 06:36 0.0 7.6 0.0 0.0 0.0 00:00 N/A 03 27.6 33.6 15:07 22.1 06:16 0.0 9.3 0.0 0.0 0.0 00:00 N/A 04 23.7 28.0 16:41 19.2 23:56 0.0 5.4 0.0 0.0 0.0 00:00 N/A 05 21.2 27.7 16:21 16.7 06:55 0.0 2.9 2.3 0.3 156.1 00:58 315 06 23.7 30.3 16:18 17.1 06:10 0.0 5.4 0.0 0.0 0.0 00:00 N/A 07 22.3 28.9 17:13 14.6 06:06 0.0 4.0 0.0 0.0 0.0 00:00 N/A 08 22.7 28.8 15:37 16.1 06:04 0.0 4.4 0.0 0.0 0.0 00:00 N/A 09 24.1 30.4 17:31 17.8 05:42 0.0 5.8 0.0 0.0 0.0 00:00 N/A 10 24.8 31.0 16:23 18.7 05:59 0.0 6.5 0.0 0.0 0.0 00:00 N/A 11 25.9 31.9 16:34 20.3 06:17 0.0 7.5 0.0 0.0 0.0 00:00 N/A 12 26.6 32.8 16:28 20.2 06:20 0.0 8.3 0.0 0.0 0.0 00:00 N/A 13 27.8 33.8 16:34 21.8 06:26 0.0 9.5 0.0 0.0 0.0 00:00 N/A 14 27.8 33.4 14:22 22.1 06:58 0.0 9.5 0.0 0.0 0.0 00:00 N/A 15 28.2 34.8 17:26 21.8 07:13 0.0 9.9 0.0 0.0 0.0 00:00 N/A 16 28.7 34.6 17:19 22.7 07:57 0.0 10.3 0.0 0.0 0.0 00:00 N/A 17 26.9 32.8 14:07 22.9 05:53 0.0 8.6 0.0 0.0 0.0 00:00 N/A 18 27.6 34.3 16:19 21.6 07:21 0.0 9.2 0.0 0.0 0.0 00:00 N/A 19 28.8 35.7 16:53 22.5 07:13 0.0 10.4 0.0 0.0 0.0 00:00 N/A 20 29.8 36.2 17:07 23.2 07:08 0.0 11.5 0.0 0.0 0.0 00:00 N/A 21 30.8 37.2 16:15 24.2 06:14 0.0 12.4 0.0 0.0 0.0 00:00 N/A 22 30.7 37.7 16:28 24.2 06:19 0.0 12.4 0.0 0.0 0.0 00:00 N/A 23 31.0 38.7 18:40 23.2 06:34 0.0 12.6 0.0 0.0 0.0 00:00 N/A 24 31.3 38.3 16:47 24.1 05:40 0.0 12.9 0.0 0.0 0.0 00:00 N/A 25 30.8 38.2 16:54 24.1 06:15 0.0 12.5 0.0 0.0 0.0 00:00 N/A 26 27.1 35.1 15:22 21.8 06:55 0.0 8.8 0.0 0.0 0.0 00:00 N/A 27 23.3 26.1 07:25 21.2 23:42 0.0 4.9 10.9 0.1 157.7 13:07 90 28 20.3 23.4 10:48 16.7 22:43 0.0 2.0 8.1 0.7 156.1 00:00 271 29 18.9 22.8 14:38 16.1 05:47 0.0 0.5 0.5 0.1 156.1 00:04 277 30 21.2 26.6 16:25 16.6 06:23 0.0 2.9 0.0 0.0 0.0 00:00 N/A 31 21.5 27.6 14:52 16.1 06:38 0.0 3.2 0.0 0.0 0.0 00:00 N/A --------------------------------------------------------------------------------------- 26.0 38.7 23 14.6 07 0.0 238.5 21.8 0.0 157.7 27 287 Updated: 09/01/2023 12:00:00 AM