MONTHLY CLIMATOLOGICAL SUMMARY for Jul 2023 NAME: Castelnuovo Bocca d'Adda, Italia ELEV: 55 metri LAT: 45-06.60 N LONG: 009-52.14 E TEMPERATURE (°C), RAIN (mm), WIND SPEED (km/h) HEAT COOL AVG MEAN DEG DEG WIND DOM DAY TEMP HIGH TIME LOW TIME DAYS DAYS RAIN SPEED HIGH TIME DIR --------------------------------------------------------------------------------------- 01 02 29.1 32.5 17:32 26.1 23:55 0.0 10.7 0.0 0.0 0.0 17:32 N/A 03 25.7 31.3 15:48 21.6 05:47 0.0 7.4 0.0 0.0 0.0 00:00 N/A 04 25.5 31.3 16:47 19.6 05:32 0.0 7.2 0.0 0.0 0.0 00:00 N/A 05 25.1 30.1 17:14 20.6 07:05 0.0 6.8 0.0 0.0 0.0 00:00 N/A 06 22.8 25.9 16:33 19.2 12:09 0.0 4.5 0.8 0.1 156.1 11:53 68 07 24.5 30.3 15:49 17.8 05:43 0.0 6.1 0.0 0.0 0.0 00:00 N/A 08 26.5 32.8 16:52 20.5 04:24 0.0 8.2 0.0 0.0 0.0 00:00 N/A 09 27.8 34.9 16:23 21.0 04:38 0.0 9.5 0.0 0.0 0.0 00:00 N/A 10 29.9 35.7 17:14 22.9 06:34 0.0 11.6 0.0 0.0 0.0 00:00 N/A 11 30.5 36.0 16:15 24.6 06:18 0.0 12.1 0.0 0.0 0.0 00:00 N/A 12 28.8 32.9 17:49 24.3 06:08 0.0 10.4 0.0 0.0 0.0 00:00 N/A 13 25.0 30.3 19:00 20.4 05:49 0.0 6.7 0.0 0.0 156.1 01:20 N/A 14 25.3 29.9 14:50 20.2 07:54 0.0 7.0 17.0 0.2 156.1 06:54 112 15 27.6 33.1 14:48 22.0 06:05 0.0 9.3 0.0 0.0 0.0 00:00 N/A 16 28.5 34.3 16:53 21.4 06:11 0.0 10.2 0.0 0.0 0.0 00:00 N/A 17 29.6 35.1 18:12 23.3 06:24 0.0 11.2 0.0 0.0 0.0 00:00 N/A 18 29.9 35.5 15:57 23.7 06:26 0.0 11.5 0.0 0.0 0.0 00:00 N/A 19 30.1 35.2 15:36 25.1 06:19 0.0 11.7 0.0 0.0 0.0 00:00 N/A 20 28.0 33.5 16:55 21.7 05:55 0.0 9.7 0.0 0.0 0.0 00:00 N/A 21 26.0 30.1 17:25 21.0 12:27 0.0 7.6 0.0 0.0 0.0 00:00 N/A 22 24.8 30.4 16:08 20.1 05:22 0.0 6.5 0.0 0.0 0.0 00:00 N/A 23 26.3 31.3 15:56 21.2 05:46 0.0 8.0 0.0 0.0 0.0 00:00 N/A 24 24.8 29.7 15:08 20.2 06:13 0.0 6.5 0.0 0.0 0.0 00:00 N/A 25 23.9 28.2 15:32 19.3 05:59 0.0 5.5 4.3 0.3 156.1 04:56 45 26 23.8 29.7 17:09 17.8 05:57 0.0 5.5 0.0 0.2 156.1 00:00 270 27 22.6 28.9 17:25 16.4 06:14 0.0 4.3 0.0 0.0 0.0 00:00 N/A 28 24.2 30.1 16:37 17.5 06:09 0.0 5.9 0.0 0.0 0.0 00:00 N/A 29 26.2 31.2 16:47 21.1 04:18 0.0 7.9 0.0 0.0 0.0 00:00 N/A 30 26.1 32.6 18:40 19.9 06:12 0.0 7.8 0.0 0.8 156.1 02:04 22 31 26.9 32.2 17:05 22.0 06:32 0.0 8.6 0.0 0.0 0.0 00:00 N/A --------------------------------------------------------------------------------------- 26.5 36.0 11 16.4 27 0.0 245.9 22.1 0.0 156.1 06 37 Updated: 08/01/2023 12:00:00 AM