MONTHLY CLIMATOLOGICAL SUMMARY for Jun 2023 NAME: Castelnuovo Bocca d'Adda, Italia ELEV: 55 metri LAT: 45-06.60 N LONG: 009-52.14 E TEMPERATURE (°C), RAIN (mm), WIND SPEED (km/h) HEAT COOL AVG MEAN DEG DEG WIND DOM DAY TEMP HIGH TIME LOW TIME DAYS DAYS RAIN SPEED HIGH TIME DIR --------------------------------------------------------------------------------------- 01 23.0 28.3 17:06 17.5 06:24 0.0 4.7 0.0 0.0 0.0 00:00 N/A 02 23.0 29.6 15:43 17.6 05:44 0.0 4.6 0.0 0.0 0.0 00:00 N/A 03 21.1 26.4 15:23 16.9 06:03 0.0 2.8 1.5 0.0 157.7 03:32 N/A 04 20.1 25.7 14:13 16.1 23:08 0.0 1.7 6.4 0.3 157.7 17:50 90 05 18.2 21.7 17:08 15.8 02:45 0.2 0.0 3.3 0.0 156.1 00:00 N/A 06 20.4 27.3 14:31 16.2 05:55 0.0 2.1 0.0 0.2 156.1 04:45 112 07 20.8 25.9 14:25 16.6 23:36 0.0 2.5 0.0 0.0 0.0 00:00 N/A 08 22.9 28.9 12:53 16.1 01:58 0.0 4.6 0.0 0.0 0.0 00:00 N/A 09 23.3 28.9 15:51 17.8 06:28 0.0 4.9 0.0 0.0 0.0 00:00 N/A 10 22.3 27.3 17:26 18.8 07:30 0.0 4.0 0.3 0.1 156.1 05:46 270 11 24.1 29.8 16:05 18.2 05:46 0.0 5.8 0.0 0.0 0.0 00:00 N/A 12 23.6 29.4 18:19 18.2 05:21 0.0 5.3 1.3 0.1 156.1 00:54 68 13 21.5 24.8 17:33 18.1 06:21 0.0 3.2 0.0 0.0 0.0 00:00 N/A 14 21.5 26.1 19:11 18.7 06:21 0.0 3.2 0.3 0.3 156.1 11:20 68 15 23.1 28.0 15:54 16.9 05:35 0.0 4.8 0.0 0.0 0.0 00:00 N/A 16 24.3 30.7 17:59 17.3 05:45 0.0 5.9 0.0 0.0 0.0 00:00 N/A 17 24.4 31.6 18:21 16.9 05:34 0.0 6.0 0.0 0.0 0.0 00:00 N/A 18 24.8 31.8 16:13 18.8 06:57 0.0 6.4 0.0 0.0 0.0 00:00 N/A 19 25.8 32.9 18:34 19.5 05:07 0.0 7.4 0.0 0.0 0.0 00:00 N/A 20 26.2 31.9 15:28 19.6 06:55 0.0 7.9 0.0 0.0 0.0 00:00 N/A 21 26.9 33.1 17:18 20.9 05:49 0.0 8.5 0.0 0.0 0.0 00:00 N/A 22 27.4 35.1 15:06 21.6 06:08 0.0 9.1 0.0 0.0 0.0 00:00 N/A 23 24 25 26 27 28 29 30 --------------------------------------------------------------------------------------- 23.1 35.1 22 15.8 05 0.2 105.4 13.0 0.0 157.7 03 82 Updated: 06/22/2023 06:40:00 PM