MONTHLY CLIMATOLOGICAL SUMMARY for May 2023 NAME: Castelnuovo Bocca d'Adda, Italia ELEV: 55 metri LAT: 45-06.60 N LONG: 009-52.14 E TEMPERATURE (°C), RAIN (mm), WIND SPEED (km/h) HEAT COOL AVG MEAN DEG DEG WIND DOM DAY TEMP HIGH TIME LOW TIME DAYS DAYS RAIN SPEED HIGH TIME DIR --------------------------------------------------------------------------------------- 01 15.5 18.4 13:35 12.5 23:57 2.8 0.0 4.6 0.0 156.1 19:40 N/A 02 14.6 18.8 16:28 11.8 07:13 3.7 0.0 11.2 0.0 156.1 00:00 N/A 03 16.3 21.1 17:23 12.0 03:59 2.1 0.0 0.0 0.3 156.1 00:00 158 04 18.2 23.8 16:38 11.8 06:24 0.2 0.0 0.0 0.4 156.1 00:00 158 05 19.6 25.9 17:54 12.7 06:01 0.0 1.2 0.0 0.1 156.1 00:00 135 06 21.0 27.7 16:24 14.0 06:44 0.0 2.7 0.0 0.0 27.4 06:45 112 07 21.1 26.7 16:06 16.1 21:13 0.0 2.8 17.3 0.2 157.7 20:47 225 08 19.0 22.3 16:48 15.9 04:54 0.0 0.6 1.0 0.2 156.1 00:00 338 09 18.7 23.3 15:49 15.1 23:58 0.0 0.4 1.8 0.0 156.1 20:35 N/A 10 13.0 15.3 00:00 11.3 08:40 5.3 0.0 24.4 N/A 156.1 00:00 N/A 11 14.7 18.2 13:14 12.0 02:46 3.6 0.0 0.3 0.0 156.1 00:00 N/A 12 13.7 17.7 17:00 11.8 04:45 4.6 0.0 22.9 0.3 157.7 13:39 315 13 14.9 19.5 15:14 10.9 06:05 3.5 0.0 1.8 0.1 156.1 00:00 112 14 13.9 17.3 14:33 12.3 23:25 4.4 0.0 3.6 0.7 156.1 00:01 188 15 16.0 21.8 17:30 10.6 05:49 2.4 0.0 3.3 0.4 156.1 00:00 112 16 15.0 17.2 17:46 13.3 06:40 3.4 0.0 2.3 0.7 156.1 00:00 248 17 15.6 19.1 15:32 13.1 07:30 2.8 0.0 0.8 0.1 156.1 06:32 248 18 16.7 20.5 15:13 12.8 04:38 1.6 0.0 0.3 0.3 156.1 03:52 292 19 14.7 16.4 00:00 13.3 09:45 3.6 0.0 3.8 0.5 156.1 07:53 158 20 15.4 17.5 18:24 13.7 04:52 2.9 0.0 2.8 4.1 156.1 00:00 68 21 19.2 25.1 17:23 15.0 07:12 0.0 0.9 0.5 0.4 156.1 02:29 67 22 21.5 28.2 18:13 15.2 06:51 0.0 3.2 0.0 0.0 0.0 00:00 N/A 23 22.0 29.5 18:29 15.7 05:29 0.0 3.7 0.0 0.0 0.0 00:00 N/A 24 21.0 28.3 14:49 16.1 05:07 0.0 2.6 0.0 0.0 0.0 00:00 N/A 25 20.0 25.3 16:15 15.9 06:05 0.0 1.6 0.0 0.0 0.0 00:00 N/A 26 22.1 29.4 18:02 15.2 06:19 0.0 3.8 0.0 0.0 0.0 00:00 N/A 27 21.9 26.6 16:35 17.4 07:50 0.0 3.6 0.0 0.4 156.1 04:53 99 28 22.9 27.6 16:27 18.2 06:11 0.0 4.6 0.0 0.0 0.0 00:00 N/A 29 22.6 27.7 17:33 17.1 06:25 0.0 4.2 0.0 0.0 0.0 00:00 N/A 30 22.3 27.1 15:37 16.3 06:14 0.0 4.0 0.0 0.3 156.1 05:05 158 31 22.2 26.8 15:57 17.2 04:51 0.0 3.9 0.0 0.0 0.0 00:00 N/A --------------------------------------------------------------------------------------- 18.2 29.5 23 10.6 15 46.8 43.8 102.4 0.1 157.7 07 145 Updated: 06/01/2023 12:00:00 AM