MONTHLY CLIMATOLOGICAL SUMMARY for Mar 2023 NAME: Castelnuovo Bocca d'Adda, Italia ELEV: 55 metri LAT: 45-06.60 N LONG: 009-52.14 E TEMPERATURE (°C), RAIN (mm), WIND SPEED (km/h) HEAT COOL AVG MEAN DEG DEG WIND DOM DAY TEMP HIGH TIME LOW TIME DAYS DAYS RAIN SPEED HIGH TIME DIR --------------------------------------------------------------------------------------- 01 4.1 7.7 13:55 1.4 05:47 14.3 0.0 7.6 0.4 156.1 03:42 186 02 6.5 9.9 16:20 3.4 00:00 11.8 0.0 0.3 1.0 156.1 00:00 285 03 8.9 15.0 16:10 3.9 06:08 9.4 0.0 0.0 2.4 156.1 02:16 281 04 9.1 16.4 16:33 3.1 07:18 9.2 0.0 0.0 0.9 156.1 01:51 257 05 9.2 16.9 15:46 3.1 06:32 9.1 0.0 0.0 0.4 156.1 01:48 280 06 10.3 14.6 16:18 6.2 07:09 8.0 0.0 0.0 0.0 0.0 00:00 N/A 07 10.3 15.5 14:48 5.1 07:28 8.1 0.0 0.0 0.0 0.0 00:00 N/A 08 11.0 15.4 14:42 4.9 06:45 7.4 0.0 0.0 0.0 0.0 00:00 N/A 09 13.7 19.3 15:14 9.3 06:57 4.6 0.0 0.0 0.0 0.0 00:00 N/A 10 12.8 18.4 16:24 7.6 07:11 5.5 0.0 0.0 0.7 156.1 03:38 112 11 15.9 21.6 14:20 10.9 07:10 2.5 0.0 0.0 0.0 0.0 00:00 N/A 12 11.7 16.7 15:47 6.8 06:31 6.7 0.0 0.0 0.3 156.1 03:48 112 13 11.4 15.8 16:03 6.2 06:58 7.0 0.0 0.0 0.0 0.0 00:00 N/A 14 11.8 14.7 15:41 9.4 06:51 6.5 0.0 3.0 0.0 156.1 05:45 135 15 11.5 17.2 14:47 6.6 06:04 6.9 0.0 0.0 0.0 0.0 00:00 N/A 16 9.2 15.6 16:03 1.9 07:05 9.2 0.0 0.0 0.3 156.1 05:52 158 17 9.2 14.9 16:38 3.7 05:36 9.1 0.0 0.0 0.0 0.0 00:00 N/A 18 10.1 17.2 16:02 3.3 06:17 8.2 0.0 0.0 0.0 0.0 00:00 N/A 19 10.5 15.3 13:26 5.5 05:42 7.9 0.0 0.0 0.0 0.0 00:00 N/A 20 11.9 17.0 15:57 7.8 05:45 6.5 0.0 0.0 0.0 156.1 04:00 N/A 21 12.8 20.5 16:15 5.6 05:58 5.5 0.0 0.0 1.3 156.1 00:54 142 22 14.9 22.2 15:08 8.1 06:26 3.4 0.0 0.0 0.0 156.1 05:11 225 23 14.6 22.1 16:27 8.9 06:16 3.7 0.0 0.0 0.0 0.0 00:00 N/A 24 14.5 21.0 15:48 9.0 06:31 3.9 0.0 0.0 0.0 0.0 00:00 N/A 25 16.8 23.2 15:59 11.1 06:44 1.5 0.0 0.0 0.0 0.0 00:00 N/A 26 11.4 16.7 14:00 8.1 07:04 6.9 0.0 4.8 0.0 156.1 06:41 N/A 27 12.6 18.8 16:03 7.1 05:03 5.7 0.0 0.0 0.0 156.1 00:00 N/A 28 10.3 16.8 17:46 2.3 07:22 8.0 0.0 0.0 0.0 0.0 00:00 N/A 29 11.9 18.6 17:22 4.2 06:56 6.5 0.0 0.0 0.0 0.0 00:00 N/A 30 13.7 17.9 14:35 9.6 04:50 4.6 0.0 0.0 0.0 0.0 00:00 N/A 31 13.1 17.3 17:00 9.6 06:16 5.2 0.0 0.0 0.0 0.0 00:00 N/A --------------------------------------------------------------------------------------- 11.5 23.2 25 1.4 01 212.6 0.0 15.7 0.2 156.1 01 221 Updated: 04/01/2023 12:00:00 AM