MONTHLY CLIMATOLOGICAL SUMMARY for Jul 2022 NAME: Castelnuovo Bocca d'Adda, Italia ELEV: 55 metri LAT: 45-06.60 N LONG: 009-52.14 E TEMPERATURE (°C), RAIN (mm), WIND SPEED (km/h) HEAT COOL AVG MEAN DEG DEG WIND DOM DAY TEMP HIGH TIME LOW TIME DAYS DAYS RAIN SPEED HIGH TIME DIR --------------------------------------------------------------------------------------- 01 26.8 33.5 16:51 19.1 06:20 0.0 8.4 0.0 0.0 0.0 00:00 N/A 02 27.9 34.2 17:33 20.4 05:20 0.0 9.6 0.0 0.0 0.0 00:00 N/A 03 29.8 37.9 18:49 22.9 05:10 0.0 11.5 0.0 0.0 0.0 00:00 N/A 04 27.0 34.4 16:09 19.8 18:42 0.0 8.7 2.5 0.0 159.3 19:00 292 05 26.8 34.9 19:24 20.2 05:01 0.0 8.5 0.5 0.0 0.0 00:00 N/A 06 27.0 32.3 17:31 21.6 06:39 0.0 8.7 0.0 0.0 0.0 00:00 N/A 07 26.7 32.4 16:43 20.6 06:02 0.0 8.4 0.0 0.0 0.0 00:00 N/A 08 24.9 31.4 18:03 18.2 05:46 0.0 6.6 0.0 0.0 0.0 00:00 N/A 09 25.0 30.6 15:26 19.1 05:41 0.0 6.7 0.0 0.0 0.0 00:00 N/A 10 25.8 33.2 18:24 17.7 06:15 0.0 7.5 0.0 0.0 0.0 00:00 N/A 11 26.3 32.2 17:09 19.9 05:43 0.0 7.9 0.0 0.0 0.0 00:00 N/A 12 26.3 31.9 18:26 20.7 06:28 0.0 7.9 0.0 0.0 0.0 00:00 N/A 13 26.9 33.7 18:17 20.3 06:09 0.0 8.6 0.0 0.0 0.0 00:00 N/A 14 28.1 34.1 15:56 20.6 05:58 0.0 9.8 0.0 0.0 0.0 00:00 N/A 15 29.9 37.3 18:31 22.4 06:19 0.0 11.6 0.0 0.0 0.0 00:00 N/A 16 29.1 34.9 18:14 23.1 06:06 0.0 10.7 0.0 0.0 0.0 00:00 N/A 17 28.6 33.6 17:31 22.9 05:58 0.0 10.3 0.0 0.0 0.0 00:00 N/A 18 28.4 33.8 16:58 22.4 06:09 0.0 10.0 0.0 0.0 0.0 00:00 N/A 19 28.9 34.8 16:54 21.9 05:49 0.0 10.6 0.0 0.0 0.0 00:00 N/A 20 29.7 36.2 16:41 22.7 06:15 0.0 11.4 0.0 0.0 0.0 00:00 N/A 21 30.2 36.6 17:05 23.2 06:15 0.0 11.9 0.0 0.0 0.0 00:00 N/A 22 30.7 37.2 16:22 23.3 05:55 0.0 12.4 0.0 0.0 0.0 00:00 N/A 23 30.3 35.3 16:18 24.5 06:01 0.0 12.0 0.0 0.0 0.0 00:00 N/A 24 30.6 35.9 17:51 25.6 06:08 0.0 12.3 0.0 0.0 0.0 00:00 N/A 25 30.2 36.7 15:24 22.5 22:10 0.0 11.8 8.9 0.0 157.7 21:45 N/A 26 27.7 34.2 16:53 21.3 05:51 0.0 9.4 5.1 0.1 156.1 00:05 315 27 25.5 30.8 17:33 20.5 02:22 0.0 7.2 1.3 0.2 157.7 01:32 21 28 26.6 31.6 14:48 21.6 05:39 0.0 8.3 1.0 0.0 0.0 00:00 N/A 29 24.3 31.7 14:49 21.4 05:47 0.0 6.0 1.3 0.2 156.1 19:53 45 30 25.2 32.9 18:28 19.7 05:53 0.0 6.9 0.5 0.1 156.1 00:00 270 31 26.6 33.8 18:02 19.3 06:12 0.0 8.3 0.0 0.0 0.0 00:00 N/A --------------------------------------------------------------------------------------- 27.7 37.9 03 17.7 10 0.0 289.7 21.1 0.0 159.3 04 5 Updated: 08/01/2022 12:00:00 AM