MONTHLY CLIMATOLOGICAL SUMMARY for Jul 2021 NAME: Castelnuovo Bocca d'Adda, Italia ELEV: 55 metri LAT: 45-06.60 N LONG: 009-52.14 E TEMPERATURE (°C), RAIN (mm), WIND SPEED (km/h) HEAT COOL AVG MEAN DEG DEG WIND DOM DAY TEMP HIGH TIME LOW TIME DAYS DAYS RAIN SPEED HIGH TIME DIR --------------------------------------------------------------------------------------- 01 25.1 31.3 17:18 18.6 04:08 0.0 6.7 0.0 2.4 22.5 12:02 282 02 25.3 31.4 18:17 19.4 05:54 0.0 7.0 0.0 1.9 19.3 17:37 106 03 25.0 31.6 16:44 19.8 23:15 0.0 6.6 31.5 1.5 157.7 22:35 114 04 21.2 24.2 12:22 18.7 23:59 0.0 2.9 3.8 3.2 156.1 00:05 110 05 23.0 30.2 17:27 17.3 05:35 0.0 4.7 0.3 2.0 156.1 00:00 296 06 25.4 31.2 16:56 18.9 06:13 0.0 7.1 0.0 0.7 16.1 15:39 97 07 26.9 33.5 17:15 20.4 06:19 0.0 8.6 0.0 1.0 59.5 22:00 108 08 24.0 31.3 16:59 18.4 23:02 0.0 5.7 0.0 3.3 154.5 09:45 260 09 23.3 30.3 18:00 16.6 04:20 0.0 5.0 0.0 5.0 156.1 18:49 288 10 25.5 32.1 17:02 18.9 04:29 0.0 7.2 0.0 2.2 156.1 11:45 68 11 25.5 32.3 18:05 19.3 05:16 0.0 7.2 0.0 2.0 165.8 02:07 343 12 26.3 31.6 15:37 20.5 05:45 0.0 8.0 0.0 1.6 156.1 21:37 101 13 24.1 30.2 16:33 21.2 23:08 0.0 5.8 0.3 4.8 156.1 11:52 164 14 21.2 25.6 16:27 16.3 05:49 0.0 2.8 0.0 1.7 156.1 01:31 31 15 22.4 27.1 17:24 18.1 06:43 0.0 4.1 0.0 0.8 16.1 14:45 331 16 22.8 28.0 14:23 18.9 05:26 0.0 4.5 0.3 1.5 156.1 21:36 102 17 23.3 29.5 18:24 18.4 05:44 0.0 5.0 0.0 4.8 156.1 00:00 287 18 25.5 32.2 16:43 19.3 05:48 0.0 7.2 0.0 1.1 156.1 02:57 52 19 27.2 33.5 15:59 19.8 05:55 0.0 8.9 0.0 0.5 17.7 13:51 105 20 27.4 34.6 16:55 20.2 06:49 0.0 9.1 0.0 0.7 16.1 11:56 81 21 27.4 33.5 16:54 20.9 06:22 0.0 9.1 0.0 1.4 19.3 09:29 99 22 27.0 32.3 16:40 22.4 05:27 0.0 8.7 0.0 3.0 25.7 23:56 101 23 26.4 31.2 16:11 20.9 04:53 0.0 8.0 0.0 1.6 25.7 00:00 109 24 27.6 32.6 17:12 22.7 05:23 0.0 9.3 0.0 1.6 29.0 19:33 131 25 26.4 31.7 15:55 22.5 21:10 0.0 8.0 0.0 3.9 156.1 19:38 111 26 24.3 28.9 13:01 20.8 07:14 0.0 6.0 0.0 1.8 156.1 15:21 53 27 23.2 27.4 12:35 21.0 16:33 0.0 4.9 3.0 2.0 156.1 00:47 104 28 24.2 29.3 17:06 18.9 06:05 0.0 5.9 0.0 0.7 16.1 17:25 30 29 25.8 31.8 18:16 19.9 06:25 0.0 7.5 0.0 0.6 16.1 15:21 27 30 26.3 31.1 19:31 21.8 06:23 0.0 7.9 0.0 1.5 22.5 12:33 296 31 25.9 31.3 16:25 21.1 04:19 0.0 7.6 2.5 1.6 156.1 02:57 316 --------------------------------------------------------------------------------------- 25.0 34.6 20 16.3 14 0.0 206.8 41.7 2.0 165.8 11 86 Updated: 08/01/2021 12:00:00 AM