MONTHLY CLIMATOLOGICAL SUMMARY for Jun 2021 NAME: Castelnuovo Bocca d'Adda, Italia ELEV: 55 metri LAT: 45-06.60 N LONG: 009-52.14 E TEMPERATURE (°C), RAIN (mm), WIND SPEED (km/h) HEAT COOL AVG MEAN DEG DEG WIND DOM DAY TEMP HIGH TIME LOW TIME DAYS DAYS RAIN SPEED HIGH TIME DIR --------------------------------------------------------------------------------------- 01 20.5 26.4 17:16 14.4 06:10 0.0 2.2 0.0 1.5 133.6 12:40 118 02 20.9 25.7 13:12 15.6 04:55 0.0 2.6 0.0 1.9 22.5 08:57 137 03 23.0 29.2 17:23 16.9 05:41 0.0 4.7 0.0 1.2 57.9 18:55 254 04 24.5 31.1 16:40 17.4 05:17 0.0 6.1 0.0 1.4 127.1 23:00 295 05 23.6 28.9 14:25 19.1 05:58 0.0 5.3 0.3 0.7 156.1 19:46 277 06 22.3 27.8 15:02 18.6 23:35 0.0 3.9 0.0 2.2 156.1 20:35 175 07 20.6 26.9 15:26 17.5 23:45 0.0 2.3 17.5 1.0 162.5 17:41 90 08 21.3 26.6 16:17 17.5 00:00 0.0 2.9 0.0 1.4 157.7 00:15 168 09 22.3 29.4 14:44 16.7 05:53 0.0 4.0 0.5 2.2 156.1 10:48 264 10 23.5 29.2 16:21 17.8 05:48 0.0 5.2 0.0 0.9 40.2 16:35 122 11 23.2 29.1 15:57 18.9 07:01 0.0 4.8 1.8 1.7 156.1 06:18 104 12 24.6 31.3 17:05 17.0 06:23 0.0 6.2 0.0 0.7 156.1 11:00 277 13 27.2 34.8 17:27 19.4 05:46 0.0 8.9 0.0 2.0 156.1 14:40 290 14 25.6 30.8 17:51 19.9 06:03 0.0 7.2 0.0 3.9 24.1 23:23 111 15 25.2 30.3 16:43 21.0 06:18 0.0 6.8 0.0 3.5 24.1 12:21 110 16 24.6 29.7 14:32 19.1 05:25 0.0 6.3 0.0 1.4 38.6 14:34 107 17 26.8 33.0 16:09 20.7 06:28 0.0 8.5 0.0 0.6 16.1 13:50 235 18 27.1 32.9 16:31 21.2 06:18 0.0 8.8 0.0 1.6 17.7 17:51 295 19 26.0 31.7 15:50 19.4 05:51 0.0 7.7 0.0 2.0 20.9 14:02 286 20 25.9 31.2 14:47 20.3 05:47 0.0 7.6 0.0 1.0 17.7 15:48 192 21 26.9 33.1 16:17 21.1 05:58 0.0 8.6 0.0 2.0 32.2 18:49 218 22 25.7 32.2 17:23 18.3 05:47 0.0 7.4 0.0 2.2 25.7 19:23 206 23 24.4 30.9 15:14 19.1 06:07 0.0 6.1 1.5 0.9 156.1 17:02 7 24 24.4 31.2 14:09 18.9 06:14 0.0 6.1 0.0 3.0 35.4 16:56 242 25 23.9 29.7 16:46 17.6 06:13 0.0 5.5 0.0 3.2 22.5 10:47 281 26 25.3 31.4 17:45 18.1 06:15 0.0 7.0 0.0 0.6 19.3 11:00 87 27 26.7 32.6 16:22 20.1 05:23 0.0 8.4 0.0 0.7 16.1 13:16 102 28 27.3 33.2 17:34 20.9 03:43 0.0 8.9 0.0 3.9 24.1 22:16 107 29 26.8 32.3 13:49 20.5 06:10 0.0 8.4 0.0 4.7 45.1 15:23 215 30 25.1 30.8 17:29 18.6 05:57 0.0 6.8 0.0 1.8 24.1 17:56 327 --------------------------------------------------------------------------------------- 24.5 34.8 13 14.4 01 0.0 185.4 21.6 1.9 162.5 07 180 Updated: 07/01/2021 12:00:00 AM