MONTHLY CLIMATOLOGICAL SUMMARY for Aug 2019 NAME: Castelnuovo Bocca d'Adda, Italia ELEV: 55 metri LAT: 45-06.60 N LONG: 009-52.14 E TEMPERATURE (°C), RAIN (mm), WIND SPEED (km/h) HEAT COOL AVG MEAN DEG DEG WIND DOM DAY TEMP HIGH TIME LOW TIME DAYS DAYS RAIN SPEED HIGH TIME DIR --------------------------------------------------------------------------------------- 01 26.9 32.9 16:44 21.4 06:12 0.0 8.6 0.0 1.5 156.1 04:54 335 02 22.9 30.3 14:01 18.2 17:01 0.0 4.6 3.8 2.3 156.1 15:49 300 03 23.5 30.9 18:33 16.2 05:09 0.0 5.1 0.0 1.6 156.1 02:40 251 04 25.0 31.7 18:03 18.7 06:39 0.0 6.6 0.0 1.6 19.3 09:30 117 05 26.3 32.5 16:36 20.6 06:29 0.0 8.0 0.0 0.8 14.5 14:30 93 06 26.6 32.6 16:43 21.3 06:22 0.0 8.3 0.0 1.8 19.3 23:11 11 07 24.5 29.8 17:27 20.8 06:23 0.0 6.2 0.3 4.3 156.1 19:25 96 08 25.4 31.4 17:04 20.6 05:58 0.0 7.1 0.0 0.7 14.5 15:42 294 09 27.3 33.0 16:08 21.6 06:07 0.0 9.0 0.0 0.9 16.1 16:47 56 10 28.7 34.3 16:10 24.1 06:31 0.0 10.4 0.0 1.5 19.3 21:43 325 11 28.1 33.6 16:03 21.6 06:16 0.0 9.8 0.0 4.0 24.1 15:31 113 12 25.2 28.9 14:31 21.1 23:32 0.0 6.8 0.3 3.4 156.1 11:35 88 13 24.4 28.9 14:48 20.7 07:00 0.0 6.1 0.0 4.5 22.5 09:48 287 14 23.6 29.1 16:14 18.2 06:11 0.0 5.3 0.0 2.9 27.4 09:43 141 15 23.6 29.5 16:53 17.3 06:48 0.0 5.2 0.0 1.5 19.3 15:37 106 16 23.7 29.3 15:43 18.2 06:45 0.0 5.4 0.0 2.5 30.6 04:17 106 17 24.2 30.3 17:45 17.9 06:01 0.0 5.9 0.0 1.0 16.1 14:29 41 18 25.5 31.3 17:30 19.2 06:19 0.0 7.1 0.0 1.3 16.1 14:22 293 19 26.2 31.1 17:09 20.3 06:36 0.0 7.8 0.0 1.5 19.3 13:40 360 20 26.6 32.2 17:39 21.6 06:39 0.0 8.3 0.0 1.1 17.7 12:34 103 21 26.4 32.8 17:12 21.3 06:37 0.0 8.1 0.0 3.3 30.6 23:46 293 22 25.3 29.7 15:34 21.8 05:03 0.0 7.0 0.0 2.2 24.1 00:09 119 23 23.6 27.3 18:05 20.5 05:44 0.0 5.3 0.0 0.6 19.3 11:30 148 24 25.5 31.0 15:49 20.2 07:07 0.0 7.1 0.0 1.2 35.4 23:00 59 25 25.0 31.6 16:56 18.9 07:06 0.0 6.6 5.3 1.1 156.1 00:36 71 26 26.4 32.2 14:42 21.1 06:11 0.0 8.1 0.0 0.8 16.1 15:12 116 27 26.4 32.3 15:44 20.4 05:45 0.0 8.0 0.0 1.2 17.7 14:49 96 28 23.7 25.9 10:33 21.1 23:25 0.0 5.3 0.0 5.7 35.4 15:24 289 29 24.8 32.3 17:37 18.7 06:30 0.0 6.5 0.0 4.2 20.9 11:09 295 30 26.5 33.6 16:15 20.2 07:04 0.0 8.2 0.0 1.3 16.1 08:12 58 31 26.2 32.4 15:01 21.2 05:05 0.0 7.9 0.0 2.4 27.4 17:14 66 --------------------------------------------------------------------------------------- 25.4 34.3 10 16.2 03 0.0 219.7 9.7 2.1 156.1 01 53 Updated: 09/01/2019 12:00:00 AM