MONTHLY CLIMATOLOGICAL SUMMARY for Apr 2019 NAME: Castelnuovo Bocca d'Adda, Italia ELEV: 55 metri LAT: 45-06.60 N LONG: 009-52.14 E TEMPERATURE (°C), RAIN (mm), WIND SPEED (km/h) HEAT COOL AVG MEAN DEG DEG WIND DOM DAY TEMP HIGH TIME LOW TIME DAYS DAYS RAIN SPEED HIGH TIME DIR --------------------------------------------------------------------------------------- 01 14.3 22.9 16:51 5.8 07:10 4.0 0.0 0.0 2.0 27.4 12:59 113 02 15.1 21.6 14:29 8.3 07:45 3.3 0.0 0.0 3.4 156.1 06:33 129 03 12.9 16.1 10:59 9.9 08:04 5.4 0.0 1.3 1.6 156.1 12:10 215 04 10.3 11.7 00:00 7.8 23:12 8.1 0.0 29.0 53.1 156.1 07:49 338 05 11.4 16.6 17:48 7.8 00:00 7.0 0.0 0.3 57.9 157.7 17:20 113 06 12.1 15.3 14:37 9.9 05:06 6.2 0.0 0.0 8.4 156.1 00:00 135 07 11.0 13.7 15:13 8.5 23:19 7.4 0.0 0.0 9.3 156.1 00:21 296 08 12.4 18.9 18:05 6.2 06:51 5.9 0.0 0.0 27.6 156.1 00:21 92 09 13.7 19.4 16:22 8.9 07:22 4.7 0.0 0.0 17.4 156.1 00:00 195 10 13.4 19.1 18:05 8.9 07:13 4.9 0.0 0.3 31.6 156.1 00:01 290 11 11.8 13.3 18:30 10.6 09:56 6.5 0.0 20.1 29.1 157.7 17:30 63 12 12.7 16.6 15:47 10.4 02:25 5.7 0.0 2.8 26.4 156.1 00:22 69 13 11.3 14.5 14:53 9.1 06:42 7.0 0.0 1.0 51.5 156.1 00:00 112 14 8.7 10.4 00:00 7.6 05:32 9.6 0.0 0.8 27.8 156.1 00:19 317 15 12.7 18.1 14:58 8.2 06:50 5.6 0.0 0.8 12.5 156.1 00:00 147 16 13.6 20.2 17:32 6.4 05:36 4.8 0.0 0.3 58.9 156.1 00:00 124 17 15.1 22.3 17:30 8.3 07:05 3.2 0.0 0.5 43.0 156.1 00:00 151 18 15.1 21.1 16:42 8.7 05:53 3.2 0.0 0.0 8.1 156.1 00:00 135 19 15.6 21.3 16:29 8.7 06:35 2.8 0.0 0.3 20.4 156.1 00:00 125 20 16.3 23.2 16:03 8.7 05:52 2.0 0.0 0.0 10.2 156.1 00:00 124 21 16.9 22.9 13:22 10.6 06:04 1.4 0.0 0.0 3.4 156.1 08:27 116 22 15.2 19.4 14:28 11.8 06:19 3.1 0.0 2.3 18.4 156.1 08:08 116 23 12.9 13.7 23:41 12.0 06:11 5.4 0.0 11.7 N/A 154.5 13:24 90 24 15.9 18.9 11:25 13.2 06:40 2.4 0.0 0.8 56.1 157.7 10:13 152 25 14.6 17.9 15:01 10.9 06:57 3.7 0.0 0.5 42.3 156.1 00:00 91 26 15.8 21.9 14:53 12.0 23:58 2.6 0.0 0.5 0.0 156.1 00:02 90 27 15.5 22.1 16:21 9.4 05:08 2.9 0.0 0.5 41.0 156.1 00:00 270 28 13.6 18.2 13:52 9.9 06:12 4.8 0.0 0.3 49.4 157.7 02:41 211 29 10.7 15.4 18:28 8.2 06:32 7.6 0.0 0.0 11.0 156.1 00:34 202 30 14.9 23.2 19:15 6.6 05:52 3.4 0.0 0.3 17.9 156.1 00:00 222 --------------------------------------------------------------------------------------- 13.5 23.2 20 5.8 01 144.7 0.0 73.9 8.9 157.7 05 125 Updated: 05/01/2019 12:00:00 AM