MONTHLY CLIMATOLOGICAL SUMMARY for Dec 2018 NAME: Castelnuovo Bocca d'Adda, Italia ELEV: 55 metri LAT: 45-06.60 N LONG: 009-52.14 E TEMPERATURE (°C), RAIN (mm), WIND SPEED (km/h) HEAT COOL AVG MEAN DEG DEG WIND DOM DAY TEMP HIGH TIME LOW TIME DAYS DAYS RAIN SPEED HIGH TIME DIR --------------------------------------------------------------------------------------- 01 2.5 6.1 15:54 -1.3 07:53 15.9 0.0 0.0 9.9 156.1 00:00 314 02 3.5 5.7 19:13 0.9 04:45 14.8 0.0 0.0 31.0 156.1 00:00 294 03 6.8 10.3 14:28 5.3 22:21 11.6 0.0 0.0 17.8 156.1 00:00 256 04 5.8 10.6 15:20 2.3 08:33 12.5 0.0 0.0 17.3 156.1 00:00 195 05 3.8 7.3 15:13 -0.1 06:11 14.6 0.0 0.0 19.3 157.7 08:09 272 06 6.5 9.5 14:52 2.8 23:27 11.8 0.0 0.3 43.5 156.1 00:00 335 07 4.3 6.2 20:44 2.1 04:36 14.0 0.0 0.0 35.9 156.1 00:00 311 08 9.5 14.3 14:20 5.9 00:14 8.9 0.0 0.0 36.9 156.1 00:00 274 09 5.5 9.7 22:19 1.3 06:49 12.8 0.0 0.0 6.6 157.7 06:44 68 10 9.9 14.3 13:54 6.2 23:59 8.4 0.0 0.0 43.4 156.1 19:35 276 11 5.8 10.3 14:39 1.3 23:46 12.5 0.0 0.0 21.5 156.1 02:23 268 12 2.4 6.1 13:34 -0.6 06:19 15.9 0.0 0.0 15.3 156.1 00:00 250 13 1.8 3.8 15:12 -0.1 07:32 16.6 0.0 0.0 7.7 156.1 00:07 234 14 1.3 6.0 14:07 -3.2 08:31 17.1 0.0 35.6 27.0 156.1 00:00 123 15 0.1 4.5 15:20 -2.8 06:29 18.2 0.0 0.3 10.8 156.1 00:00 203 16 0.4 1.4 15:49 -1.6 00:05 18.0 0.0 0.3 48.1 156.1 00:00 323 17 1.5 4.9 15:11 -0.4 23:50 16.8 0.0 1.0 25.7 156.1 00:00 224 18 -0.6 0.1 00:13 -1.4 05:24 18.9 0.0 0.0 46.7 156.1 00:00 295 19 0.9 2.0 22:43 -0.6 00:31 17.4 0.0 2.5 42.2 156.1 00:00 287 20 1.9 3.7 14:47 0.1 01:45 16.4 0.0 5.1 48.8 156.1 00:00 306 21 2.3 4.6 14:33 -0.1 05:39 16.0 0.0 0.0 N/A 156.1 00:00 90 22 4.8 7.4 16:14 3.3 23:31 13.5 0.0 0.0 19.4 156.1 01:09 303 23 3.9 4.7 12:52 3.1 03:43 14.4 0.0 0.3 13.7 156.1 00:00 85 24 4.2 7.7 14:45 2.2 07:36 14.2 0.0 0.0 39.0 156.1 00:00 64 25 2.6 6.1 15:06 0.6 08:36 15.7 0.0 0.3 32.2 157.7 00:50 180 26 0.8 1.8 01:48 -0.4 22:56 17.5 0.0 0.3 47.7 156.1 00:00 112 27 0.3 1.9 16:33 -0.9 05:52 18.0 0.0 0.0 48.9 156.1 00:00 289 28 2.9 8.6 15:32 -0.9 03:24 15.5 0.0 0.3 15.6 157.7 14:14 270 29 4.3 10.4 15:24 -1.1 09:02 14.1 0.0 0.0 33.3 156.1 00:00 207 30 4.6 9.7 14:50 0.6 02:13 13.8 0.0 0.3 30.0 156.1 00:00 71 31 3.8 9.7 14:43 -0.3 06:21 14.5 0.0 0.3 29.3 156.1 00:00 162 --------------------------------------------------------------------------------------- 3.5 14.3 08 -3.2 14 460.2 0.0 46.5 20.0 157.7 05 264 Updated: 01/01/19 00:00:00