MONTHLY CLIMATOLOGICAL SUMMARY for Dec 2017 NAME: Castelnuovo Bocca d'Adda, Italia ELEV: 55 metri LAT: 45-06.60 N LONG: 009-52.14 E TEMPERATURE (°C), RAIN (mm), WIND SPEED (km/h) HEAT COOL AVG MEAN DEG DEG WIND DOM DAY TEMP HIGH TIME LOW TIME DAYS DAYS RAIN SPEED HIGH TIME DIR --------------------------------------------------------------------------------------- 01 2.6 5.7 14:40 0.2 06:35 15.7 0.0 0.3 2.3 59.5 10:50 102 02 4.1 6.3 15:20 2.2 03:45 14.3 0.0 0.0 4.4 45.1 09:55 119 03 2.3 6.4 15:55 -0.7 09:05 16.0 0.0 0.0 3.0 56.3 22:50 267 04 2.1 7.8 15:35 -1.5 08:00 16.3 0.0 0.3 4.0 51.5 01:15 282 05 3.3 9.2 16:10 -1.1 09:10 15.0 0.0 0.0 1.2 14.5 01:20 241 06 3.4 9.2 16:40 -0.7 08:15 14.9 0.0 0.0 3.6 51.5 09:35 265 07 3.7 7.1 15:50 0.4 08:50 14.7 0.0 0.3 2.2 14.5 05:35 266 08 3.8 5.3 15:15 1.9 09:55 14.5 0.0 0.0 2.9 62.8 06:10 287 09 5.0 8.9 15:25 0.9 23:55 13.4 0.0 0.0 12.1 38.6 04:50 291 10 -0.7 1.1 00:05 -1.8 06:15 19.0 0.0 0.0 1.7 17.7 15:10 292 11 0.0 0.4 14:50 -0.9 00:05 18.3 0.0 26.4 0.0 4.8 23:05 248 12 1.2 2.9 14:35 0.2 00:30 17.1 0.0 5.8 0.6 35.4 18:10 329 13 2.9 7.3 15:25 0.4 04:50 15.4 0.0 0.8 2.4 45.1 06:15 286 14 3.7 8.0 16:30 1.0 01:35 14.7 0.0 0.0 4.0 22.5 00:30 296 15 2.2 3.9 17:15 -0.2 06:10 16.1 0.0 0.0 2.2 62.8 23:00 297 16 2.5 6.6 15:55 -1.2 04:50 15.8 0.0 0.3 2.0 61.2 08:00 277 17 2.1 7.3 16:55 -1.4 09:40 16.3 0.0 0.0 1.5 16.1 00:05 271 18 0.8 3.3 16:55 -1.4 08:55 17.5 0.0 0.3 2.5 17.7 15:30 283 19 0.1 4.5 15:55 -2.4 08:40 18.2 0.0 0.0 3.1 49.9 04:50 287 20 0.2 4.2 16:05 -2.3 08:20 18.2 0.0 0.0 2.7 51.5 00:55 277 21 0.0 4.5 16:40 -3.7 08:55 18.3 0.0 0.0 1.8 49.9 10:05 269 22 0.8 2.7 15:30 -1.4 08:55 17.5 0.0 0.0 2.7 22.5 02:40 279 23 2.3 7.7 16:10 -1.1 08:35 16.0 0.0 0.0 3.9 57.9 06:30 269 24 3.3 9.1 16:25 -0.7 09:00 15.0 0.0 0.0 1.9 46.7 19:10 256 25 3.7 7.7 16:00 -0.1 09:40 14.6 0.0 0.3 0.7 59.5 10:55 284 26 4.6 5.5 15:40 3.6 06:35 13.7 0.0 5.1 1.2 62.8 14:20 99 27 4.6 7.5 15:10 2.5 21:50 13.7 0.0 6.1 0.0 0.0 00:05 90 28 4.8 8.7 16:10 2.7 03:30 13.5 0.0 1.3 2.8 62.8 06:25 269 29 3.5 7.8 15:30 1.0 23:15 14.8 0.0 0.0 6.8 22.5 07:25 272 30 3.0 7.3 16:35 0.9 07:00 15.3 0.0 0.0 3.9 19.3 09:35 279 31 2.3 4.3 16:30 -0.6 06:40 16.0 0.0 0.0 1.0 8.0 01:25 252 --------------------------------------------------------------------------------------- 2.5 9.2 05 -3.7 21 490.0 0.0 47.0 2.7 62.8 08 278 Updated: 10/17/18 13:15:00