MONTHLY CLIMATOLOGICAL SUMMARY for Nov 2017 NAME: Castelnuovo Bocca d'Adda, Italia ELEV: 55 metri LAT: 45-06.60 N LONG: 009-52.14 E TEMPERATURE (°C), RAIN (mm), WIND SPEED (km/h) HEAT COOL AVG MEAN DEG DEG WIND DOM DAY TEMP HIGH TIME LOW TIME DAYS DAYS RAIN SPEED HIGH TIME DIR --------------------------------------------------------------------------------------- 01 10.3 17.5 16:00 4.8 07:55 8.0 0.0 0.3 1.4 57.9 00:55 105 02 10.5 16.4 16:15 5.4 07:50 7.8 0.0 0.0 0.8 37.0 00:30 286 03 13.4 18.4 15:30 9.3 08:35 5.0 0.0 0.0 2.1 61.2 06:05 182 04 12.3 13.7 14:25 11.1 23:35 6.0 0.0 0.0 1.8 61.2 23:40 257 05 12.0 13.4 18:45 8.8 23:30 6.3 0.0 30.2 2.2 56.3 14:40 122 06 9.0 10.2 15:50 7.8 07:35 9.3 0.0 9.7 3.6 62.8 11:25 280 07 9.4 10.4 17:15 8.6 06:40 8.9 0.0 12.4 0.5 53.1 02:00 304 08 10.2 14.0 12:50 8.5 05:25 8.2 0.0 2.0 2.4 56.3 05:30 91 09 9.7 10.7 17:20 9.1 05:30 8.6 0.0 7.4 0.2 54.7 17:00 90 10 9.6 13.1 15:20 6.2 08:25 8.7 0.0 0.3 1.1 33.8 23:50 254 11 7.0 8.8 00:15 4.6 08:50 11.3 0.0 0.5 1.2 61.2 20:25 9 12 7.3 8.6 20:25 6.0 09:40 11.0 0.0 1.0 0.8 61.2 08:45 98 13 7.5 9.1 16:50 6.2 07:05 10.9 0.0 4.1 3.5 25.7 08:10 158 14 8.1 13.3 15:15 5.2 00:00 10.2 0.0 0.0 1.7 14.5 09:45 179 15 6.5 12.8 16:20 1.8 08:30 11.8 0.0 0.0 0.8 51.5 09:00 316 16 8.9 14.4 16:45 6.0 23:55 9.4 0.0 0.0 1.2 11.3 11:50 261 17 7.2 13.0 16:15 2.9 08:30 11.2 0.0 0.0 2.0 14.5 11:05 299 18 7.0 13.3 15:00 2.5 08:05 11.3 0.0 0.3 1.4 57.9 01:30 288 19 7.0 13.4 15:50 2.2 08:05 11.3 0.0 0.3 4.0 33.8 02:40 280 20 4.6 9.9 16:20 -0.4 09:20 13.7 0.0 0.3 1.5 59.5 22:50 7 21 5.8 13.2 16:10 -0.1 08:10 12.5 0.0 0.3 2.3 59.5 02:30 264 22 6.6 9.4 17:30 2.2 08:50 11.8 0.0 0.0 0.5 43.5 04:10 81 23 9.2 11.4 16:05 7.8 05:00 9.1 0.0 0.0 1.7 14.5 12:55 275 24 9.2 10.1 13:35 8.8 06:15 9.1 0.0 0.3 1.4 54.7 23:40 279 25 8.7 9.2 00:10 8.2 14:00 9.7 0.0 3.3 0.3 46.7 09:00 315 26 7.2 9.9 13:25 3.2 23:55 11.2 0.0 0.0 6.7 51.5 22:55 228 27 3.6 9.0 16:40 -0.1 07:55 14.7 0.0 0.3 2.3 48.3 06:30 280 28 2.1 3.3 22:10 0.1 05:35 16.2 0.0 1.0 0.7 19.3 17:25 256 29 3.1 3.5 23:40 2.5 10:30 15.3 0.0 1.3 1.6 56.3 08:20 287 30 4.8 9.8 15:45 1.8 22:55 13.5 0.0 0.0 6.1 24.1 05:20 285 --------------------------------------------------------------------------------------- 7.9 18.4 03 -0.4 20 312.1 0.0 74.9 1.9 62.8 06 269 Updated: 10/17/18 13:15:00