MONTHLY CLIMATOLOGICAL SUMMARY for Sep 2015 NAME: Castelnuovo Bocca d'Adda, Italia ELEV: 55 metri LAT: 45-06.60 N LONG: 009-52.14 E TEMPERATURE (°C), RAIN (mm), WIND SPEED (km/h) HEAT COOL AVG MEAN DEG DEG WIND DOM DAY TEMP HIGH TIME LOW TIME DAYS DAYS RAIN SPEED HIGH TIME DIR --------------------------------------------------------------------------------------- 01 25.3 31.2 15:25 17.9 08:45 0.0 7.0 0.0 2.5 16.1 15:30 291 02 24.6 30.2 17:20 19.9 09:35 0.0 6.2 0.0 2.8 22.5 19:15 57 03 22.9 27.9 18:05 18.2 08:55 0.0 4.6 0.0 3.4 30.6 20:10 214 04 22.7 28.7 16:05 17.3 09:10 0.0 4.4 0.0 2.9 20.9 17:00 356 05 20.9 23.3 00:35 17.3 09:20 0.0 2.6 0.3 5.1 37.0 09:25 303 06 18.9 25.8 19:40 11.7 08:55 0.0 0.5 0.0 1.6 19.3 14:50 101 07 19.2 25.9 18:20 12.6 08:45 0.0 0.8 0.0 2.7 22.5 12:45 107 08 19.7 25.7 18:10 14.0 09:00 0.0 1.4 0.0 4.8 20.9 11:55 90 09 19.1 24.9 19:20 13.3 09:20 0.0 0.7 0.0 4.5 27.4 15:10 101 10 19.2 24.1 19:40 14.8 08:30 0.0 0.8 0.0 4.9 24.1 14:10 104 11 18.6 23.4 16:55 14.8 05:15 0.0 0.3 0.8 3.7 24.1 04:25 77 12 20.2 26.1 17:30 14.8 09:20 0.0 1.8 0.0 1.9 17.7 17:15 290 13 18.6 21.4 19:20 14.9 09:00 0.0 0.2 6.1 3.7 30.6 12:30 228 14 20.6 27.1 19:15 17.1 04:05 0.0 2.3 16.0 1.3 24.1 12:00 74 15 22.6 26.6 18:00 19.2 08:10 0.0 4.3 0.0 4.8 24.1 09:15 141 16 21.6 27.6 18:55 17.8 10:05 0.0 3.3 0.0 3.8 27.4 13:50 102 17 22.5 30.6 18:00 16.2 09:40 0.0 4.1 0.0 6.5 40.2 18:20 129 18 24.3 29.1 17:25 21.0 09:15 0.0 5.9 0.0 5.9 33.8 18:25 181 19 20.7 27.4 19:50 15.0 09:35 0.0 2.3 0.0 3.8 32.2 23:35 242 20 20.5 26.6 20:15 15.3 09:20 0.0 2.2 0.0 4.6 32.2 00:10 253 21 19.7 26.4 19:25 13.3 09:30 0.0 1.4 0.0 2.0 19.3 12:25 81 22 18.9 22.8 18:10 15.1 09:35 0.0 0.6 0.0 3.8 19.3 15:40 89 23 16.5 19.6 00:05 12.6 22:10 1.9 0.0 0.0 10.6 37.0 12:55 193 24 15.2 21.4 17:00 10.8 08:45 3.1 0.0 0.0 2.7 17.7 11:25 222 25 18.5 26.0 18:45 12.5 08:50 0.0 0.1 0.0 3.8 19.3 12:00 220 26 19.1 24.8 18:00 14.8 09:15 0.0 0.8 0.0 4.8 27.4 19:00 95 27 18.1 21.3 18:45 16.1 10:15 0.2 0.0 0.0 6.8 29.0 08:55 93 28 17.1 20.6 18:25 14.2 09:35 1.3 0.0 0.0 5.9 27.4 13:50 105 29 16.0 19.7 17:40 13.3 08:10 2.3 0.0 0.0 5.3 29.0 12:10 85 30 14.7 19.7 15:35 9.0 09:25 3.6 0.0 0.0 6.4 29.0 13:55 92 --------------------------------------------------------------------------------------- 19.9 31.2 01 9.0 30 12.4 58.7 23.1 4.2 40.2 17 113 Updated: 10/17/18 13:15:00