MONTHLY CLIMATOLOGICAL SUMMARY for Aug 2015 NAME: Castelnuovo Bocca d'Adda, Italia ELEV: 55 metri LAT: 45-06.60 N LONG: 009-52.14 E TEMPERATURE (°C), RAIN (mm), WIND SPEED (km/h) HEAT COOL AVG MEAN DEG DEG WIND DOM DAY TEMP HIGH TIME LOW TIME DAYS DAYS RAIN SPEED HIGH TIME DIR --------------------------------------------------------------------------------------- 01 20.3 23.3 00:05 18.6 23:55 0.0 1.9 0.0 7.0 59.5 17:30 83 02 22.5 29.2 18:15 17.8 09:10 0.0 4.2 0.0 2.5 16.1 10:50 217 03 25.6 32.4 19:35 19.1 08:30 0.0 7.3 0.0 2.5 61.2 06:05 27 04 26.7 32.1 15:45 20.6 08:10 0.0 8.4 0.0 2.3 59.5 07:05 283 05 28.5 34.6 19:20 21.6 08:10 0.0 10.1 0.0 2.5 30.6 08:15 82 06 29.4 36.2 19:40 22.8 07:25 0.0 11.1 0.0 1.5 66.0 07:20 63 07 29.6 36.4 18:25 22.6 08:50 0.0 11.2 0.0 1.8 19.3 15:25 89 08 29.8 36.6 18:00 22.7 08:40 0.0 11.4 0.0 3.0 35.4 08:00 82 09 28.2 34.7 16:50 22.9 08:55 0.0 9.9 0.0 4.5 27.4 18:15 91 10 22.2 26.8 00:05 19.9 10:55 0.0 3.8 24.1 3.7 29.0 04:10 258 11 25.6 32.9 19:00 19.9 08:05 0.0 7.3 0.5 3.0 59.5 00:50 256 12 27.2 34.7 19:10 20.5 07:40 0.0 8.8 0.0 3.0 20.9 10:40 260 13 28.0 35.1 17:10 21.8 08:05 0.0 9.7 0.0 2.9 20.9 17:35 124 14 26.2 29.6 15:35 22.3 07:25 0.0 7.9 0.0 2.9 20.9 15:55 276 15 23.1 27.6 18:55 19.1 08:40 0.0 4.8 0.0 4.4 20.9 02:50 263 16 21.3 26.4 19:15 17.6 06:50 0.0 2.9 0.0 7.1 30.6 01:40 272 17 22.6 30.3 19:05 17.8 08:15 0.0 4.3 0.0 3.6 22.5 20:40 237 18 22.1 28.3 16:20 17.9 08:10 0.0 3.8 5.6 2.1 41.8 19:25 237 19 21.0 25.4 20:20 17.9 09:30 0.0 2.6 0.0 3.2 20.9 06:35 93 20 22.3 29.3 18:55 16.4 08:10 0.0 4.0 0.0 1.9 19.3 15:20 240 21 22.3 27.3 19:05 17.8 06:55 0.0 3.9 0.0 6.7 29.0 03:00 96 22 22.3 28.3 18:40 16.4 08:35 0.0 4.0 0.0 4.0 19.3 16:15 91 23 21.5 25.3 15:20 17.4 06:50 0.0 3.1 0.0 4.1 20.9 14:05 86 24 20.4 23.3 14:55 18.3 04:45 0.0 2.1 8.6 3.5 57.9 11:00 77 25 21.7 27.2 20:40 18.3 05:40 0.0 3.4 3.8 0.9 14.5 18:30 334 26 23.6 29.9 19:25 18.4 08:10 0.0 5.2 0.3 2.2 19.3 13:50 136 27 24.4 31.1 20:35 18.5 08:45 0.0 6.0 0.0 2.0 14.5 10:25 299 28 25.5 31.8 20:00 19.7 08:40 0.0 7.2 0.0 2.7 16.1 11:15 276 29 26.5 34.1 19:00 20.2 08:55 0.0 8.2 0.0 1.7 16.1 17:35 271 30 27.0 34.2 19:00 20.7 09:05 0.0 8.7 0.0 2.3 16.1 11:25 288 31 27.0 33.6 19:55 21.1 08:55 0.0 8.7 0.0 3.5 19.3 14:50 275 --------------------------------------------------------------------------------------- 24.7 36.6 08 16.4 20 0.0 195.9 42.9 3.2 66.0 06 145 Updated: 10/17/18 13:15:00