MONTHLY CLIMATOLOGICAL SUMMARY for Mar 2015 NAME: Castelnuovo Bocca d'Adda, Italia ELEV: 55 metri LAT: 45-06.60 N LONG: 009-52.14 E TEMPERATURE (°C), RAIN (mm), WIND SPEED (km/h) HEAT COOL AVG MEAN DEG DEG WIND DOM DAY TEMP HIGH TIME LOW TIME DAYS DAYS RAIN SPEED HIGH TIME DIR --------------------------------------------------------------------------------------- 01 7.5 13.3 16:00 3.2 08:20 10.8 0.0 0.0 2.3 16.1 12:55 298 02 9.7 12.6 16:05 7.8 06:35 8.7 0.0 0.0 4.1 20.9 17:55 279 03 9.5 13.9 16:30 4.4 08:40 8.8 0.0 0.0 7.0 25.7 12:40 175 04 7.4 11.6 15:35 3.9 02:45 10.9 0.0 2.8 1.5 53.1 23:15 326 05 9.1 13.9 16:10 4.5 08:25 9.3 0.0 2.5 9.9 53.1 01:05 80 06 8.8 13.4 17:10 4.0 08:15 9.6 0.0 0.0 4.7 40.2 01:55 106 07 7.5 12.2 16:55 3.1 05:25 10.8 0.0 0.0 3.5 20.9 12:00 117 08 7.4 13.3 16:25 1.3 07:50 11.0 0.0 0.0 1.7 20.9 11:50 156 09 6.8 11.7 16:10 1.9 08:05 11.5 0.0 0.0 2.3 24.1 13:45 120 10 8.8 16.1 16:55 2.7 07:30 9.5 0.0 0.0 2.6 16.1 11:15 275 11 10.8 18.2 17:15 5.2 08:05 7.6 0.0 0.0 4.1 22.5 23:45 209 12 9.9 15.3 15:40 3.8 07:35 8.5 0.0 0.0 3.3 22.5 00:05 135 13 8.7 15.5 15:45 2.5 06:15 9.6 0.0 0.0 3.2 32.2 21:25 106 14 8.8 13.7 15:40 4.2 07:40 9.6 0.0 0.0 4.9 24.1 13:45 114 15 8.7 12.8 15:05 4.6 07:25 9.7 0.0 1.3 11.5 61.2 23:50 124 16 8.0 8.9 11:45 7.3 22:10 10.3 0.0 7.6 13.4 62.8 13:30 111 17 8.8 11.6 18:15 7.1 04:35 9.5 0.0 12.4 2.0 24.1 10:30 273 18 9.8 15.4 16:00 3.6 08:10 8.5 0.0 0.3 3.2 56.3 06:00 140 19 10.6 16.1 15:20 5.1 07:45 7.7 0.0 0.0 2.7 19.3 16:15 127 20 10.6 15.5 16:30 5.7 05:30 7.7 0.0 0.0 1.9 16.1 14:30 113 21 10.4 14.6 13:55 7.3 05:25 7.9 0.0 0.3 2.8 19.3 22:20 114 22 9.2 12.0 16:40 7.1 05:55 9.2 0.0 3.8 4.1 38.6 14:05 116 23 10.8 16.1 17:00 5.5 08:45 7.6 0.0 0.3 3.7 20.9 14:10 237 24 12.3 15.2 16:50 9.2 07:50 6.1 0.0 0.3 5.0 25.7 11:40 121 25 10.9 12.9 10:25 9.5 23:30 7.4 0.0 13.7 6.7 62.8 12:15 109 26 11.2 14.2 15:55 9.3 04:50 7.2 0.0 6.1 0.4 62.8 13:50 292 27 12.8 19.1 14:15 9.2 06:15 5.5 0.0 0.3 1.1 54.7 02:55 329 28 12.6 19.1 18:20 5.6 07:05 5.7 0.0 0.0 0.1 6.4 06:15 241 29 13.1 18.3 19:15 7.8 08:35 5.2 0.0 0.0 0.0 0.0 00:05 90 30 14.7 22.9 19:00 7.0 09:00 3.7 0.0 0.0 0.0 0.0 00:05 90 31 16.0 22.9 20:20 8.6 10:00 2.3 0.0 0.0 0.0 0.0 00:05 90 --------------------------------------------------------------------------------------- 10.0 22.9 30 1.3 08 257.4 0.0 51.6 3.7 62.8 16 117 Updated: 10/17/18 13:15:00