MONTHLY CLIMATOLOGICAL SUMMARY for Jan 2015 NAME: Castelnuovo Bocca d'Adda, Italia ELEV: 55 metri LAT: 45-06.60 N LONG: 009-52.14 E TEMPERATURE (°C), RAIN (mm), WIND SPEED (km/h) HEAT COOL AVG MEAN DEG DEG WIND DOM DAY TEMP HIGH TIME LOW TIME DAYS DAYS RAIN SPEED HIGH TIME DIR --------------------------------------------------------------------------------------- 01 -0.8 2.6 15:30 -3.3 09:00 19.1 0.0 0.0 2.9 17.7 01:25 282 02 1.4 5.6 16:20 -2.0 09:05 17.0 0.0 0.0 3.0 17.7 02:10 282 03 3.2 7.3 16:20 -0.1 06:30 15.1 0.0 0.0 1.8 11.3 03:55 278 04 6.0 11.4 18:25 1.3 04:30 12.3 0.0 0.0 5.8 27.4 05:35 308 05 6.4 10.8 16:35 2.6 09:05 11.9 0.0 0.0 3.3 20.9 14:55 284 06 4.7 8.6 15:40 1.1 09:40 13.6 0.0 0.0 4.1 24.1 14:20 190 07 4.5 8.5 16:00 1.0 02:50 13.8 0.0 0.0 1.3 11.3 14:05 314 08 5.7 9.5 15:50 3.4 23:15 12.7 0.0 0.0 4.2 20.9 12:00 285 09 4.1 7.8 16:20 1.6 08:35 14.3 0.0 0.0 1.5 30.6 20:05 253 10 4.8 11.1 15:35 1.4 22:50 13.5 0.0 0.0 2.9 57.9 18:50 190 11 5.4 13.3 16:20 0.7 08:20 12.9 0.0 0.3 7.3 56.3 01:00 328 12 7.3 12.8 17:05 2.8 09:25 11.0 0.0 0.0 4.9 33.8 00:05 274 13 4.4 8.7 16:00 0.2 09:20 13.9 0.0 0.0 0.7 9.7 13:40 131 14 5.4 8.7 15:00 3.1 06:40 13.0 0.0 0.0 3.1 16.1 14:45 288 15 3.2 5.1 22:05 0.8 10:05 15.2 0.0 0.3 1.6 46.7 05:00 144 16 6.1 8.6 22:45 4.4 06:20 12.3 0.0 1.5 1.9 53.1 06:00 148 17 8.3 10.2 12:45 6.4 20:45 10.0 0.0 0.5 2.0 62.8 11:10 272 18 6.4 9.6 14:45 2.9 07:35 11.9 0.0 0.3 2.7 32.2 00:40 280 19 3.5 6.7 16:35 0.1 08:45 14.8 0.0 0.3 1.6 33.8 11:45 294 20 2.3 4.2 21:35 -0.1 05:00 16.1 0.0 0.3 0.6 27.4 17:20 295 21 4.2 5.1 16:20 3.1 01:55 14.2 0.0 6.4 0.7 38.6 09:50 283 22 3.8 5.3 01:30 2.2 06:45 14.5 0.0 4.8 0.7 33.8 08:55 300 23 5.4 10.4 17:30 2.3 09:20 12.9 0.0 0.3 4.1 69.2 09:15 305 24 5.1 10.8 16:35 0.9 09:00 13.3 0.0 0.3 3.3 61.2 04:10 291 25 5.3 11.3 16:45 1.0 09:25 13.0 0.0 0.0 4.1 27.4 00:00 296 26 5.4 9.2 15:00 2.3 09:40 12.9 0.0 0.0 3.5 33.8 00:10 100 27 3.0 5.7 16:15 0.8 23:00 15.3 0.0 0.0 1.7 11.3 05:55 288 28 2.8 8.4 15:40 -1.4 07:15 15.5 0.0 0.0 3.1 19.3 02:25 303 29 1.6 3.1 13:10 -0.4 05:30 16.7 0.0 0.0 3.6 19.3 17:45 126 30 3.6 8.3 15:55 0.1 05:15 14.7 0.0 3.8 9.2 45.1 11:45 285 31 3.0 7.5 16:15 -2.0 08:05 15.3 0.0 0.0 3.1 27.4 13:05 119 --------------------------------------------------------------------------------------- 4.4 13.3 11 -3.3 01 432.7 0.0 18.8 3.0 69.2 23 288 Updated: 10/17/18 13:15:00