MONTHLY CLIMATOLOGICAL SUMMARY for Jun 2014 NAME: Castelnuovo Bocca d'Adda, Italia ELEV: 55 metri LAT: 45-06.60 N LONG: 009-52.14 E TEMPERATURE (°C), RAIN (mm), WIND SPEED (km/h) HEAT COOL AVG MEAN DEG DEG WIND DOM DAY TEMP HIGH TIME LOW TIME DAYS DAYS RAIN SPEED HIGH TIME DIR --------------------------------------------------------------------------------------- 01 19.7 25.8 19:30 13.3 08:05 0.0 1.4 1.0 2.8 35.4 07:10 113 02 19.4 25.9 18:00 14.2 06:15 0.0 1.1 0.0 3.4 43.5 18:20 183 03 19.4 26.6 18:05 13.9 07:05 0.0 1.1 1.3 1.6 38.6 20:05 145 04 20.1 25.3 20:20 15.3 06:05 0.0 1.7 0.0 2.6 19.3 03:15 102 05 21.1 26.3 19:15 15.5 08:35 0.0 2.8 0.0 3.0 20.9 02:05 49 06 22.5 28.9 19:25 15.8 07:40 0.0 4.2 0.0 2.1 16.1 10:25 292 07 24.6 31.3 20:50 18.2 07:55 0.0 6.3 0.0 2.1 19.3 15:15 284 08 26.4 34.1 20:35 19.3 08:05 0.0 8.1 0.0 1.5 16.1 16:05 273 09 27.2 33.4 18:45 20.1 07:00 0.0 8.9 0.0 2.7 19.3 16:25 125 10 28.0 34.4 19:10 20.4 08:15 0.0 9.7 0.0 1.5 16.1 14:05 123 11 27.8 34.9 19:05 20.4 08:20 0.0 9.5 0.0 1.8 16.1 13:55 286 12 28.3 35.7 19:25 21.1 07:45 0.0 10.0 0.0 1.9 17.7 17:05 295 13 27.1 33.1 20:15 21.7 08:45 0.0 8.8 0.0 5.3 46.7 02:10 192 14 23.5 29.6 18:45 19.1 07:35 0.0 5.2 3.6 7.7 43.5 03:55 113 15 20.2 23.9 18:35 16.4 06:50 0.0 1.8 13.2 4.6 32.2 13:40 124 16 21.0 24.3 18:10 17.4 08:40 0.0 2.6 0.0 5.5 32.2 14:55 119 17 20.6 24.4 17:40 16.9 08:25 0.0 2.2 0.0 4.0 24.1 17:50 44 18 20.3 25.7 17:20 15.3 07:40 0.0 2.0 0.0 4.3 22.5 13:05 304 19 21.2 27.9 18:35 15.5 07:55 0.0 2.9 0.0 5.5 22.5 12:25 287 20 23.3 30.1 19:15 16.3 08:05 0.0 5.0 0.0 5.5 27.4 18:25 297 21 23.1 28.6 19:40 17.9 05:50 0.0 4.8 0.0 3.5 22.5 12:00 127 22 24.1 30.2 18:20 17.9 07:45 0.0 5.8 0.0 2.4 19.3 23:15 346 23 25.3 29.3 14:40 21.0 08:05 0.0 7.0 0.0 3.1 17.7 18:00 21 24 24.0 29.5 18:40 19.1 05:35 0.0 5.7 0.0 3.3 20.9 02:35 32 25 20.8 25.9 00:05 17.4 15:00 0.0 2.5 9.9 5.4 38.6 16:10 104 26 20.2 26.7 17:00 17.7 18:30 0.0 1.9 4.8 4.3 29.0 17:45 129 27 21.5 28.1 18:10 15.6 07:45 0.0 3.1 0.3 1.8 41.8 07:05 132 28 23.2 28.7 20:05 18.4 08:05 0.0 4.9 0.0 3.2 27.4 20:45 69 29 20.9 23.3 16:55 19.1 08:05 0.0 2.6 2.8 4.4 29.0 15:45 121 30 21.6 28.7 19:00 14.8 08:05 0.0 3.3 0.0 4.5 22.5 19:50 306 --------------------------------------------------------------------------------------- 22.9 35.7 12 13.3 01 0.0 136.8 36.8 3.5 46.7 13 102 Updated: 10/17/18 13:15:00