MONTHLY CLIMATOLOGICAL SUMMARY for Dec 2013 NAME: Castelnuovo Bocca d'Adda, Italia ELEV: 55 metri LAT: 45-06.60 N LONG: 009-52.14 E TEMPERATURE (°C), RAIN (mm), WIND SPEED (km/h) HEAT COOL AVG MEAN DEG DEG WIND DOM DAY TEMP HIGH TIME LOW TIME DAYS DAYS RAIN SPEED HIGH TIME DIR --------------------------------------------------------------------------------------- 01 1.8 7.1 16:20 -1.1 08:55 16.5 0.0 0.3 3.1 46.7 09:20 285 02 4.6 10.7 15:50 0.3 00:10 13.8 0.0 0.0 2.5 16.1 03:25 268 03 3.4 9.6 16:25 -0.1 05:50 14.9 0.0 0.3 1.8 11.3 05:50 275 04 2.9 8.9 16:20 -1.1 08:35 15.5 0.0 0.3 2.8 17.7 12:25 293 05 3.6 9.6 14:40 -0.1 07:45 14.7 0.0 0.0 1.6 46.7 22:50 276 06 5.5 14.0 16:05 0.9 07:55 12.9 0.0 0.0 6.5 57.9 04:30 288 07 4.0 9.9 15:50 -1.4 08:25 14.4 0.0 0.3 3.6 57.9 09:35 282 08 1.6 3.1 00:05 -0.7 02:45 16.7 0.0 0.3 0.6 61.2 14:30 221 09 1.8 5.4 16:25 0.1 05:50 16.5 0.0 0.0 1.5 41.8 12:10 292 10 -0.1 1.7 16:05 -1.4 08:20 18.4 0.0 0.3 1.0 61.2 01:00 210 11 1.2 3.8 16:15 -1.4 05:25 17.1 0.0 0.0 2.7 59.5 20:35 285 12 1.0 2.9 16:55 -0.4 07:35 17.3 0.0 0.0 1.1 43.5 15:50 303 13 2.1 8.4 16:35 -1.4 03:55 16.3 0.0 0.3 2.7 40.2 10:45 293 14 4.7 11.1 15:45 1.2 23:50 13.6 0.0 0.0 2.9 16.1 10:55 272 15 2.4 8.8 16:00 -1.1 08:25 15.9 0.0 0.3 2.5 33.8 04:05 224 16 3.1 9.2 16:10 -0.9 07:35 15.3 0.0 0.3 2.5 14.5 09:50 281 17 2.8 8.7 16:45 -0.8 07:15 15.5 0.0 0.0 2.1 16.1 15:00 287 18 2.2 6.6 15:30 -0.6 08:55 16.1 0.0 0.3 1.0 9.7 04:20 289 19 2.0 3.1 17:35 -0.4 02:50 16.3 0.0 0.5 1.5 45.1 01:20 167 20 3.6 4.9 23:20 2.5 08:45 14.8 0.0 2.8 5.0 62.8 09:35 291 21 5.8 6.7 16:05 4.7 00:05 12.6 0.0 0.5 2.1 16.1 09:15 296 22 6.4 7.6 16:10 5.7 06:55 11.9 0.0 0.0 1.6 11.3 13:35 275 23 7.2 8.7 14:50 6.1 04:55 11.1 0.0 1.0 1.1 38.6 20:40 291 24 6.8 7.9 00:10 5.6 22:35 11.5 0.0 2.3 5.5 64.4 21:55 134 25 8.7 10.7 22:45 6.0 00:15 9.6 0.0 1.8 14.9 70.8 06:50 125 26 10.7 12.8 16:35 7.9 23:55 7.6 0.0 6.6 13.9 62.8 00:55 114 27 8.0 11.2 15:55 5.1 09:20 10.4 0.0 5.3 2.5 48.3 00:25 292 28 6.2 9.2 16:45 2.9 07:20 12.1 0.0 0.3 2.5 56.3 09:45 160 29 7.1 9.6 15:40 4.9 23:55 11.2 0.0 3.8 5.0 61.2 03:30 296 30 5.5 9.7 15:55 1.8 10:25 12.9 0.0 1.3 2.9 56.3 04:40 281 31 3.3 8.0 16:25 -0.1 08:30 15.0 0.0 0.3 1.9 25.7 09:50 271 --------------------------------------------------------------------------------------- 4.2 14.0 06 -1.4 10 438.2 0.0 29.0 3.3 70.8 25 261 Updated: 10/17/18 13:15:00