MONTHLY CLIMATOLOGICAL SUMMARY for May 2012 NAME: Castelnuovo Bocca d'Adda, Italia ELEV: 55 metri LAT: 45-06.60 N LONG: 009-52.14 E TEMPERATURE (°C), RAIN (mm), WIND SPEED (km/h) HEAT COOL AVG MEAN DEG DEG WIND DOM DAY TEMP HIGH TIME LOW TIME DAYS DAYS RAIN SPEED HIGH TIME DIR --------------------------------------------------------------------------------------- 01 16.0 19.5 16:05 14.8 21:00 2.3 0.0 22.9 2.5 59.5 06:25 110 02 15.5 19.3 16:45 11.3 07:15 2.8 0.0 0.0 6.0 25.7 15:40 295 03 16.7 23.7 19:50 10.2 08:20 1.7 0.0 0.0 4.9 22.5 14:00 293 04 16.8 23.6 19:30 11.1 08:20 1.5 0.0 0.0 3.8 29.0 21:20 291 05 16.8 22.5 17:25 12.5 06:10 1.6 0.0 0.3 5.9 37.0 13:15 168 06 16.4 21.8 16:10 12.0 08:50 2.0 0.0 0.0 3.7 22.5 03:30 136 07 16.9 23.3 18:20 11.7 08:25 1.4 0.0 0.0 3.3 24.1 19:40 220 08 17.0 23.1 18:40 12.0 08:20 1.3 0.0 0.0 3.1 16.1 04:20 139 09 18.9 24.5 19:05 12.7 08:25 0.0 0.5 0.0 3.3 20.9 17:40 285 10 21.0 28.2 19:30 13.8 08:25 0.0 2.7 0.0 1.7 14.5 14:45 273 11 23.4 31.8 20:15 15.8 08:50 0.0 5.0 0.0 1.4 14.5 12:00 163 12 24.6 31.4 18:30 17.9 07:50 0.0 6.2 0.0 4.1 24.1 20:50 283 13 16.4 24.8 00:05 11.6 15:10 2.0 0.0 5.3 14.6 64.4 14:35 130 14 15.1 19.9 19:10 10.8 08:40 3.3 0.0 0.5 3.6 37.0 04:50 144 15 15.7 22.8 19:05 9.2 07:50 2.6 0.0 0.0 3.0 19.3 00:30 119 16 17.3 21.1 18:05 13.0 09:15 1.1 0.0 0.0 13.2 46.7 19:05 333 17 15.2 21.8 18:20 7.4 08:20 3.1 0.0 0.0 4.6 33.8 00:25 281 18 15.5 20.8 19:35 10.3 08:25 2.8 0.0 0.0 3.5 20.9 11:20 128 19 16.0 20.6 17:30 9.9 07:55 2.4 0.0 0.0 1.6 16.1 14:05 101 20 14.0 17.2 00:05 11.1 08:00 4.3 0.0 13.2 4.4 62.8 18:20 125 21 13.1 15.2 20:35 11.2 10:45 5.3 0.0 30.2 10.7 61.2 02:40 120 22 15.5 20.8 18:30 11.6 08:35 2.8 0.0 0.0 6.2 29.0 17:40 295 23 20.8 28.0 20:10 15.3 07:45 0.0 2.4 0.0 3.2 19.3 18:50 284 24 22.7 30.6 18:40 15.9 08:05 0.0 4.3 0.0 3.2 17.7 11:45 280 25 21.6 26.1 16:45 17.4 08:45 0.0 3.2 1.5 7.6 53.1 09:30 130 26 20.1 23.9 17:45 16.7 08:40 0.0 1.8 0.0 7.3 25.7 16:05 126 27 20.1 25.1 19:20 14.7 09:15 0.0 1.7 0.0 4.0 30.6 23:50 134 28 20.3 26.1 18:35 14.7 07:10 0.0 1.9 0.0 2.7 25.7 00:15 224 29 22.1 28.9 20:00 15.5 08:45 0.0 3.8 0.0 3.9 25.7 13:10 278 30 23.0 29.2 20:15 16.8 07:20 0.0 4.7 0.0 2.2 16.1 13:25 246 31 22.8 27.7 18:55 17.2 07:20 0.0 4.4 0.0 3.2 22.5 12:55 124 --------------------------------------------------------------------------------------- 18.3 31.8 11 7.4 17 44.2 42.9 73.9 4.7 64.4 13 161 Updated: 10/17/18 13:15:00