MONTHLY CLIMATOLOGICAL SUMMARY for Aug 2011 NAME: Castelnuovo Bocca d'Adda, Italia ELEV: 55 metri LAT: 45-06.60 N LONG: 009-52.14 E TEMPERATURE (°C), RAIN (mm), WIND SPEED (km/h) HEAT COOL AVG MEAN DEG DEG WIND DOM DAY TEMP HIGH TIME LOW TIME DAYS DAYS RAIN SPEED HIGH TIME DIR --------------------------------------------------------------------------------------- 01 24.4 30.8 19:00 18.4 07:50 0.0 6.1 0.0 1.7 16.1 13:45 141 02 24.9 31.4 20:40 18.7 08:25 0.0 6.5 0.0 2.3 16.1 13:55 139 03 25.7 31.1 18:50 20.3 08:40 0.0 7.4 0.0 2.4 17.7 22:30 152 04 24.9 31.2 20:30 19.1 07:50 0.0 6.6 0.0 3.9 19.3 09:55 307 05 25.6 31.0 18:25 20.3 08:35 0.0 7.3 0.0 5.9 24.1 19:35 126 06 24.9 29.4 18:15 20.4 06:50 0.0 6.5 0.0 3.4 25.7 04:15 47 07 24.4 30.1 15:25 20.6 08:50 0.0 6.1 0.0 3.6 27.4 15:50 293 08 24.3 30.7 18:30 19.5 06:30 0.0 6.0 4.3 3.4 53.1 21:35 352 09 22.8 27.3 20:20 17.3 09:05 0.0 4.5 0.0 7.0 32.2 10:05 164 10 22.3 27.9 19:35 16.6 07:40 0.0 4.0 0.0 2.2 17.7 19:40 95 11 22.1 28.7 18:05 15.3 06:15 0.0 3.7 0.0 3.1 20.9 12:00 96 12 22.7 28.9 19:25 16.4 08:15 0.0 4.3 0.0 2.3 17.7 17:00 336 13 24.3 30.3 19:15 17.7 08:20 0.0 5.9 0.0 3.2 17.7 11:20 313 14 25.4 31.4 19:00 19.2 08:55 0.0 7.0 0.0 2.1 16.1 14:30 2 15 26.0 30.7 18:20 21.3 08:45 0.0 7.7 0.0 2.9 17.7 12:30 27 16 26.2 32.2 19:55 20.7 08:35 0.0 7.9 0.0 2.4 17.7 16:55 102 17 26.9 33.1 20:10 20.8 08:15 0.0 8.6 0.0 4.0 20.9 11:10 117 18 27.8 34.0 19:15 21.6 08:50 0.0 9.4 0.0 1.9 16.1 15:30 86 19 28.2 34.3 18:30 21.6 08:25 0.0 9.9 0.0 4.8 24.1 18:25 311 20 28.2 34.7 19:15 20.4 08:25 0.0 9.9 0.0 2.7 14.5 15:50 355 21 29.3 36.0 19:10 23.1 07:10 0.0 10.9 0.0 2.2 14.5 15:15 25 22 29.3 35.9 18:40 23.1 08:25 0.0 11.0 0.0 2.0 16.1 16:20 357 23 29.4 36.6 19:10 22.9 08:10 0.0 11.1 0.0 1.7 16.1 16:55 340 24 28.8 35.3 19:05 22.4 09:25 0.0 10.5 0.0 3.3 19.3 17:35 334 25 27.8 35.7 19:35 19.4 09:10 0.0 9.5 0.0 2.4 16.1 15:45 343 26 28.0 34.9 18:15 20.3 08:45 0.0 9.6 0.3 5.0 33.8 20:50 160 27 27.3 30.7 17:45 21.7 06:40 0.0 9.0 0.0 9.2 37.0 13:20 279 28 23.3 30.1 19:00 15.9 07:35 0.0 4.9 0.0 3.1 20.9 15:25 234 29 23.7 30.3 18:30 17.1 08:05 0.0 5.4 0.0 2.0 17.7 17:55 332 30 23.8 30.7 20:30 17.3 07:55 0.0 5.4 0.0 2.9 17.7 17:50 306 31 24.4 29.8 18:00 18.7 08:45 0.0 6.1 0.0 3.8 19.3 01:05 322 --------------------------------------------------------------------------------------- 25.7 36.6 23 15.3 11 0.0 228.8 4.6 3.3 53.1 08 1 Updated: 10/17/18 13:15:00