MONTHLY CLIMATOLOGICAL SUMMARY for Jun 2011 NAME: Castelnuovo Bocca d'Adda, Italia ELEV: 55 metri LAT: 45-06.60 N LONG: 009-52.14 E TEMPERATURE (°C), RAIN (mm), WIND SPEED (km/h) HEAT COOL AVG MEAN DEG DEG WIND DOM DAY TEMP HIGH TIME LOW TIME DAYS DAYS RAIN SPEED HIGH TIME DIR --------------------------------------------------------------------------------------- 01 17.6 20.3 18:30 15.6 20:40 0.7 0.0 5.3 6.0 48.3 18:50 145 02 17.9 24.3 17:10 14.3 07:05 0.4 0.0 1.3 4.4 62.8 18:55 291 03 20.9 25.9 15:20 16.7 08:15 0.0 2.6 2.8 3.9 56.3 04:35 123 04 20.7 25.9 15:45 17.8 19:20 0.0 2.4 11.9 3.5 69.2 19:10 301 05 18.9 24.4 15:45 16.1 07:00 0.0 0.6 4.6 4.1 37.0 16:50 302 06 18.7 24.1 19:10 15.7 08:20 0.0 0.4 5.8 3.1 51.5 06:20 124 07 16.5 19.1 00:05 15.3 17:25 1.8 0.0 29.5 2.2 16.1 02:40 104 08 18.0 21.7 18:25 14.2 07:45 0.4 0.0 0.3 3.0 61.2 09:35 198 09 19.4 24.8 19:50 16.4 07:55 0.0 1.1 7.4 2.9 49.9 08:50 195 10 19.9 24.3 20:05 16.1 05:10 0.0 1.6 0.0 2.6 16.1 13:30 87 11 19.9 25.4 18:40 15.9 07:40 0.0 1.5 2.5 3.7 32.2 02:05 146 12 20.6 26.3 18:45 16.6 08:05 0.0 2.3 0.0 2.9 20.9 21:15 36 13 20.5 24.1 19:10 18.2 09:50 0.0 2.2 0.3 2.4 16.1 15:05 95 14 21.9 27.6 18:05 15.8 08:05 0.0 3.6 0.0 1.9 14.5 15:25 124 15 23.5 28.9 19:00 16.8 07:10 0.0 5.2 0.0 2.5 20.9 15:45 120 16 24.3 30.4 19:05 17.9 08:10 0.0 6.0 0.0 2.1 16.1 14:30 266 17 23.4 27.3 16:50 18.6 07:30 0.0 5.0 0.0 3.4 24.1 18:45 201 18 23.3 27.9 14:50 16.4 07:30 0.0 4.9 0.3 7.3 45.1 15:50 194 19 23.2 28.0 18:55 18.4 08:50 0.0 4.8 0.0 6.0 27.4 17:00 292 20 21.7 27.8 20:00 16.2 05:45 0.0 3.4 0.0 5.4 27.4 01:35 120 21 24.3 30.2 20:00 17.9 07:05 0.0 6.0 0.0 2.0 14.5 12:30 72 22 25.2 29.8 17:55 20.7 08:00 0.0 6.9 0.0 2.8 19.3 18:55 346 23 23.7 27.4 15:10 20.1 07:55 0.0 5.4 0.0 4.6 24.1 18:05 322 24 23.4 28.6 19:20 18.9 07:15 0.0 5.0 0.0 3.5 24.1 21:40 232 25 23.0 28.9 19:25 17.0 08:10 0.0 4.7 0.0 4.1 22.5 00:05 122 26 23.9 30.3 17:40 17.4 07:05 0.0 5.5 0.0 2.8 14.5 10:15 109 27 24.8 30.8 19:15 18.7 07:05 0.0 6.5 0.0 3.9 19.3 03:45 114 28 26.6 32.6 19:20 20.6 07:55 0.0 8.2 0.0 1.8 11.3 14:30 113 29 26.4 32.3 18:05 19.6 22:50 0.0 8.1 28.2 3.7 64.4 22:20 117 30 23.8 29.9 18:40 19.1 08:10 0.0 5.5 1.0 3.1 46.7 00:35 207 --------------------------------------------------------------------------------------- 21.9 32.6 28 14.2 08 3.3 109.4 101.1 3.5 69.2 04 134 Updated: 10/17/18 13:15:00