MONTHLY CLIMATOLOGICAL SUMMARY for Nov 2010 NAME: Castelnuovo Bocca d'Adda, Italia ELEV: 55 metri LAT: 45-06.60 N LONG: 009-52.14 E TEMPERATURE (°C), RAIN (mm), WIND SPEED (km/h) HEAT COOL AVG MEAN DEG DEG WIND DOM DAY TEMP HIGH TIME LOW TIME DAYS DAYS RAIN SPEED HIGH TIME DIR --------------------------------------------------------------------------------------- 01 14.2 14.9 11:40 12.8 16:35 4.2 0.0 51.6 14.5 70.8 04:55 112 02 13.4 14.9 00:15 12.8 09:05 4.9 0.0 33.0 4.1 62.8 11:05 79 03 12.6 16.9 16:15 9.7 10:00 5.7 0.0 0.3 1.1 14.5 13:15 284 04 13.2 17.2 15:20 10.6 01:35 5.1 0.0 0.3 1.4 35.4 01:10 309 05 13.0 14.6 16:00 11.2 23:40 5.3 0.0 0.0 2.3 14.5 10:10 281 06 11.6 13.8 15:00 9.5 01:45 6.7 0.0 0.0 1.6 11.3 21:20 238 07 11.8 13.3 14:35 10.8 07:45 6.5 0.0 0.3 9.8 66.0 09:05 131 08 11.1 14.8 12:35 8.3 22:50 7.3 0.0 0.0 4.8 45.1 09:35 188 09 8.4 9.2 17:30 7.3 03:40 10.0 0.0 5.8 10.9 70.8 04:15 104 10 9.1 10.9 13:55 7.0 22:30 9.2 0.0 9.9 0.8 57.9 19:00 325 11 6.9 8.3 15:40 4.9 08:10 11.5 0.0 0.3 1.3 61.2 22:20 7 12 8.5 13.7 16:10 5.2 08:00 9.8 0.0 0.3 2.2 64.4 11:55 281 13 10.0 11.6 15:35 8.1 00:20 8.4 0.0 0.0 0.4 8.0 01:20 102 14 10.7 12.3 15:50 9.6 06:00 7.6 0.0 0.0 0.3 6.4 10:55 21 15 11.2 12.3 23:10 10.3 09:35 7.2 0.0 9.1 14.5 67.6 23:15 134 16 12.1 14.2 17:05 10.7 06:55 6.3 0.0 23.4 8.1 61.2 02:45 97 17 11.4 15.2 15:45 8.2 23:35 6.9 0.0 0.0 2.5 14.5 12:10 289 18 8.5 11.2 15:40 6.0 05:30 9.9 0.0 2.0 0.6 8.0 16:50 246 19 9.8 13.0 16:00 7.5 07:25 8.5 0.0 0.3 3.2 19.3 06:45 303 20 8.3 10.1 14:55 6.7 04:45 10.0 0.0 2.5 2.0 27.4 22:05 130 21 8.7 9.6 13:15 7.3 19:50 9.7 0.0 43.7 13.6 66.0 12:35 133 22 8.0 9.2 16:30 6.7 06:25 10.3 0.0 0.8 3.0 24.1 02:45 294 23 5.9 9.1 15:55 3.3 08:45 12.4 0.0 0.3 4.0 46.7 07:05 326 24 5.6 10.6 16:10 2.2 23:40 12.7 0.0 0.3 1.6 59.5 03:45 306 25 2.0 7.9 16:10 -1.8 08:15 16.4 0.0 0.3 4.9 64.4 23:50 131 26 2.6 3.9 05:50 1.2 13:00 15.8 0.0 12.2 10.2 70.8 00:20 125 27 2.7 4.7 14:40 -0.4 07:10 15.6 0.0 0.3 4.0 19.3 18:30 93 28 1.8 3.3 00:05 0.5 14:50 16.5 0.0 14.2 4.7 62.8 12:30 294 29 4.3 10.1 15:00 1.3 03:10 14.0 0.0 0.3 6.6 38.6 14:05 289 30 3.8 5.7 11:40 1.8 07:05 14.6 0.0 5.8 3.9 54.7 21:25 105 --------------------------------------------------------------------------------------- 8.7 17.2 04 -1.8 25 289.0 0.0 216.9 4.8 70.8 01 126 Updated: 10/17/18 13:15:00