MONTHLY CLIMATOLOGICAL SUMMARY for Sep 2010 NAME: Castelnuovo Bocca d'Adda, Italia ELEV: 55 metri LAT: 45-06.60 N LONG: 009-52.14 E TEMPERATURE (°C), RAIN (mm), WIND SPEED (km/h) HEAT COOL AVG MEAN DEG DEG WIND DOM DAY TEMP HIGH TIME LOW TIME DAYS DAYS RAIN SPEED HIGH TIME DIR --------------------------------------------------------------------------------------- 01 19.0 26.3 19:10 11.1 09:00 0.0 0.7 0.0 2.4 16.1 14:40 84 02 19.5 26.0 19:15 13.2 08:40 0.0 1.1 0.0 2.1 17.7 14:55 112 03 20.9 27.2 17:30 15.6 06:55 0.0 2.6 0.0 3.2 19.3 13:10 115 04 21.4 27.9 19:55 16.1 08:40 0.0 3.1 0.0 2.7 14.5 00:30 109 05 21.6 25.9 17:05 17.5 09:05 0.0 3.3 0.0 6.2 25.7 11:30 128 06 19.7 23.3 17:15 17.3 04:30 0.0 1.3 0.0 8.4 30.6 22:00 129 07 18.1 20.2 18:05 16.4 10:20 0.2 0.0 2.5 9.4 32.2 12:10 130 08 18.4 22.1 18:15 16.6 03:45 0.0 0.1 33.0 5.8 30.6 13:45 132 09 18.6 23.9 15:15 15.2 08:25 0.0 0.3 0.5 2.3 24.1 23:30 81 10 18.9 25.7 18:40 14.2 08:35 0.0 0.5 0.0 3.2 22.5 15:30 270 11 19.5 26.3 17:35 13.3 09:00 0.0 1.2 0.0 2.8 16.1 15:25 182 12 19.6 26.2 20:05 13.4 08:35 0.0 1.2 0.0 1.5 16.1 15:40 135 13 19.6 21.9 14:20 17.3 09:20 0.0 1.3 0.5 3.6 27.4 17:25 131 14 19.9 26.0 19:25 14.6 09:15 0.0 1.5 0.0 2.4 14.5 16:05 287 15 20.4 27.7 18:30 14.4 08:55 0.0 2.1 0.0 2.5 16.1 10:55 282 16 21.2 26.6 17:05 16.1 07:40 0.0 2.9 0.0 2.1 16.1 19:30 108 17 21.9 25.8 17:20 18.7 09:55 0.0 3.5 0.0 2.3 17.7 17:10 180 18 18.3 21.2 00:05 14.7 22:50 0.0 0.0 3.8 7.6 41.8 18:10 131 19 17.4 22.2 18:15 14.3 05:30 1.0 0.0 1.0 3.2 29.0 01:20 153 20 17.6 23.7 19:05 11.7 09:00 0.7 0.0 0.0 2.6 19.3 15:20 125 21 18.4 24.2 16:55 12.8 09:10 0.0 0.1 0.0 0.8 11.3 15:55 111 22 18.9 26.0 18:20 13.0 08:50 0.0 0.6 0.0 2.1 16.1 11:50 284 23 18.5 25.2 17:50 12.6 09:05 0.0 0.2 0.0 2.0 17.7 17:00 141 24 17.4 22.5 17:05 13.1 09:25 0.9 0.0 4.1 4.1 22.5 15:20 120 25 14.4 17.8 19:25 12.2 09:25 3.9 0.0 14.0 6.3 29.0 06:45 286 26 15.8 22.7 18:05 10.3 09:30 2.5 0.0 0.3 2.4 17.7 11:35 252 27 14.6 17.3 17:40 12.8 09:45 3.7 0.0 5.3 2.3 14.5 08:25 89 28 14.4 18.4 18:35 11.1 09:50 3.9 0.0 0.0 1.7 16.1 14:50 213 29 15.2 22.3 17:35 10.2 08:50 3.2 0.0 0.0 2.6 17.7 18:00 271 30 15.1 21.4 17:15 9.6 08:40 3.2 0.0 0.5 0.9 14.5 14:50 124 --------------------------------------------------------------------------------------- 18.5 27.9 04 9.6 30 23.3 27.5 65.5 3.4 41.8 18 137 Updated: 10/17/18 13:15:00