MONTHLY CLIMATOLOGICAL SUMMARY for Jul 2010 NAME: Castelnuovo Bocca d'Adda, Italia ELEV: 55 metri LAT: 45-06.60 N LONG: 009-52.14 E TEMPERATURE (°C), RAIN (mm), WIND SPEED (km/h) HEAT COOL AVG MEAN DEG DEG WIND DOM DAY TEMP HIGH TIME LOW TIME DAYS DAYS RAIN SPEED HIGH TIME DIR --------------------------------------------------------------------------------------- 01 26.8 33.2 18:55 21.3 07:25 0.0 8.5 0.0 2.9 19.3 16:50 234 02 27.7 34.4 20:00 21.9 08:40 0.0 9.4 0.0 1.9 12.9 01:55 87 03 28.0 34.2 18:15 22.2 08:20 0.0 9.7 0.0 1.8 11.3 15:30 341 04 27.4 32.9 16:50 21.4 07:05 0.0 9.1 0.0 4.9 20.9 02:55 283 05 27.0 33.0 18:40 21.3 08:30 0.0 8.7 0.3 4.0 30.6 04:25 137 06 25.7 30.9 19:30 18.9 11:10 0.0 7.4 30.7 4.4 38.6 23:50 109 07 24.9 30.7 19:15 19.9 07:20 0.0 6.6 0.0 5.3 37.0 00:05 123 08 25.0 30.6 19:15 19.5 06:45 0.0 6.6 0.0 5.1 24.1 00:20 122 09 25.9 31.6 18:50 20.2 08:20 0.0 7.5 0.0 2.3 14.5 11:35 113 10 27.1 32.4 17:45 21.8 08:05 0.0 8.8 0.0 2.1 16.1 18:55 115 11 27.9 33.5 18:40 22.7 07:35 0.0 9.6 0.0 2.7 14.5 12:30 126 12 27.7 32.9 16:35 22.7 07:15 0.0 9.4 0.0 3.1 17.7 07:05 139 13 27.7 32.4 19:25 22.9 05:00 0.0 9.4 0.0 4.3 20.9 22:20 300 14 27.7 32.6 18:50 22.2 08:25 0.0 9.4 0.0 2.4 16.1 17:20 359 15 28.1 33.7 19:25 21.9 08:35 0.0 9.7 0.0 4.6 20.9 11:45 294 16 28.8 35.2 19:20 21.6 08:15 0.0 10.5 0.0 3.0 14.5 09:50 261 17 29.2 35.1 19:35 24.1 08:15 0.0 10.8 0.0 4.5 17.7 10:35 290 18 26.6 30.9 16:10 21.1 08:15 0.0 8.2 0.0 8.0 33.8 17:55 147 19 25.7 31.0 17:30 19.9 07:35 0.0 7.4 0.0 2.8 17.7 12:40 131 20 25.8 31.1 19:00 19.5 08:00 0.0 7.5 0.0 3.4 20.9 18:45 128 21 27.0 32.9 17:45 20.7 08:30 0.0 8.6 0.0 2.7 14.5 12:40 106 22 27.9 33.6 18:00 21.4 08:50 0.0 9.6 0.0 4.5 19.3 10:05 307 23 26.9 32.5 15:25 21.0 00:00 0.0 8.5 0.3 5.6 40.2 22:30 235 24 24.4 30.9 18:35 18.3 08:15 0.0 6.1 0.0 7.9 27.4 11:45 314 25 23.4 29.5 19:25 16.3 08:40 0.0 5.1 0.0 3.3 17.7 16:30 289 26 22.9 28.7 19:50 17.2 08:05 0.0 4.6 0.0 4.9 27.4 04:40 127 27 22.3 27.6 19:25 17.4 08:05 0.0 4.0 1.0 3.3 20.9 17:20 127 28 23.7 30.6 18:25 17.3 07:45 0.0 5.4 0.0 2.1 14.5 15:30 75 29 22.1 25.7 13:40 17.7 15:45 0.0 3.8 2.3 5.3 41.8 15:15 116 30 20.8 26.6 19:25 15.8 08:10 0.0 2.4 0.0 4.0 29.0 22:15 122 31 22.1 28.7 18:45 15.6 08:20 0.0 3.8 0.0 2.7 17.7 00:30 107 --------------------------------------------------------------------------------------- 25.9 35.2 16 15.6 31 0.0 236.0 34.5 3.9 41.8 29 128 Updated: 10/17/18 13:15:00