MONTHLY CLIMATOLOGICAL SUMMARY for Jun 2010 NAME: Castelnuovo Bocca d'Adda, Italia ELEV: 55 metri LAT: 45-06.60 N LONG: 009-52.14 E TEMPERATURE (°C), RAIN (mm), WIND SPEED (km/h) HEAT COOL AVG MEAN DEG DEG WIND DOM DAY TEMP HIGH TIME LOW TIME DAYS DAYS RAIN SPEED HIGH TIME DIR --------------------------------------------------------------------------------------- 01 20.1 26.1 19:30 13.3 07:50 0.0 1.7 0.0 5.8 27.4 16:15 285 02 22.2 28.1 21:40 16.7 07:25 0.0 3.9 0.0 5.8 27.4 18:00 264 03 20.5 24.9 17:40 16.1 08:10 0.0 2.2 0.0 7.1 33.8 15:25 132 04 22.3 29.7 19:45 14.8 08:00 0.0 3.9 0.0 5.0 22.5 01:35 193 05 23.7 29.7 18:25 17.9 08:10 0.0 5.4 0.0 5.1 22.5 12:05 133 06 24.2 30.3 18:45 18.1 08:05 0.0 5.8 0.0 3.9 20.9 13:20 137 07 23.5 26.6 19:35 19.9 08:05 0.0 5.1 0.0 4.3 22.5 12:55 308 08 23.6 29.4 19:15 18.2 07:15 0.0 5.3 0.0 3.0 24.1 22:10 271 09 24.0 29.9 17:15 16.7 07:55 0.0 5.7 0.0 3.9 19.3 14:15 166 10 25.0 30.3 18:30 19.4 08:15 0.0 6.6 0.0 7.2 29.0 17:40 134 11 25.4 31.1 18:30 19.8 06:45 0.0 7.1 0.0 3.1 20.9 00:05 139 12 26.2 30.4 18:55 21.6 08:10 0.0 7.8 0.0 2.5 17.7 23:55 152 13 24.4 28.9 16:50 21.8 08:10 0.0 6.1 0.0 5.7 22.5 03:45 299 14 23.0 28.7 19:05 16.9 08:30 0.0 4.6 0.0 3.1 20.9 20:15 237 15 21.1 24.1 19:20 18.2 08:00 0.0 2.8 1.3 7.5 33.8 16:55 133 16 19.9 24.5 20:05 16.7 08:35 0.0 1.6 42.9 6.5 33.8 17:00 139 17 18.6 22.8 18:55 15.8 04:50 0.0 0.3 13.2 4.7 27.4 11:20 141 18 19.7 26.2 20:25 13.8 08:15 0.0 1.4 0.0 7.5 30.6 15:15 294 19 18.6 22.6 16:30 15.8 08:05 0.0 0.3 1.0 3.9 33.8 18:30 323 20 14.0 16.7 00:05 12.5 14:30 4.4 0.0 57.4 4.8 20.9 13:15 322 21 17.9 26.0 18:55 12.9 05:00 0.5 0.0 1.5 5.3 25.7 19:30 258 22 20.5 25.6 20:30 14.9 08:20 0.0 2.1 0.0 2.4 14.5 15:25 94 23 21.8 27.4 19:40 16.7 07:10 0.0 3.5 0.0 2.1 19.3 13:50 127 24 22.5 28.3 18:25 16.2 08:50 0.0 4.2 0.0 2.3 14.5 16:45 120 25 23.1 28.9 18:40 18.3 05:45 0.0 4.8 0.0 3.4 19.3 12:05 130 26 24.6 30.6 19:40 18.1 08:25 0.0 6.3 0.0 3.0 16.1 07:50 89 27 25.1 31.8 19:35 19.7 08:15 0.0 6.8 0.0 2.7 16.1 11:55 129 28 25.6 31.9 18:25 19.9 07:15 0.0 7.3 0.0 2.3 14.5 16:05 121 29 26.5 31.8 18:35 21.2 07:30 0.0 8.1 0.0 2.5 16.1 05:15 108 30 26.4 33.1 18:10 21.3 08:20 0.0 8.1 0.0 3.2 17.7 20:00 274 --------------------------------------------------------------------------------------- 22.5 33.1 30 12.5 20 4.9 128.7 117.3 4.3 33.8 03 159 Updated: 10/17/18 13:15:00