MONTHLY CLIMATOLOGICAL SUMMARY for Feb 2010 NAME: Castelnuovo Bocca d'Adda, Italia ELEV: 55 metri LAT: 45-06.60 N LONG: 009-52.14 E TEMPERATURE (°C), RAIN (mm), WIND SPEED (km/h) HEAT COOL AVG MEAN DEG DEG WIND DOM DAY TEMP HIGH TIME LOW TIME DAYS DAYS RAIN SPEED HIGH TIME DIR --------------------------------------------------------------------------------------- 01 -3.0 4.2 16:30 -9.6 05:55 21.4 0.0 0.8 3.1 20.9 23:05 260 02 0.4 5.7 15:00 -4.2 08:30 17.9 0.0 0.0 3.3 22.5 02:45 266 03 2.0 7.2 16:35 -1.9 07:30 16.3 0.0 0.0 3.9 19.3 12:45 276 04 2.4 3.7 13:25 1.3 07:55 16.0 0.0 0.3 1.7 11.3 06:35 55 05 0.8 2.4 00:05 0.1 18:20 17.6 0.0 18.8 2.5 25.7 22:20 278 06 2.4 5.3 14:45 0.6 00:05 15.9 0.0 18.8 4.2 32.2 00:40 291 07 0.1 2.0 00:05 -2.4 23:55 18.3 0.0 0.0 3.2 11.3 08:50 289 08 -0.7 0.2 20:10 -2.5 00:20 19.0 0.0 0.3 1.7 14.5 01:20 276 09 1.2 3.8 17:25 -0.7 00:05 17.1 0.0 0.0 2.6 19.3 13:10 112 10 2.7 4.8 17:00 1.2 01:00 15.6 0.0 0.0 4.2 19.3 12:10 269 11 2.4 4.3 15:35 0.5 23:35 15.9 0.0 5.6 4.9 27.4 16:40 122 12 2.8 6.2 16:50 0.7 01:15 15.5 0.0 0.5 4.4 20.9 14:55 274 13 3.1 8.6 17:10 -0.8 07:25 15.2 0.0 0.0 3.0 14.5 14:00 263 14 2.8 7.5 16:35 0.4 06:25 15.5 0.0 0.0 3.3 24.1 22:30 269 15 1.5 3.1 16:50 -0.6 06:45 16.8 0.0 1.0 1.7 20.9 00:05 316 16 3.5 4.6 14:25 2.4 00:45 14.9 0.0 0.5 2.5 16.1 22:15 261 17 3.5 4.4 13:25 2.8 06:30 14.8 0.0 4.3 5.5 17.7 07:10 271 18 5.9 9.7 15:45 2.9 06:50 12.4 0.0 6.1 6.8 27.4 11:55 284 19 7.2 9.0 13:40 5.7 18:35 11.1 0.0 39.4 5.1 27.4 12:50 198 20 7.0 11.8 16:40 4.2 23:30 11.3 0.0 0.3 3.9 20.9 20:10 216 21 4.7 10.3 15:25 -0.3 07:25 13.7 0.0 0.5 5.0 29.0 22:00 108 22 5.5 6.6 17:00 4.2 08:15 12.8 0.0 0.8 4.9 29.0 03:40 110 23 5.8 8.2 17:10 4.1 10:05 12.6 0.0 11.4 5.3 22.5 11:40 282 24 7.2 12.5 17:35 3.7 07:50 11.1 0.0 0.0 2.2 16.1 11:45 281 25 8.7 14.0 15:20 3.7 08:25 9.7 0.0 0.3 3.1 17.7 23:50 264 26 9.8 12.9 17:05 8.0 05:50 8.6 0.0 6.9 8.8 33.8 17:20 283 27 9.8 15.0 15:05 3.9 07:30 8.6 0.0 0.0 5.8 33.8 03:15 268 28 8.3 10.7 00:10 6.4 00:00 10.1 0.0 0.0 5.0 24.1 17:40 274 --------------------------------------------------------------------------------------- 3.8 15.0 27 -9.6 01 405.7 0.0 116.3 4.0 33.8 26 270 Updated: 10/17/18 13:15:00