MONTHLY CLIMATOLOGICAL SUMMARY for Jan 2023 NAME: Castelnuovo Bocca d'Adda, Italia ELEV: 55 metri LAT: 45-06.60 N LONG: 009-52.14 E TEMPERATURE (°C), RAIN (mm), WIND SPEED (km/h) HEAT COOL AVG MEAN DEG DEG WIND DOM DAY TEMP HIGH TIME LOW TIME DAYS DAYS RAIN SPEED HIGH TIME DIR --------------------------------------------------------------------------------------- 01 8.6 9.1 15:25 8.0 01:58 9.7 0.0 0.0 N/A 156.1 00:00 N/A 02 9.7 10.7 15:53 8.8 02:26 8.6 0.0 0.0 N/A 156.1 00:00 N/A 03 10.1 10.7 14:18 9.7 23:52 8.2 0.0 0.3 N/A 156.1 00:00 N/A 04 10.3 11.4 12:40 9.7 00:02 8.1 0.0 0.0 N/A 156.1 00:00 N/A 05 8.8 9.7 00:00 7.8 18:11 9.6 0.0 0.0 2.1 156.1 00:00 273 06 8.2 9.8 15:41 6.4 06:16 10.1 0.0 0.3 N/A 156.1 00:00 N/A 07 8.5 9.2 15:42 8.0 19:11 9.8 0.0 0.0 N/A 156.1 00:00 N/A 08 8.0 8.5 10:06 7.5 20:05 10.3 0.0 0.0 N/A 156.1 00:00 N/A 09 7.8 9.7 15:10 5.6 20:02 10.5 0.0 0.0 1.5 156.1 00:00 5 10 9.1 15.4 14:20 5.1 23:35 9.2 0.0 0.3 0.0 156.1 00:26 292 11 5.4 9.2 14:31 2.4 08:18 12.9 0.0 0.0 0.0 156.1 21:45 N/A 12 5.5 9.7 14:44 2.4 07:40 12.8 0.0 0.0 0.0 156.1 00:05 N/A 13 5.1 9.3 15:50 2.9 23:56 13.2 0.0 0.0 1.0 156.1 04:58 273 14 4.6 9.7 14:36 -0.1 09:13 13.7 0.0 0.0 0.0 156.1 00:00 N/A 15 5.6 7.3 14:15 3.1 00:16 12.8 0.0 0.0 0.8 156.1 00:00 44 16 4.3 6.1 16:30 1.0 07:27 14.0 0.0 0.3 N/A 156.1 00:00 N/A 17 3.6 4.9 13:26 2.6 07:18 14.7 0.0 0.0 N/A 156.1 00:00 N/A 18 2.8 3.8 15:08 0.6 09:11 15.6 0.0 0.0 N/A 156.1 00:00 N/A 19 1.2 3.2 00:44 0.4 19:05 17.1 0.0 0.0 N/A 156.1 00:00 N/A 20 2.1 5.7 15:53 -0.9 08:55 16.3 0.0 0.0 N/A 156.1 00:00 N/A 21 1.7 4.9 15:02 -1.1 07:24 16.6 0.0 0.5 1.7 156.1 00:00 292 22 3.6 7.2 12:01 1.5 05:53 14.8 0.0 0.0 0.2 156.1 00:00 225 23 3.4 7.9 22:24 2.1 04:10 15.0 0.0 0.0 0.9 156.1 00:00 319 24 7.0 10.7 15:15 5.1 04:14 11.3 0.0 0.0 0.0 156.1 00:00 N/A 25 6.7 10.4 12:40 3.8 23:45 11.6 0.0 0.3 0.8 156.1 00:00 112 26 4.2 7.9 15:05 2.1 05:21 14.1 0.0 0.0 0.3 156.1 00:00 45 27 3.6 6.6 16:06 0.8 23:50 14.7 0.0 0.0 0.1 156.1 00:44 135 28 3.3 8.6 15:43 -0.1 07:32 15.0 0.0 0.0 0.0 0.0 00:00 N/A 29 2.6 7.8 15:41 -1.4 07:24 15.7 0.0 10.2 1.2 156.1 00:01 292 30 2.7 7.8 15:46 -1.1 07:11 15.7 0.0 1.5 0.0 156.1 03:52 N/A 31 4.0 10.6 16:02 -1.1 08:06 14.3 0.0 0.5 1.0 156.1 04:32 86 --------------------------------------------------------------------------------------- 5.6 15.4 10 -1.4 29 396.1 0.0 14.0 0.4 156.1 01 311 Updated: 02/01/2023 12:00:00 AM