MONTHLY CLIMATOLOGICAL SUMMARY for Dec 2022 NAME: Castelnuovo Bocca d'Adda, Italia ELEV: 55 metri LAT: 45-06.60 N LONG: 009-52.14 E TEMPERATURE (°C), RAIN (mm), WIND SPEED (km/h) HEAT COOL AVG MEAN DEG DEG WIND DOM DAY TEMP HIGH TIME LOW TIME DAYS DAYS RAIN SPEED HIGH TIME DIR --------------------------------------------------------------------------------------- 01 4.1 6.0 14:54 1.4 02:08 14.2 0.0 0.0 N/A 156.1 00:00 N/A 02 6.2 8.0 14:33 3.8 06:30 12.2 0.0 0.3 0.5 156.1 00:00 112 03 6.9 7.7 14:52 6.2 07:11 11.5 0.0 0.0 1.3 156.1 00:00 112 04 7.6 9.2 14:30 6.3 05:51 10.7 0.0 0.0 N/A 156.1 00:00 N/A 05 8.6 9.3 14:55 6.7 23:59 9.8 0.0 0.3 N/A 156.1 00:00 N/A 06 5.0 8.4 14:54 1.8 23:43 13.4 0.0 0.0 N/A 156.1 00:00 N/A 07 2.9 4.8 14:40 0.7 04:47 15.4 0.0 0.0 N/A 156.1 00:00 N/A 08 5.0 6.6 14:31 3.7 08:36 13.3 0.0 0.0 N/A 156.1 00:00 N/A 09 5.0 5.5 10:39 4.5 20:02 13.4 0.0 0.3 N/A 156.1 00:00 N/A 10 4.9 6.3 15:55 3.2 22:53 13.4 0.0 0.0 1.2 156.1 00:00 292 11 2.8 5.4 12:47 -0.4 04:25 15.5 0.0 0.0 N/A 156.1 00:00 N/A 12 2.2 5.5 14:10 -0.1 19:47 16.1 0.0 0.3 0.0 156.1 00:00 N/A 13 1.2 2.1 23:53 -0.1 00:18 17.2 0.0 0.0 N/A 156.1 00:00 N/A 14 3.2 4.8 14:10 1.8 03:34 15.1 0.0 0.0 0.0 156.1 00:00 N/A 15 3.9 4.8 10:50 2.2 23:01 14.5 0.0 0.3 0.2 156.1 13:14 68 16 4.1 5.7 14:38 2.0 00:32 14.3 0.0 0.0 N/A 156.1 00:00 N/A 17 4.2 6.2 15:24 1.9 06:28 14.2 0.0 0.0 0.4 156.1 00:00 270 18 4.2 4.9 16:40 1.6 20:56 14.1 0.0 0.0 N/A 156.1 00:00 N/A 19 4.7 5.5 14:39 3.6 00:56 13.6 0.0 0.3 N/A 156.1 00:00 N/A 20 5.3 6.0 15:27 4.7 06:46 13.0 0.0 0.0 0.5 156.1 00:00 315 21 5.5 6.4 23:05 4.8 00:48 12.8 0.0 0.0 11.8 156.1 00:00 270 22 7.0 8.5 12:20 6.3 00:15 11.3 0.0 0.0 N/A 156.1 00:05 N/A 23 7.6 9.7 13:19 5.3 08:46 10.7 0.0 0.3 0.1 156.1 00:00 270 24 8.7 9.5 13:40 7.9 03:32 9.7 0.0 0.0 4.4 156.1 00:00 268 25 9.2 10.2 13:42 8.5 04:44 9.1 0.0 0.0 N/A 156.1 00:00 N/A 26 9.5 10.7 13:03 8.8 03:11 8.8 0.0 0.3 0.4 156.1 00:00 292 27 9.0 12.2 14:04 5.7 23:58 9.3 0.0 0.0 0.7 156.1 00:00 112 28 7.8 9.1 14:48 5.3 00:56 10.5 0.0 0.0 N/A 156.1 00:00 N/A 29 8.4 9.3 13:59 7.8 21:00 9.9 0.0 0.0 N/A 156.1 00:00 N/A 30 8.2 8.8 12:02 7.8 00:18 10.1 0.0 0.3 N/A 156.1 00:00 N/A 31 8.7 10.1 14:25 7.7 01:19 9.7 0.0 0.0 0.3 156.1 00:00 292 --------------------------------------------------------------------------------------- 5.8 12.2 27 -0.4 11 386.8 0.0 2.3 0.5 156.1 01 287 Updated: 01/01/2023 12:00:00 AM