MONTHLY CLIMATOLOGICAL SUMMARY for Apr 2021 NAME: Castelnuovo Bocca d'Adda, Italia ELEV: 55 metri LAT: 45-06.60 N LONG: 009-52.14 E TEMPERATURE (°C), RAIN (mm), WIND SPEED (km/h) HEAT COOL AVG MEAN DEG DEG WIND DOM DAY TEMP HIGH TIME LOW TIME DAYS DAYS RAIN SPEED HIGH TIME DIR --------------------------------------------------------------------------------------- 01 18.2 26.8 16:30 10.4 07:34 0.1 0.0 0.0 2.0 17.7 16:31 292 02 18.7 26.9 16:54 11.1 07:20 0.0 0.3 0.0 1.4 20.9 15:02 271 03 14.3 18.1 12:27 9.6 06:47 4.1 0.0 0.0 6.8 40.2 13:25 127 04 11.6 15.8 16:55 7.8 06:46 6.7 0.0 0.0 4.2 27.4 11:29 121 05 11.0 17.4 16:05 4.2 07:00 7.3 0.0 0.0 1.3 17.7 14:42 64 06 8.2 15.3 13:34 3.2 23:34 10.1 0.0 1.3 5.2 143.2 17:31 131 07 6.9 12.3 16:58 1.6 05:16 11.5 0.0 0.3 4.9 40.2 15:14 328 08 9.2 16.8 17:23 1.2 06:46 9.1 0.0 0.0 2.1 20.9 20:02 247 09 10.7 15.8 14:01 4.6 07:42 7.6 0.0 0.0 0.9 11.3 11:28 158 10 10.8 15.0 12:29 6.8 06:24 7.6 0.0 1.3 1.2 156.1 23:16 192 11 9.6 10.9 17:25 8.4 05:38 8.7 0.0 22.6 3.6 156.1 00:15 106 12 10.3 11.6 16:24 8.7 23:47 8.0 0.0 11.7 48.3 156.1 00:00 79 13 9.2 12.5 15:45 6.8 23:54 9.2 0.0 3.8 1.6 156.1 00:00 149 14 9.2 14.2 16:55 3.1 06:58 9.1 0.0 0.0 2.3 156.1 05:16 108 15 8.1 11.6 16:19 4.7 05:06 10.3 0.0 0.0 5.9 32.2 13:02 97 16 8.9 13.3 18:09 3.8 04:11 9.4 0.0 0.0 2.9 29.0 12:58 110 17 9.6 14.9 16:05 2.9 06:58 8.7 0.0 0.0 1.8 19.3 11:22 118 18 10.6 15.2 15:14 7.2 05:22 7.7 0.0 0.0 1.3 27.4 15:41 101 19 11.7 17.4 17:51 6.2 06:23 6.6 0.0 0.0 0.8 14.5 13:15 221 20 13.1 20.6 17:11 6.1 06:24 5.2 0.0 0.0 1.9 25.7 17:57 259 21 13.6 19.5 16:14 7.0 06:45 4.8 0.0 0.0 1.4 32.2 17:49 275 22 14.6 19.8 17:22 10.4 05:20 3.7 0.0 0.0 1.1 16.1 13:09 112 23 15.1 20.8 16:21 9.6 06:28 3.3 0.0 0.0 1.9 20.9 11:26 116 24 16.3 23.4 16:37 8.7 06:14 2.1 0.0 0.0 0.8 17.7 13:28 119 25 17.4 24.7 17:23 9.5 06:29 1.0 0.0 0.0 0.6 19.3 16:01 7 26 13.7 16.4 00:00 11.6 23:46 4.7 0.0 1.8 2.4 156.1 13:04 116 27 11.9 13.9 13:53 10.1 03:57 6.4 0.0 3.6 2.3 156.1 00:04 104 28 14.5 19.1 16:16 11.4 06:14 3.9 0.0 0.5 2.8 156.1 00:00 129 29 14.7 17.0 15:19 12.8 03:09 3.6 0.0 2.3 5.0 156.1 00:27 116 30 16.5 20.7 13:56 13.2 05:26 1.9 0.0 0.5 1.8 157.7 14:26 58 --------------------------------------------------------------------------------------- 12.3 26.9 02 1.2 08 182.3 0.3 49.5 2.4 157.7 30 117 Updated: 05/01/2021 12:00:00 AM