MONTHLY CLIMATOLOGICAL SUMMARY for Nov 2020 NAME: Castelnuovo Bocca d'Adda, Italia ELEV: 55 metri LAT: 45-06.60 N LONG: 009-52.14 E TEMPERATURE (°C), RAIN (mm), WIND SPEED (km/h) HEAT COOL AVG MEAN DEG DEG WIND DOM DAY TEMP HIGH TIME LOW TIME DAYS DAYS RAIN SPEED HIGH TIME DIR --------------------------------------------------------------------------------------- 01 11.1 13.6 16:04 9.2 07:27 7.2 0.0 0.3 8.4 156.1 00:02 289 02 11.3 12.6 16:27 9.7 08:12 7.0 0.0 0.3 4.0 156.1 00:00 253 03 13.4 14.8 15:12 12.3 00:13 4.9 0.0 0.0 0.3 156.1 00:00 90 04 14.6 16.4 14:02 13.5 06:39 3.7 0.0 0.0 0.1 9.7 13:41 252 05 13.4 15.9 15:47 9.7 23:14 4.9 0.0 0.0 0.8 156.1 01:29 285 06 13.0 19.1 14:16 9.7 02:42 5.3 0.0 0.3 0.6 156.1 00:00 303 07 9.9 12.1 15:20 8.4 08:34 8.4 0.0 0.3 3.4 156.1 05:53 322 08 11.3 17.4 15:22 7.0 07:06 7.0 0.0 0.3 1.6 157.7 02:36 289 09 11.6 17.7 14:37 6.8 06:53 6.7 0.0 0.3 0.7 156.1 00:00 273 10 10.2 12.2 15:41 7.6 07:07 8.1 0.0 0.3 33.2 156.1 00:00 270 11 9.7 10.4 21:06 8.6 08:43 8.6 0.0 0.3 24.4 156.1 00:00 158 12 11.2 13.3 13:36 10.1 01:02 7.1 0.0 0.0 0.2 156.1 00:00 158 13 10.9 12.5 15:09 9.3 01:01 7.5 0.0 0.3 0.4 156.1 00:27 158 14 11.6 13.3 13:58 10.7 02:08 6.7 0.0 0.0 0.4 156.1 00:08 158 15 11.8 13.2 15:11 10.8 23:46 6.5 0.0 0.3 0.0 156.1 22:17 90 16 10.7 12.8 13:49 7.2 23:47 7.6 0.0 12.2 3.9 156.1 00:00 325 17 7.6 10.1 14:34 4.6 04:40 10.7 0.0 0.5 13.9 156.1 00:00 271 18 7.7 8.8 15:07 6.8 08:44 10.6 0.0 0.0 25.3 156.1 00:00 297 19 6.4 7.5 14:58 5.1 08:38 11.9 0.0 0.3 11.7 156.1 00:00 346 20 8.7 12.5 11:46 6.1 22:32 9.6 0.0 10.9 2.7 156.1 00:00 172 21 6.7 10.7 13:02 3.4 23:34 11.6 0.0 0.3 1.0 156.1 00:00 119 22 4.3 9.8 14:28 0.2 07:35 14.0 0.0 0.0 0.5 156.1 03:26 220 23 4.6 10.3 14:15 0.5 07:46 13.7 0.0 0.0 0.3 8.0 10:27 267 24 5.3 10.9 15:03 1.8 07:39 13.0 0.0 0.0 1.0 156.1 05:39 263 25 4.7 10.4 15:22 0.8 07:43 13.7 0.0 0.0 1.7 156.1 02:08 331 26 3.6 9.9 15:11 -0.8 06:10 14.7 0.0 0.3 2.4 156.1 00:00 269 27 3.5 6.3 16:06 -0.4 00:55 14.9 0.0 0.3 7.0 156.1 00:00 239 28 5.1 8.1 15:41 1.5 03:14 13.3 0.0 0.0 1.3 156.1 00:00 241 29 7.5 11.1 15:01 5.2 22:25 10.8 0.0 0.0 0.6 156.1 22:12 170 30 5.7 8.4 13:15 2.3 07:13 12.6 0.0 0.3 1.7 156.1 02:12 116 --------------------------------------------------------------------------------------- 8.9 19.1 06 -0.8 26 282.6 0.0 27.4 1.6 157.7 08 273 Updated: 12/01/2020 12:00:00 AM