MONTHLY CLIMATOLOGICAL SUMMARY for Aug 2020 NAME: Castelnuovo Bocca d'Adda, Italia ELEV: 55 metri LAT: 45-06.60 N LONG: 009-52.14 E TEMPERATURE (°C), RAIN (mm), WIND SPEED (km/h) HEAT COOL AVG MEAN DEG DEG WIND DOM DAY TEMP HIGH TIME LOW TIME DAYS DAYS RAIN SPEED HIGH TIME DIR --------------------------------------------------------------------------------------- 01 29.6 35.7 16:40 24.2 04:08 0.0 11.3 0.0 1.5 46.7 23:37 343 02 27.0 32.1 16:35 20.9 23:52 0.0 8.7 14.7 5.1 156.1 02:02 123 03 20.8 24.1 11:13 17.3 19:42 0.0 2.4 15.7 3.8 156.1 00:00 93 04 20.7 25.7 17:56 17.5 06:12 0.0 2.4 0.5 1.4 156.1 00:00 264 05 22.3 27.7 16:57 16.1 05:42 0.0 4.0 0.0 1.0 17.7 15:35 120 06 24.2 30.4 15:58 17.5 05:44 0.0 5.8 0.0 0.6 17.7 16:58 23 07 25.9 31.0 16:27 20.3 06:31 0.0 7.6 0.0 1.1 17.7 16:51 114 08 27.3 33.2 17:12 22.0 04:52 0.0 8.9 0.0 0.8 14.5 08:48 19 09 27.4 33.8 16:39 21.3 07:05 0.0 9.1 0.0 0.9 14.5 08:25 5 10 27.8 34.3 15:53 21.8 06:35 0.0 9.4 0.0 1.3 32.2 20:00 306 11 27.5 34.0 18:20 21.9 06:13 0.0 9.2 0.0 0.7 17.7 07:59 310 12 27.5 33.4 15:40 22.3 05:53 0.0 9.2 0.0 2.1 40.2 23:00 101 13 26.8 32.2 16:37 21.8 06:08 0.0 8.4 0.0 0.8 16.1 17:51 348 14 26.1 31.9 16:56 20.9 06:10 0.0 7.7 0.0 2.3 20.9 18:28 7 15 25.9 31.9 16:34 19.9 06:30 0.0 7.6 0.0 0.9 14.5 12:42 104 16 25.9 31.4 14:26 21.6 06:10 0.0 7.6 0.0 1.0 16.1 15:02 60 17 24.3 29.9 15:08 20.2 07:33 0.0 6.0 0.0 2.0 17.7 14:26 276 18 24.0 30.4 17:16 19.8 07:53 0.0 5.7 1.5 2.1 156.1 07:12 302 19 25.2 30.7 17:21 20.6 05:44 0.0 6.8 0.0 1.9 20.9 01:01 62 20 26.5 32.3 15:08 20.5 05:37 0.0 8.2 0.0 1.4 16.1 12:30 77 21 27.9 34.1 16:55 21.7 06:34 0.0 9.6 0.0 1.3 11.3 12:32 28 22 28.2 34.0 17:34 22.2 07:02 0.0 9.8 0.0 1.5 16.1 16:13 359 23 25.4 32.3 16:20 21.1 18:52 0.0 7.0 17.3 3.5 156.1 19:21 100 24 24.0 29.3 15:57 19.4 04:40 0.0 5.6 0.0 1.5 20.9 12:28 107 25 24.8 30.3 17:13 18.9 06:01 0.0 6.4 0.0 1.2 17.7 13:50 111 26 25.4 32.1 17:25 19.4 05:19 0.0 7.1 0.0 1.3 16.1 12:40 318 27 26.4 31.3 16:42 21.6 06:45 0.0 8.1 0.0 1.5 20.9 09:39 111 28 25.8 32.2 15:56 21.3 06:32 0.0 7.5 0.0 3.1 29.0 12:53 132 29 21.4 24.5 00:42 18.4 16:51 0.0 3.0 33.3 1.5 156.1 08:31 109 30 22.4 27.3 13:35 18.9 06:34 0.0 4.0 9.1 8.7 156.1 00:00 201 31 19.3 24.2 15:41 15.8 23:56 0.0 1.0 0.0 1.8 32.2 22:01 276 --------------------------------------------------------------------------------------- 25.3 35.7 01 15.8 31 0.0 215.4 92.2 1.8 156.1 02 105 Updated: 09/01/2020 12:00:00 AM