MONTHLY CLIMATOLOGICAL SUMMARY for Jul 2020 NAME: Castelnuovo Bocca d'Adda, Italia ELEV: 55 metri LAT: 45-06.60 N LONG: 009-52.14 E TEMPERATURE (°C), RAIN (mm), WIND SPEED (km/h) HEAT COOL AVG MEAN DEG DEG WIND DOM DAY TEMP HIGH TIME LOW TIME DAYS DAYS RAIN SPEED HIGH TIME DIR --------------------------------------------------------------------------------------- 01 26.8 30.7 15:49 22.1 05:38 0.0 8.5 0.0 3.7 24.1 10:28 320 02 25.2 32.2 17:45 19.7 06:05 0.0 6.9 9.1 3.6 64.4 21:08 269 03 23.7 28.3 13:07 17.7 23:32 0.0 5.4 20.1 3.8 38.6 22:57 109 04 22.7 29.7 18:48 17.2 04:08 0.0 4.3 9.9 3.0 33.8 09:21 292 05 25.3 30.8 18:17 19.4 05:25 0.0 7.0 0.0 0.4 24.1 11:55 123 06 27.0 32.4 18:07 20.8 05:39 0.0 8.7 0.0 0.6 17.7 12:41 94 07 23.6 26.6 17:37 20.1 23:59 0.0 5.3 0.0 6.4 46.7 06:42 122 08 23.0 28.9 17:01 16.3 06:19 0.0 4.7 0.0 0.5 22.5 11:48 119 09 24.9 31.7 16:22 17.3 05:37 0.0 6.6 0.0 0.6 14.5 13:35 87 10 26.7 33.2 17:40 20.2 06:43 0.0 8.4 0.0 0.9 20.9 23:09 63 11 25.2 31.4 14:44 20.5 23:53 0.0 6.9 0.8 2.3 38.6 15:58 41 12 23.2 28.0 16:44 18.3 05:55 0.0 4.9 0.0 4.8 43.5 14:26 117 13 22.5 27.1 16:19 17.7 06:31 0.0 4.2 0.0 4.6 48.3 11:47 113 14 21.9 26.6 14:34 16.4 04:59 0.0 3.6 0.0 2.0 27.4 11:43 108 15 22.9 28.2 14:41 17.9 04:44 0.0 4.5 0.0 1.3 22.5 15:45 159 16 23.9 30.6 17:56 17.6 06:33 0.0 5.6 0.0 0.8 20.9 12:52 344 17 23.4 27.8 17:00 19.5 06:08 0.0 5.1 0.0 4.1 37.0 11:11 117 18 23.3 28.7 18:58 18.1 06:37 0.0 5.0 0.0 4.5 40.2 10:04 111 19 24.0 30.2 17:16 17.1 05:57 0.0 5.7 0.0 0.9 17.7 01:38 30 20 25.9 32.2 17:31 19.5 06:13 0.0 7.6 0.0 1.2 16.1 15:30 336 21 26.7 32.5 17:28 21.1 06:05 0.0 8.4 0.0 2.1 16.1 10:13 342 22 26.9 34.2 17:23 20.6 22:08 0.0 8.5 24.1 2.2 57.9 21:49 318 23 25.4 31.6 17:18 20.6 04:28 0.0 7.0 0.0 1.3 16.1 01:52 111 24 21.1 24.6 00:00 16.1 08:16 0.0 2.8 10.4 5.6 57.9 07:36 57 25 23.0 30.1 17:53 16.8 05:28 0.0 4.6 0.0 1.0 19.3 11:31 298 26 24.9 30.7 17:08 19.2 06:08 0.0 6.6 0.0 0.7 16.1 14:08 35 27 26.5 31.6 16:54 21.2 06:13 0.0 8.2 0.0 0.8 14.5 15:14 113 28 27.2 32.9 16:12 21.4 06:05 0.0 8.9 0.0 1.1 32.2 22:28 55 29 27.7 33.2 17:33 21.9 05:00 0.0 9.4 0.0 1.2 14.5 13:57 75 30 29.9 35.2 16:56 25.0 06:12 0.0 11.5 0.0 1.2 11.3 11:14 31 31 29.8 35.1 16:44 24.1 06:52 0.0 11.4 0.0 2.0 17.7 13:42 324 --------------------------------------------------------------------------------------- 25.0 35.2 30 16.1 24 0.0 205.9 74.4 2.2 64.4 02 95 Updated: 08/01/2020 12:00:00 AM