MONTHLY CLIMATOLOGICAL SUMMARY for Mar 2020 NAME: Castelnuovo Bocca d'Adda, Italia ELEV: 55 metri LAT: 45-06.60 N LONG: 009-52.14 E TEMPERATURE (°C), RAIN (mm), WIND SPEED (km/h) HEAT COOL AVG MEAN DEG DEG WIND DOM DAY TEMP HIGH TIME LOW TIME DAYS DAYS RAIN SPEED HIGH TIME DIR --------------------------------------------------------------------------------------- 01 6.5 7.5 16:20 5.4 23:51 11.8 0.0 3.8 6.8 156.1 04:10 296 02 5.5 9.3 18:42 1.6 07:15 12.8 0.0 15.2 25.3 156.1 00:00 253 03 7.7 11.8 14:43 5.3 00:40 10.6 0.0 7.1 3.0 156.1 00:48 162 04 7.8 13.4 14:22 2.7 04:45 10.5 0.0 0.0 2.3 156.1 02:47 176 05 6.1 8.7 13:39 3.8 07:23 12.2 0.0 17.0 2.6 156.1 15:26 119 06 6.4 9.3 16:31 3.8 07:04 12.0 0.0 4.1 3.9 156.1 00:01 314 07 9.1 15.8 15:07 4.7 06:49 9.2 0.0 0.0 2.5 27.4 19:52 259 08 9.3 15.1 16:38 3.1 07:31 9.0 0.0 0.0 0.8 17.7 00:04 234 09 6.8 8.8 12:34 4.2 05:48 11.5 0.0 0.0 2.7 19.3 16:30 251 10 9.5 15.8 16:22 4.7 06:07 8.9 0.0 0.0 2.8 22.5 11:51 286 11 11.9 18.8 16:31 5.1 06:29 6.5 0.0 0.0 1.2 11.3 10:39 212 12 11.8 15.8 16:20 6.0 07:02 6.5 0.0 0.0 1.1 14.5 12:02 344 13 14.5 19.2 16:52 10.9 05:27 3.8 0.0 0.0 3.3 24.1 21:39 155 14 10.5 13.6 00:00 6.7 23:54 7.8 0.0 0.5 6.2 156.1 11:46 122 15 9.5 14.4 14:57 3.8 06:55 8.8 0.0 0.0 2.6 156.1 03:39 116 16 9.6 15.7 16:18 3.4 05:17 8.7 0.0 0.0 0.8 14.5 11:29 121 17 10.3 17.2 15:40 3.8 06:21 8.0 0.0 0.0 0.5 9.7 15:00 159 18 12.3 20.2 16:09 5.1 06:36 6.1 0.0 0.0 0.2 156.1 05:35 87 19 13.8 21.6 15:43 6.7 06:48 4.6 0.0 0.0 1.4 16.1 08:49 246 20 13.1 17.7 15:49 8.3 05:56 5.3 0.0 0.0 1.0 16.1 15:32 270 21 13.2 19.8 15:03 7.3 05:32 5.2 0.0 0.0 2.4 22.5 21:11 118 22 11.6 15.2 15:30 9.4 22:29 6.8 0.0 0.0 11.1 156.1 01:49 118 23 6.4 9.7 00:00 2.9 23:50 12.0 0.0 0.0 9.2 48.3 02:33 117 24 5.7 12.0 14:17 -0.7 06:17 12.7 0.0 0.0 1.2 24.1 19:55 128 25 6.4 9.9 12:38 3.5 23:50 12.0 0.0 0.0 8.5 40.2 12:06 119 26 3.8 5.1 11:40 1.7 06:00 14.6 0.0 0.5 3.3 156.1 13:18 148 27 8.3 12.1 11:57 4.2 00:00 10.0 0.0 0.0 4.6 157.7 07:25 237 28 12.8 19.3 17:07 8.1 06:46 5.5 0.0 0.0 2.9 156.1 00:22 235 29 13.9 20.3 15:37 6.7 06:07 4.4 0.0 0.0 2.2 156.1 00:00 136 30 11.8 16.3 14:50 6.3 23:59 6.6 0.0 2.0 12.2 156.1 02:19 118 31 6.4 9.9 16:45 3.9 02:10 11.9 0.0 4.3 6.7 156.1 03:32 119 --------------------------------------------------------------------------------------- 9.4 21.6 19 -0.7 24 276.2 0.0 54.6 3.4 157.7 27 126 Updated: 04/01/2020 12:00:00 AM