MONTHLY CLIMATOLOGICAL SUMMARY for Feb 2020 NAME: Castelnuovo Bocca d'Adda, Italia ELEV: 55 metri LAT: 45-06.60 N LONG: 009-52.14 E TEMPERATURE (°C), RAIN (mm), WIND SPEED (km/h) HEAT COOL AVG MEAN DEG DEG WIND DOM DAY TEMP HIGH TIME LOW TIME DAYS DAYS RAIN SPEED HIGH TIME DIR --------------------------------------------------------------------------------------- 01 8.0 8.9 15:14 6.4 23:55 10.3 0.0 0.5 1.8 156.1 10:06 323 02 6.1 7.0 14:50 5.2 06:50 12.2 0.0 0.3 18.4 156.1 00:00 292 03 6.4 7.3 12:43 5.1 08:45 12.0 0.0 0.3 22.7 156.1 00:00 278 04 8.5 15.0 12:51 5.7 04:55 9.8 0.0 0.3 16.9 156.1 00:12 318 05 8.6 14.2 15:06 3.3 23:59 9.7 0.0 0.0 10.3 51.5 11:23 318 06 5.6 12.8 16:02 0.8 03:28 12.7 0.0 0.0 1.2 11.3 02:49 271 07 5.5 12.8 16:49 -0.4 06:37 12.9 0.0 0.0 1.6 14.5 14:10 291 08 5.7 12.0 14:46 0.4 07:41 12.7 0.0 0.0 0.4 9.7 10:11 257 09 5.1 9.5 15:26 1.3 06:54 13.2 0.0 0.0 1.2 11.3 09:46 309 10 6.4 10.1 16:00 3.9 23:26 12.0 0.0 0.0 3.3 156.1 05:56 279 11 10.2 18.9 14:40 -0.4 07:02 8.1 0.0 0.3 8.5 156.1 00:00 287 12 10.5 15.8 14:42 4.7 23:24 7.8 0.0 0.0 6.3 24.1 10:32 273 13 6.9 12.5 14:23 1.4 07:56 11.5 0.0 0.0 0.8 156.1 22:22 56 14 8.7 14.5 15:50 4.4 07:10 9.6 0.0 0.3 5.3 156.1 00:04 303 15 7.5 14.2 15:53 0.8 07:52 10.8 0.0 0.0 0.8 156.1 03:02 203 16 8.4 13.5 15:54 2.5 06:51 9.9 0.0 0.0 1.1 156.1 01:54 300 17 9.6 10.8 14:40 8.5 07:10 8.7 0.0 0.0 1.0 156.1 20:16 278 18 10.1 14.1 15:04 6.4 23:59 8.2 0.0 0.0 3.0 156.1 00:02 293 19 8.4 13.7 15:05 4.4 01:46 10.0 0.0 0.0 5.8 156.1 00:00 288 20 7.8 14.3 17:08 1.6 07:15 10.5 0.0 0.0 0.4 8.0 01:49 133 21 7.6 14.4 16:01 1.8 06:57 10.7 0.0 0.0 2.1 19.3 10:37 318 22 8.2 14.3 16:11 1.8 07:16 10.1 0.0 0.0 1.6 156.1 06:24 308 23 9.3 15.0 15:22 4.6 07:08 9.0 0.0 0.0 2.0 19.3 13:14 284 24 10.8 15.5 14:53 6.6 08:15 7.5 0.0 0.0 4.4 156.1 06:59 121 25 10.6 14.2 13:48 8.0 00:01 7.8 0.0 0.0 0.8 11.3 06:27 343 26 9.7 15.3 12:59 6.0 07:20 8.6 0.0 0.0 17.5 156.1 00:55 295 27 7.8 12.7 14:35 2.2 07:15 10.6 0.0 0.0 5.3 33.8 00:24 297 28 9.7 15.8 15:26 4.6 06:11 8.6 0.0 0.0 7.5 40.2 05:16 286 29 7.3 10.6 13:05 2.9 03:31 11.0 0.0 0.0 2.1 17.7 13:35 80 --------------------------------------------------------------------------------------- 8.1 18.9 11 -0.4 11 296.5 0.0 1.8 4.0 156.1 01 297 Updated: 03/01/2020 12:00:00 AM