MONTHLY CLIMATOLOGICAL SUMMARY for Jan 2020 NAME: Castelnuovo Bocca d'Adda, Italia ELEV: 55 metri LAT: 45-06.60 N LONG: 009-52.14 E TEMPERATURE (°C), RAIN (mm), WIND SPEED (km/h) HEAT COOL AVG MEAN DEG DEG WIND DOM DAY TEMP HIGH TIME LOW TIME DAYS DAYS RAIN SPEED HIGH TIME DIR --------------------------------------------------------------------------------------- 01 3.5 8.1 15:04 -0.9 23:46 14.9 0.0 0.0 0.9 156.1 03:19 248 02 1.0 5.5 15:53 -2.5 03:52 17.3 0.0 0.3 49.9 156.1 00:00 276 03 4.3 8.9 14:43 0.8 02:37 14.0 0.0 0.0 2.2 156.1 00:00 287 04 5.3 11.1 15:26 1.9 03:22 13.0 0.0 0.3 2.6 156.1 22:15 294 05 5.1 10.8 15:45 0.4 07:50 13.3 0.0 0.0 2.4 156.1 00:00 50 06 0.5 3.4 00:19 -1.7 08:16 17.8 0.0 0.3 4.5 156.1 01:05 270 07 0.8 1.6 14:40 -0.6 02:16 17.6 0.0 0.3 31.2 156.1 00:00 275 08 0.4 1.8 15:14 -0.9 03:21 17.9 0.0 0.0 32.7 156.1 00:00 281 09 0.0 3.7 15:57 -2.3 23:35 18.3 0.0 0.0 8.0 156.1 00:00 270 10 3.4 8.1 13:25 -2.3 02:18 15.0 0.0 0.3 1.4 156.1 03:57 279 11 4.6 10.1 15:00 -0.8 07:30 13.8 0.0 0.0 1.7 156.1 08:00 288 12 3.2 9.2 15:00 -1.9 08:07 15.2 0.0 0.3 3.0 156.1 00:00 275 13 1.0 6.1 15:34 -2.8 07:38 17.4 0.0 0.3 2.9 156.1 00:00 293 14 3.0 5.3 15:03 0.4 01:04 15.3 0.0 0.3 2.0 156.1 04:11 287 15 5.0 6.3 14:16 4.0 07:19 13.3 0.0 0.0 0.9 156.1 23:42 270 16 5.7 9.1 15:45 1.7 23:50 12.7 0.0 0.0 1.3 156.1 00:00 255 17 4.6 9.9 14:49 -0.9 06:50 13.8 0.0 2.8 4.9 156.1 00:00 282 18 5.5 6.9 16:08 1.8 23:59 12.8 0.0 13.7 45.4 156.1 00:01 297 19 2.9 5.6 15:47 0.1 01:45 15.5 0.0 0.3 4.4 156.1 00:00 289 20 5.5 9.5 13:16 2.4 02:02 12.8 0.0 0.0 1.6 156.1 00:00 67 21 3.0 6.3 13:39 -0.4 08:06 15.3 0.0 0.0 0.8 8.0 10:54 284 22 3.1 8.6 14:49 -0.3 07:26 15.2 0.0 0.0 2.0 19.3 13:08 279 23 3.4 8.5 14:50 -0.1 07:50 14.9 0.0 0.0 1.0 156.1 06:34 241 24 3.4 7.8 14:47 0.1 04:29 14.9 0.0 0.0 2.0 156.1 03:09 246 25 4.8 6.3 15:14 3.3 02:26 13.5 0.0 1.8 0.6 156.1 07:12 258 26 6.5 10.2 15:35 3.8 22:55 11.9 0.0 0.0 2.4 156.1 00:00 279 27 5.6 10.1 14:45 0.3 08:40 12.8 0.0 0.3 2.1 156.1 00:05 281 28 6.7 8.2 12:15 5.5 20:38 11.6 0.0 0.3 6.4 156.1 00:05 284 29 7.7 14.0 14:28 2.2 08:06 10.6 0.0 0.0 6.2 156.1 04:26 273 30 6.3 11.1 14:56 2.8 08:07 12.0 0.0 0.0 1.5 156.1 22:31 276 31 6.7 12.2 15:37 1.5 06:48 11.6 0.0 0.0 4.4 156.1 00:00 243 --------------------------------------------------------------------------------------- 3.9 14.0 29 -2.8 13 446.0 0.0 21.1 2.4 156.1 01 277 Updated: 02/01/2020 12:00:00 AM