MONTHLY CLIMATOLOGICAL SUMMARY for Nov 2019 NAME: Castelnuovo Bocca d'Adda, Italia ELEV: 55 metri LAT: 45-06.60 N LONG: 009-52.14 E TEMPERATURE (°C), RAIN (mm), WIND SPEED (km/h) HEAT COOL AVG MEAN DEG DEG WIND DOM DAY TEMP HIGH TIME LOW TIME DAYS DAYS RAIN SPEED HIGH TIME DIR --------------------------------------------------------------------------------------- 01 11.6 13.1 12:50 10.4 05:56 6.8 0.0 0.0 0.9 14.5 10:35 117 02 10.1 11.7 00:01 9.3 07:39 8.2 0.0 2.5 3.2 156.1 05:02 120 03 10.9 13.7 15:02 9.7 02:50 7.5 0.0 37.6 17.2 156.1 00:00 135 04 11.7 17.2 16:10 7.2 07:35 6.6 0.0 0.3 2.9 156.1 00:00 79 05 12.6 15.9 14:31 9.1 23:47 5.7 0.0 3.0 2.3 156.1 01:31 43 06 9.7 11.7 12:08 8.1 01:26 8.6 0.0 3.6 6.1 156.1 00:00 326 07 8.7 11.1 13:41 4.0 07:33 9.7 0.0 3.8 6.6 156.1 00:22 136 08 10.8 12.3 15:22 9.9 02:07 7.5 0.0 23.6 3.8 156.1 00:54 85 09 9.6 12.8 13:53 6.6 23:24 8.7 0.0 4.1 2.5 156.1 01:57 278 10 7.5 11.3 13:15 4.1 04:33 10.8 0.0 0.3 3.1 156.1 00:10 267 11 7.3 8.2 13:18 5.4 01:32 11.1 0.0 6.4 6.8 156.1 00:00 270 12 7.9 9.2 21:24 7.0 09:11 10.4 0.0 6.4 35.4 156.1 00:00 275 13 8.7 13.7 15:15 5.1 23:34 9.6 0.0 0.3 3.9 156.1 00:18 297 14 7.3 11.2 21:28 1.8 07:27 11.0 0.0 0.0 4.0 45.1 23:00 110 15 8.3 11.3 06:09 5.7 23:05 10.0 0.0 11.7 14.3 156.1 02:24 86 16 7.1 8.3 12:18 5.6 06:06 11.2 0.0 10.2 5.4 156.1 00:00 236 17 6.8 8.6 15:28 5.2 20:26 11.6 0.0 18.5 14.0 156.1 00:00 237 18 6.4 9.0 13:19 2.4 08:17 11.9 0.0 10.7 6.5 156.1 00:17 247 19 7.8 8.8 15:22 7.1 01:37 10.5 0.0 18.5 33.2 156.1 00:00 303 20 9.0 11.6 14:35 7.8 00:27 9.4 0.0 0.3 3.1 156.1 00:00 289 21 9.4 11.8 11:51 7.4 07:03 8.9 0.0 0.3 2.0 156.1 06:19 100 22 10.0 11.1 14:34 8.9 05:13 8.3 0.0 0.5 5.2 156.1 04:37 120 23 12.1 14.1 23:24 10.2 01:47 6.3 0.0 5.3 20.8 156.1 18:43 101 24 12.7 14.1 00:00 11.8 05:28 5.7 0.0 13.7 14.7 156.1 12:12 82 25 13.0 17.3 14:52 10.1 23:06 5.3 0.0 0.5 3.3 156.1 00:43 265 26 9.7 12.3 14:10 7.6 23:59 8.7 0.0 0.3 1.3 156.1 01:25 311 27 9.2 10.4 15:45 6.8 01:22 9.1 0.0 14.5 38.6 156.1 00:00 112 28 9.7 11.8 14:20 7.9 05:01 8.6 0.0 0.3 3.3 156.1 00:00 280 29 6.7 8.3 00:00 4.6 05:38 11.7 0.0 0.3 N/A 156.1 00:00 90 30 5.3 6.6 18:18 2.9 08:33 13.1 0.0 0.0 6.0 157.7 06:02 127 --------------------------------------------------------------------------------------- 9.2 17.3 25 1.8 14 272.5 0.0 197.1 4.3 157.7 30 103 Updated: 12/01/2019 12:00:00 AM