MONTHLY CLIMATOLOGICAL SUMMARY for Jul 2019 NAME: Castelnuovo Bocca d'Adda, Italia ELEV: 55 metri LAT: 45-06.60 N LONG: 009-52.14 E TEMPERATURE (°C), RAIN (mm), WIND SPEED (km/h) HEAT COOL AVG MEAN DEG DEG WIND DOM DAY TEMP HIGH TIME LOW TIME DAYS DAYS RAIN SPEED HIGH TIME DIR --------------------------------------------------------------------------------------- 01 27.0 35.9 14:45 21.6 23:45 0.0 8.7 0.0 3.5 156.1 01:59 144 02 27.9 35.2 17:36 21.6 00:00 0.0 9.5 0.0 4.7 156.1 00:00 307 03 26.4 33.8 17:45 19.4 20:54 0.0 8.1 16.8 4.0 156.1 05:26 107 04 25.2 31.0 15:58 19.2 05:42 0.0 6.8 0.0 22.5 156.1 00:00 59 05 27.6 34.6 18:41 21.1 06:14 0.0 9.3 0.0 7.5 156.1 00:00 276 06 28.7 34.2 17:21 22.1 06:10 0.0 10.3 0.0 2.9 156.1 04:07 296 07 26.9 32.6 15:12 22.3 06:07 0.0 8.6 5.3 6.9 156.1 00:31 297 08 26.6 33.4 15:49 20.2 05:20 0.0 8.3 0.0 5.5 156.1 00:00 110 09 23.2 28.1 13:50 19.8 16:50 0.0 4.8 2.3 10.8 156.1 04:13 126 10 23.8 28.9 16:45 20.2 01:06 0.0 5.5 0.0 9.1 156.1 00:00 121 11 23.3 27.8 16:04 18.3 05:44 0.0 5.0 0.0 4.0 156.1 21:26 110 12 24.6 31.7 17:51 19.3 06:03 0.0 6.3 0.0 2.9 33.8 21:57 116 13 24.6 30.6 17:00 19.1 06:11 0.0 6.3 0.0 2.9 43.5 23:04 112 14 23.0 29.4 16:52 16.4 04:41 0.0 4.7 0.8 4.0 156.1 23:20 119 15 19.5 22.5 19:37 17.2 07:38 0.0 1.2 22.1 2.6 156.1 00:00 91 16 22.6 29.5 18:12 16.1 05:29 0.0 4.3 0.0 30.9 156.1 00:00 299 17 24.6 30.9 16:34 17.7 05:36 0.0 6.3 0.0 34.8 156.1 00:00 50 18 23.4 28.7 16:36 19.1 04:49 0.0 5.0 0.0 7.4 157.7 17:13 143 19 25.4 31.6 16:40 19.2 05:50 0.0 7.1 0.0 4.1 156.1 00:00 139 20 26.6 33.0 18:05 20.2 06:18 0.0 8.3 0.0 3.2 156.1 02:48 236 21 27.3 33.2 17:24 20.8 06:48 0.0 9.0 0.0 3.6 25.7 17:23 279 22 28.1 34.1 17:15 21.6 06:53 0.0 9.8 0.0 1.3 156.1 07:26 251 23 29.1 35.3 17:29 23.1 06:44 0.0 10.8 0.0 1.9 156.1 02:56 83 24 30.0 36.6 17:10 24.1 04:51 0.0 11.6 0.0 1.2 156.1 04:37 226 25 30.3 36.3 15:47 24.5 05:58 0.0 11.9 0.0 1.4 143.2 03:54 80 26 30.0 37.4 16:05 23.9 06:05 0.0 11.7 0.0 2.7 20.9 00:07 281 27 24.2 31.4 13:39 18.9 23:21 0.0 5.9 9.1 2.5 156.1 17:01 112 28 22.6 27.3 18:26 18.9 01:26 0.0 4.3 0.3 46.0 156.1 00:00 51 29 25.9 33.2 16:49 19.7 06:10 0.0 7.5 0.0 2.1 156.1 00:00 326 30 26.9 34.0 19:04 20.6 06:14 0.0 8.6 0.0 1.0 14.5 08:03 273 31 26.1 31.1 18:49 21.0 06:07 0.0 7.7 0.0 2.1 156.1 09:03 312 --------------------------------------------------------------------------------------- 25.9 37.4 26 16.1 16 0.0 233.1 56.6 3.6 157.7 18 119 Updated: 08/01/2019 12:00:00 AM