MONTHLY CLIMATOLOGICAL SUMMARY for Jun 2019 NAME: Castelnuovo Bocca d'Adda, Italia ELEV: 55 metri LAT: 45-06.60 N LONG: 009-52.14 E TEMPERATURE (°C), RAIN (mm), WIND SPEED (km/h) HEAT COOL AVG MEAN DEG DEG WIND DOM DAY TEMP HIGH TIME LOW TIME DAYS DAYS RAIN SPEED HIGH TIME DIR --------------------------------------------------------------------------------------- 01 21.1 28.7 18:13 13.5 04:52 0.0 2.7 0.0 6.4 156.1 01:32 155 02 23.6 31.1 18:11 15.8 05:55 0.0 5.3 0.3 7.4 156.1 00:00 209 03 24.9 31.6 16:49 17.3 06:04 0.0 6.5 0.0 6.3 156.1 00:00 337 04 25.2 31.9 17:14 18.2 05:41 0.0 6.8 0.0 2.3 156.1 06:23 265 05 24.3 30.6 16:38 18.7 05:22 0.0 6.0 0.0 3.4 156.1 07:25 280 06 22.8 27.3 16:14 17.8 05:15 0.0 4.4 0.0 6.6 156.1 05:03 188 07 22.2 27.9 16:52 14.0 06:15 0.0 3.9 0.0 3.3 22.5 14:05 114 08 23.8 30.1 17:10 18.2 05:30 0.0 5.5 0.0 1.7 22.5 14:02 52 09 22.2 26.9 15:41 16.9 05:13 0.0 3.9 0.0 5.2 156.1 12:37 262 10 24.3 29.2 17:45 19.7 06:10 0.0 6.0 0.0 7.0 156.1 03:52 134 11 25.1 30.8 18:00 19.9 05:41 0.0 6.8 0.0 4.1 156.1 02:09 292 12 25.2 30.8 15:05 20.4 03:36 0.0 6.9 0.0 4.4 156.1 02:56 186 13 22.7 29.6 17:41 14.3 05:49 0.0 4.4 0.0 1.8 17.7 08:54 331 14 23.9 30.3 17:28 16.7 06:02 0.0 5.6 0.0 6.0 156.1 22:11 127 15 25.0 30.7 18:05 19.8 05:37 0.0 6.7 0.0 5.7 156.1 05:25 293 16 24.9 31.1 17:22 18.4 05:57 0.0 6.5 0.0 9.0 156.1 04:48 286 17 25.4 31.3 16:08 18.3 02:34 0.0 7.1 0.0 3.3 29.0 12:38 130 18 26.2 32.5 18:08 19.6 05:13 0.0 7.9 0.0 2.0 156.1 04:19 134 19 26.8 32.9 17:10 21.1 05:55 0.0 8.4 0.0 4.2 25.7 07:54 273 20 26.1 32.6 14:42 18.7 05:13 0.0 7.8 0.0 2.7 25.7 18:37 289 21 25.4 33.1 16:35 18.1 06:01 0.0 7.1 0.0 2.2 17.7 10:34 285 22 22.2 25.1 17:40 19.1 23:41 0.0 3.9 0.0 6.7 156.1 08:36 319 23 23.8 30.8 17:58 16.9 04:54 0.0 5.5 0.0 4.2 156.1 00:04 274 24 26.7 33.2 15:47 19.1 05:44 0.0 8.4 0.0 2.6 156.1 01:59 115 25 28.1 34.7 16:47 21.2 05:44 0.0 9.8 0.0 2.9 156.1 02:02 129 26 29.4 35.2 17:39 22.5 05:58 0.0 11.0 0.0 1.2 156.1 02:57 126 27 30.8 38.0 17:00 23.7 05:48 0.0 12.5 0.0 6.6 156.1 05:20 282 28 30.7 35.3 15:47 26.2 06:05 0.0 12.4 0.0 7.0 156.1 03:11 123 29 28.6 33.7 16:56 24.2 06:13 0.0 10.3 0.0 7.2 30.6 08:57 112 30 28.8 35.3 18:02 22.1 06:09 0.0 10.4 0.0 1.3 16.1 11:55 98 --------------------------------------------------------------------------------------- 25.3 38.0 27 13.5 01 0.0 210.4 0.3 4.3 156.1 01 213 Updated: 07/01/2019 12:00:00 AM