MONTHLY CLIMATOLOGICAL SUMMARY for May 2019 NAME: Castelnuovo Bocca d'Adda, Italia ELEV: 55 metri LAT: 45-06.60 N LONG: 009-52.14 E TEMPERATURE (°C), RAIN (mm), WIND SPEED (km/h) HEAT COOL AVG MEAN DEG DEG WIND DOM DAY TEMP HIGH TIME LOW TIME DAYS DAYS RAIN SPEED HIGH TIME DIR --------------------------------------------------------------------------------------- 01 17.4 23.7 17:29 12.3 04:28 0.9 0.0 0.0 4.6 156.1 00:00 256 02 16.4 22.6 16:34 10.8 05:29 1.9 0.0 0.0 5.4 156.1 05:28 267 03 14.9 18.8 15:52 12.8 06:24 3.4 0.0 0.3 31.4 156.1 00:00 28 04 14.9 21.2 17:54 10.1 06:39 3.5 0.0 0.0 6.4 156.1 00:00 257 05 8.7 13.3 00:00 6.8 09:24 9.7 0.0 0.3 33.0 156.1 01:19 68 06 11.9 18.3 17:30 6.9 04:13 6.4 0.0 0.3 20.4 156.1 00:00 142 07 13.7 19.7 16:29 7.7 06:11 4.7 0.0 0.0 60.9 156.1 00:03 167 08 11.8 13.2 00:00 10.4 06:43 6.6 0.0 0.0 13.7 156.1 00:00 264 09 13.9 19.8 18:03 9.8 04:10 4.4 0.0 0.3 35.9 157.7 23:51 296 10 16.7 23.1 17:09 11.3 06:50 1.7 0.0 0.0 34.1 156.1 00:00 128 11 15.9 22.0 17:35 11.4 19:30 2.4 0.0 0.0 19.4 156.1 00:00 204 12 12.3 14.8 15:50 10.4 07:01 6.0 0.0 0.0 20.6 156.1 00:05 175 13 14.8 18.7 13:30 11.6 03:43 3.5 0.0 0.3 21.1 157.7 06:04 169 14 14.6 18.3 14:25 10.4 23:56 3.8 0.0 0.0 5.6 156.1 00:00 120 15 10.0 13.7 18:01 6.4 06:19 8.4 0.0 0.0 25.2 156.1 01:09 67 16 13.6 19.4 16:22 6.6 05:06 4.8 0.0 0.0 47.0 156.1 00:00 155 17 14.8 19.6 15:21 10.4 05:34 3.5 0.0 0.3 N/A 156.1 00:00 90 18 13.1 14.8 15:09 11.6 04:30 5.2 0.0 0.3 24.0 156.1 00:00 26 19 12.7 13.6 20:00 11.8 10:51 5.7 0.0 0.5 20.2 156.1 00:00 351 20 14.3 16.4 17:04 12.5 05:05 4.0 0.0 0.5 9.1 156.1 00:00 330 21 17.5 25.1 17:19 12.3 06:52 0.8 0.0 0.3 15.1 156.1 00:00 187 22 18.6 24.6 17:50 12.9 06:26 0.0 0.3 0.3 19.2 156.1 00:00 296 23 19.8 26.1 18:05 14.6 06:01 0.0 1.5 0.0 28.2 156.1 00:10 168 24 20.2 26.6 16:18 14.5 06:02 0.0 1.9 0.3 15.4 156.1 00:04 251 25 18.3 24.8 15:26 14.6 06:13 0.1 0.0 0.0 30.3 162.5 18:17 268 26 17.8 22.0 15:53 13.9 06:25 0.5 0.0 0.3 27.6 156.1 00:16 92 27 15.8 17.6 00:05 14.6 10:49 2.5 0.0 0.0 34.9 156.1 00:00 80 28 16.3 22.1 14:32 13.7 23:55 2.0 0.0 0.3 37.6 156.1 00:00 90 29 15.0 18.2 15:41 12.1 06:51 3.3 0.0 0.0 27.4 157.7 14:53 201 30 18.1 23.2 15:44 13.1 05:34 0.3 0.0 0.3 14.1 156.1 00:00 158 31 19.7 25.6 18:32 13.6 06:04 0.0 1.3 0.0 19.3 156.1 00:36 170 --------------------------------------------------------------------------------------- 15.3 26.6 24 6.4 15 99.8 5.0 4.3 13.3 162.5 25 163 Updated: 06/01/2019 12:00:00 AM