MONTHLY CLIMATOLOGICAL SUMMARY for Mar 2019 NAME: Castelnuovo Bocca d'Adda, Italia ELEV: 55 metri LAT: 45-06.60 N LONG: 009-52.14 E TEMPERATURE (°C), RAIN (mm), WIND SPEED (km/h) HEAT COOL AVG MEAN DEG DEG WIND DOM DAY TEMP HIGH TIME LOW TIME DAYS DAYS RAIN SPEED HIGH TIME DIR --------------------------------------------------------------------------------------- 01 9.3 16.7 15:52 3.2 07:48 9.0 0.0 0.0 12.2 156.1 00:00 146 02 10.0 16.7 15:33 1.4 05:25 8.4 0.0 0.0 5.2 156.1 00:02 273 03 10.8 18.1 15:30 3.3 07:07 7.5 0.0 0.0 2.1 156.1 00:00 319 04 8.3 11.8 13:54 4.3 07:23 10.0 0.0 0.5 30.6 157.7 13:07 308 05 9.7 18.1 16:32 2.3 07:08 8.6 0.0 0.0 2.9 156.1 00:09 283 06 9.5 14.6 15:00 2.7 06:11 8.8 0.0 0.0 7.5 156.1 01:51 93 07 13.2 19.4 13:24 8.9 06:28 5.1 0.0 0.0 9.4 156.1 00:04 223 08 12.2 18.9 16:17 4.8 06:36 6.2 0.0 0.0 4.3 157.7 04:20 232 09 12.1 18.9 16:04 4.6 06:51 6.3 0.0 0.0 6.0 156.1 02:54 279 10 11.7 18.2 15:57 5.5 05:11 6.7 0.0 0.0 5.1 156.1 00:32 285 11 11.6 17.9 11:58 7.0 23:50 6.7 0.0 0.0 19.0 156.1 00:00 313 12 9.2 15.5 16:01 4.2 07:20 9.2 0.0 0.0 7.9 32.2 09:09 284 13 7.4 13.7 14:59 2.7 06:29 10.9 0.0 0.0 4.2 156.1 20:20 161 14 8.7 16.2 16:23 0.1 04:29 9.6 0.0 0.0 5.7 156.1 00:00 293 15 14.4 23.3 15:53 5.8 06:35 3.9 0.0 0.0 10.0 35.4 16:22 284 16 14.6 23.9 16:42 6.3 06:56 3.8 0.0 0.0 5.3 156.1 03:22 265 17 11.6 15.4 15:23 6.7 04:04 6.8 0.0 0.0 4.7 156.1 00:00 18 18 10.9 15.4 14:42 7.3 23:57 7.4 0.0 5.3 4.8 156.1 00:00 112 19 8.5 13.6 16:03 3.3 06:29 9.8 0.0 0.0 7.5 156.1 00:00 135 20 8.9 14.3 15:36 3.7 06:45 9.4 0.0 0.0 6.8 156.1 03:14 108 21 9.4 15.8 15:53 2.5 05:59 9.0 0.0 0.0 1.2 22.5 14:29 69 22 11.0 19.5 16:44 3.3 06:24 7.3 0.0 0.0 2.1 24.1 14:55 238 23 13.6 22.2 14:04 5.1 06:11 4.8 0.0 0.0 2.0 20.9 07:49 257 24 15.1 23.7 16:07 6.6 06:24 3.2 0.0 0.0 3.4 22.5 07:41 280 25 15.3 22.9 15:43 7.6 06:30 3.1 0.0 0.0 8.1 48.3 20:07 298 26 10.3 15.6 15:29 6.0 06:49 8.0 0.0 0.0 8.0 148.1 02:15 127 27 9.9 15.6 15:27 4.3 05:23 8.5 0.0 0.0 5.0 30.6 11:50 119 28 10.4 15.9 15:38 4.3 06:56 7.9 0.0 0.0 3.5 27.4 10:43 114 29 11.3 18.2 15:38 3.9 06:40 7.0 0.0 0.0 2.1 141.6 04:54 188 30 12.7 21.0 16:19 5.2 05:55 5.6 0.0 0.0 1.9 17.7 08:52 242 31 14.0 22.1 17:21 6.2 04:40 4.3 0.0 0.0 2.6 25.7 09:49 272 --------------------------------------------------------------------------------------- 11.1 23.9 16 0.1 14 222.8 0.0 5.8 5.4 157.7 04 273 Updated: 04/01/2019 12:00:00 AM