MONTHLY CLIMATOLOGICAL SUMMARY for Jan 2019 NAME: Castelnuovo Bocca d'Adda, Italia ELEV: 55 metri LAT: 45-06.60 N LONG: 009-52.14 E TEMPERATURE (°C), RAIN (mm), WIND SPEED (km/h) HEAT COOL AVG MEAN DEG DEG WIND DOM DAY TEMP HIGH TIME LOW TIME DAYS DAYS RAIN SPEED HIGH TIME DIR --------------------------------------------------------------------------------------- 01 2.5 5.4 15:33 -0.6 23:52 15.9 0.0 0.0 27.0 156.1 00:00 87 02 1.5 6.6 17:25 -2.3 02:37 16.9 0.0 0.3 10.8 156.1 00:26 221 03 2.0 6.6 15:17 -1.8 23:27 16.4 0.0 0.0 7.1 156.1 00:21 282 04 -0.2 4.9 14:52 -4.2 07:12 18.5 0.0 0.0 9.4 156.1 00:09 283 05 -0.0 4.6 15:57 -2.9 06:28 18.3 0.0 0.0 7.1 156.1 00:00 246 06 2.3 9.9 15:01 -3.0 07:45 16.1 0.0 0.0 22.3 156.1 00:00 150 07 1.9 6.8 14:14 -2.0 07:35 16.4 0.0 0.0 18.8 156.1 00:00 141 08 0.5 2.2 14:28 -2.4 02:00 17.9 0.0 0.3 29.7 156.1 00:00 183 09 3.2 9.3 14:58 -1.3 08:39 15.1 0.0 0.0 33.4 156.1 00:00 312 10 3.4 9.2 15:05 -0.4 04:52 14.9 0.0 0.0 8.0 156.1 00:00 269 11 1.7 7.3 15:00 -2.2 07:35 16.6 0.0 0.0 5.1 157.7 14:10 292 12 1.1 6.2 15:37 -2.3 07:57 17.2 0.0 0.0 3.2 156.1 02:53 267 13 1.6 7.3 14:18 -2.6 08:01 16.7 0.0 0.0 3.7 156.1 03:14 232 14 8.5 15.5 14:00 0.7 00:00 9.8 0.0 0.0 26.1 156.1 00:00 331 15 6.4 12.1 15:52 2.2 23:13 11.9 0.0 0.0 3.2 156.1 00:50 287 16 4.0 8.6 14:21 -0.6 08:04 14.3 0.0 0.0 4.5 156.1 00:10 287 17 4.8 5.9 00:31 3.8 10:07 13.6 0.0 2.8 33.1 156.1 00:00 343 18 5.2 7.8 14:49 3.1 09:23 13.2 0.0 5.1 0.0 156.1 00:00 90 19 3.8 5.8 14:11 2.3 07:58 14.5 0.0 4.3 25.5 156.1 00:00 141 20 2.9 5.5 15:49 0.8 09:01 15.4 0.0 0.0 38.1 156.1 00:17 249 21 2.2 4.5 15:28 0.5 07:56 16.1 0.0 0.0 10.6 156.1 00:00 276 22 -1.8 1.4 00:00 -4.5 08:10 20.1 0.0 0.3 30.1 156.1 00:00 264 23 -0.1 3.1 16:19 -3.2 04:56 18.4 0.0 0.0 14.2 157.7 07:06 109 24 1.8 6.2 15:27 -0.9 23:59 16.5 0.0 2.3 32.2 156.1 00:00 315 25 0.0 6.1 15:47 -3.8 06:14 18.3 0.0 0.0 32.3 156.1 00:00 266 26 0.5 5.6 14:44 -3.0 08:20 17.8 0.0 0.0 16.6 156.1 00:00 155 27 0.4 1.8 13:02 -1.4 03:50 17.9 0.0 0.3 35.5 156.1 00:00 101 28 2.9 7.4 14:57 0.4 23:56 15.4 0.0 0.0 9.7 157.7 11:27 162 29 2.1 8.2 16:31 -2.9 07:51 16.2 0.0 0.0 21.8 156.1 00:00 62 30 1.5 2.6 14:33 0.8 08:33 16.8 0.0 2.3 26.3 156.1 00:00 252 31 0.5 1.5 16:19 -1.7 05:56 17.9 0.0 1.5 16.1 156.1 00:01 292 --------------------------------------------------------------------------------------- 2.2 15.5 14 -4.5 22 501.0 0.0 19.3 9.1 157.7 11 283 Updated: 02/01/19 00:00:00