MONTHLY CLIMATOLOGICAL SUMMARY for Oct 2018 NAME: Castelnuovo Bocca d'Adda, Italia ELEV: 55 metri LAT: 45-06.60 N LONG: 009-52.14 E TEMPERATURE (°C), RAIN (mm), WIND SPEED (km/h) HEAT COOL AVG MEAN DEG DEG WIND DOM DAY TEMP HIGH TIME LOW TIME DAYS DAYS RAIN SPEED HIGH TIME DIR --------------------------------------------------------------------------------------- 01 02 03 04 05 06 07 24.5 26.7 20:55 21.0 00:00 0.0 6.2 0.0 21.0 40.2 20:55 60 08 20.7 26.7 08:55 15.6 02:55 0.0 2.3 0.0 9.6 40.2 08:55 59 09 18.2 24.1 15:25 13.6 07:25 0.1 0.0 0.0 1.4 16.1 15:35 149 10 18.4 23.4 16:15 14.1 07:40 0.0 0.1 0.0 4.9 33.8 14:00 118 11 16.3 18.1 11:25 15.0 08:00 2.0 0.0 0.0 5.7 24.1 11:45 133 12 17.3 22.2 16:15 14.4 07:25 1.0 0.0 0.0 3.4 20.9 00:50 288 13 16.7 22.7 16:30 12.7 07:15 1.6 0.0 0.0 0.7 11.3 15:00 305 14 16.0 22.1 15:55 9.9 07:40 2.3 0.0 0.3 1.3 16.1 16:15 114 15 15.9 21.2 15:40 10.4 05:30 2.4 0.0 0.0 4.0 62.8 23:55 102 16 16.6 20.1 13:00 14.3 07:40 1.7 0.0 0.0 9.8 56.3 19:40 135 17 17.3 20.5 15:37 15.4 06:05 1.0 0.0 0.0 0.3 9.7 14:01 191 18 18.4 23.7 16:19 15.8 06:12 0.0 0.1 0.0 0.7 11.3 10:34 225 19 17.5 23.4 16:31 12.8 07:56 0.8 0.0 0.0 1.1 12.9 08:58 254 20 16.8 23.1 15:33 12.2 07:54 1.5 0.0 0.0 1.3 156.1 22:19 175 21 14.3 20.2 15:28 10.7 07:43 4.0 0.0 0.0 20.9 156.1 00:00 128 22 12.8 19.1 16:23 7.8 07:58 5.6 0.0 0.0 2.5 156.1 03:30 324 23 12.7 20.5 16:01 6.4 07:21 5.6 0.0 0.0 4.4 156.1 00:45 277 24 19.4 27.3 14:47 12.4 02:36 0.0 1.1 0.0 16.7 148.1 12:37 290 25 15.6 20.6 16:17 11.6 05:56 2.7 0.0 0.0 9.7 156.1 01:26 97 26 15.2 18.1 15:40 12.9 04:42 3.1 0.0 0.0 20.1 156.1 00:00 112 27 14.6 15.7 14:31 13.6 08:44 3.7 0.0 0.0 9.7 156.1 00:02 135 28 16.1 18.5 13:44 14.6 00:00 2.3 0.0 0.8 9.7 156.1 05:29 45 29 15.0 17.7 16:06 13.6 14:33 3.4 0.0 0.5 N/A 156.1 00:46 90 30 13.6 17.4 14:25 11.2 06:39 4.8 0.0 0.0 17.9 156.1 01:16 162 31 12.7 14.8 18:30 10.1 06:17 5.6 0.0 0.0 50.9 156.1 00:00 90 --------------------------------------------------------------------------------------- 16.3 27.3 24 6.4 23 55.4 9.8 1.5 4.9 156.1 20 99 Updated: 11/01/18 00:00:00