MONTHLY CLIMATOLOGICAL SUMMARY for Mar 2018 NAME: Castelnuovo Bocca d'Adda, Italia ELEV: 55 metri LAT: 45-06.60 N LONG: 009-52.14 E TEMPERATURE (°C), RAIN (mm), WIND SPEED (km/h) HEAT COOL AVG MEAN DEG DEG WIND DOM DAY TEMP HIGH TIME LOW TIME DAYS DAYS RAIN SPEED HIGH TIME DIR --------------------------------------------------------------------------------------- 01 -2.4 -0.9 00:05 -3.1 07:25 20.8 0.0 2.0 0.2 37.0 11:20 96 02 -1.2 0.2 18:50 -2.6 00:15 19.5 0.0 2.5 0.0 0.0 00:05 90 03 -0.7 0.9 14:30 -3.7 03:30 19.0 0.0 4.3 0.8 62.8 07:35 8 04 0.8 1.9 14:10 -0.1 01:00 17.5 0.0 9.9 1.5 61.2 21:55 328 05 2.2 4.1 16:25 0.6 00:05 16.2 0.0 2.8 1.8 45.1 05:35 264 06 4.6 7.6 16:25 2.3 05:20 13.7 0.0 4.8 1.7 61.2 12:40 162 07 4.3 7.3 18:55 0.8 05:45 14.0 0.0 0.3 1.6 24.1 00:45 267 08 6.5 14.6 17:25 0.1 08:05 11.8 0.0 0.3 1.7 49.9 05:05 235 09 9.8 14.2 15:10 5.5 08:00 8.5 0.0 0.0 1.5 9.7 06:15 255 10 9.2 10.4 14:00 7.8 08:25 9.2 0.0 0.0 1.4 56.3 20:25 72 11 8.7 9.8 19:25 7.3 23:20 9.7 0.0 16.3 0.1 24.1 19:20 248 12 8.9 12.3 17:00 6.2 04:25 9.5 0.0 6.3 2.1 37.0 10:55 284 13 11.0 16.7 18:50 6.2 08:35 7.3 0.0 0.3 2.0 35.4 05:55 288 14 11.1 17.6 15:25 4.8 07:50 7.2 0.0 0.0 3.3 22.5 18:15 248 15 8.5 10.9 05:40 6.0 07:20 9.9 0.0 8.1 2.8 53.1 16:05 109 16 10.1 14.8 16:35 6.6 06:30 8.3 0.0 0.5 4.0 40.2 08:40 297 17 9.2 10.9 16:40 7.3 21:55 9.2 0.0 22.6 2.0 61.2 23:40 92 18 7.2 8.9 14:05 6.2 00:00 11.2 0.0 17.3 2.4 48.3 07:00 120 19 3.9 6.2 00:05 1.6 06:30 14.5 0.0 11.4 3.3 57.9 13:35 121 20 5.9 9.5 16:25 3.3 05:00 12.5 0.0 0.3 5.0 54.7 04:55 118 21 6.0 9.6 17:00 3.5 04:25 12.3 0.0 0.0 6.2 32.2 00:55 107 22 5.5 9.4 16:10 1.4 07:25 12.9 0.0 0.0 3.8 53.1 10:30 135 23 7.0 13.8 16:50 0.8 07:45 11.3 0.0 0.0 3.1 20.9 11:00 125 24 7.9 13.3 14:55 3.2 05:50 10.4 0.0 0.0 5.0 51.5 22:15 111 25 8.8 12.8 17:40 4.2 10:05 9.6 0.0 0.0 3.1 41.8 06:15 114 26 8.9 16.4 18:50 2.6 09:10 9.4 0.0 0.0 1.6 16.1 14:30 217 27 11.7 17.7 18:10 5.5 09:15 6.7 0.0 0.0 1.5 56.3 12:30 243 28 11.1 16.6 18:35 5.3 08:50 7.2 0.0 0.0 2.9 17.7 02:20 93 29 12.7 16.2 17:15 10.4 09:55 5.6 0.0 0.0 5.2 20.9 21:40 96 30 12.3 20.3 18:50 7.6 09:45 6.0 0.0 0.0 5.0 49.9 01:45 141 31 11.9 15.1 00:05 8.2 23:50 6.4 0.0 0.3 5.6 41.8 03:05 158 --------------------------------------------------------------------------------------- 7.1 20.3 30 -3.7 03 347.1 0.0 110.2 2.7 62.8 03 128 Updated: 10/17/18 13:15:00