MONTHLY CLIMATOLOGICAL SUMMARY for Jan 2018 NAME: Castelnuovo Bocca d'Adda, Italia ELEV: 55 metri LAT: 45-06.60 N LONG: 009-52.14 E TEMPERATURE (°C), RAIN (mm), WIND SPEED (km/h) HEAT COOL AVG MEAN DEG DEG WIND DOM DAY TEMP HIGH TIME LOW TIME DAYS DAYS RAIN SPEED HIGH TIME DIR --------------------------------------------------------------------------------------- 01 2.9 3.8 16:20 1.1 10:45 15.5 0.0 10.4 2.2 48.3 11:10 263 02 6.0 12.5 15:35 1.8 01:05 12.3 0.0 0.0 10.7 41.8 14:10 290 03 4.3 7.8 16:50 0.5 09:35 14.0 0.0 0.0 3.9 27.4 18:50 268 04 5.7 11.6 15:30 2.5 08:10 12.6 0.0 0.0 3.8 20.9 00:50 275 05 4.0 6.2 17:05 1.3 04:20 14.4 0.0 0.3 1.2 41.8 09:30 71 06 5.9 7.2 16:05 4.7 09:00 12.4 0.0 2.3 0.8 9.7 05:30 276 07 7.1 8.2 15:30 6.2 05:00 11.2 0.0 1.5 0.5 54.7 23:20 169 08 9.4 11.7 22:20 7.3 00:10 9.0 0.0 1.0 0.0 0.0 00:05 90 09 10.4 12.5 13:45 8.8 23:55 7.9 0.0 10.7 4.6 45.1 06:25 121 10 7.1 9.5 15:05 5.1 08:00 11.2 0.0 0.0 3.9 49.9 05:40 281 11 6.9 8.0 16:00 6.0 05:55 11.4 0.0 0.8 0.8 56.3 05:10 278 12 6.8 11.6 16:10 4.4 09:10 11.6 0.0 0.3 0.8 46.7 09:20 257 13 3.5 9.0 17:00 -0.7 10:00 14.8 0.0 0.3 0.5 16.1 14:45 265 14 0.4 2.1 16:45 -1.6 09:40 18.0 0.0 0.5 0.5 54.7 01:25 287 15 1.8 3.8 15:35 -0.9 04:35 16.5 0.0 0.5 0.5 37.0 10:55 270 16 3.8 5.5 17:00 0.1 23:40 14.5 0.0 0.8 2.0 33.8 13:10 277 17 4.3 10.2 17:00 0.9 00:10 14.1 0.0 0.3 7.6 51.5 11:40 284 18 4.9 10.6 17:00 0.7 08:55 13.4 0.0 0.0 5.4 25.7 00:20 261 19 4.4 10.6 17:20 0.8 09:05 13.9 0.0 0.0 3.2 16.1 15:05 283 20 2.9 7.5 15:25 -0.6 09:15 15.4 0.0 0.0 1.1 59.5 09:55 275 21 5.6 14.1 17:30 0.3 02:00 12.7 0.0 0.3 8.0 37.0 01:25 283 22 5.0 9.6 16:20 2.0 06:45 13.4 0.0 0.0 2.9 19.3 00:05 166 23 4.0 8.9 17:05 -0.3 08:45 14.3 0.0 0.0 3.2 49.9 03:15 120 24 5.8 10.1 16:25 3.7 04:00 12.5 0.0 0.0 2.9 16.1 12:20 281 25 6.0 8.1 15:10 4.3 00:45 12.3 0.0 0.0 2.1 9.7 02:05 272 26 6.2 7.4 16:35 5.2 08:35 12.2 0.0 0.0 2.0 62.8 23:25 118 27 7.2 10.3 16:40 4.5 23:45 11.2 0.0 1.8 4.1 61.2 11:05 289 28 3.3 7.8 16:45 -0.3 08:00 15.0 0.0 0.3 1.4 41.8 04:00 329 29 2.9 5.3 17:05 1.0 07:55 15.4 0.0 0.3 0.6 57.9 23:25 270 30 3.0 4.6 16:35 0.7 09:15 15.3 0.0 0.3 0.1 40.2 02:40 270 31 5.2 6.6 16:10 4.2 00:05 13.1 0.0 2.0 0.6 57.9 22:30 315 --------------------------------------------------------------------------------------- 5.1 14.1 21 -1.6 14 411.5 0.0 34.3 2.6 62.8 26 279 Updated: 10/17/18 13:15:00