MONTHLY CLIMATOLOGICAL SUMMARY for Sep 2017 NAME: Castelnuovo Bocca d'Adda, Italia ELEV: 55 metri LAT: 45-06.60 N LONG: 009-52.14 E TEMPERATURE (°C), RAIN (mm), WIND SPEED (km/h) HEAT COOL AVG MEAN DEG DEG WIND DOM DAY TEMP HIGH TIME LOW TIME DAYS DAYS RAIN SPEED HIGH TIME DIR --------------------------------------------------------------------------------------- 01 25.4 31.1 17:30 20.7 09:10 0.0 7.1 2.8 6.1 48.3 09:50 126 02 17.5 21.4 00:05 14.4 23:15 0.8 0.0 3.3 6.1 53.1 13:20 297 03 18.9 25.9 19:40 13.5 09:00 0.0 0.6 0.3 3.8 33.8 01:35 182 04 19.5 26.0 19:05 13.9 07:55 0.0 1.2 0.0 2.9 17.7 12:30 82 05 21.6 28.7 19:45 15.5 08:50 0.0 3.3 0.0 2.7 16.1 13:15 339 06 22.6 28.6 19:10 16.9 09:00 0.0 4.3 0.0 2.1 19.3 03:05 304 07 22.2 28.1 17:55 18.1 08:00 0.0 3.9 0.0 3.3 41.8 22:45 138 08 21.0 26.3 18:30 17.4 06:25 0.0 2.6 0.0 5.5 25.7 03:00 113 09 21.0 27.8 16:10 16.8 09:20 0.0 2.7 9.7 7.9 41.8 20:10 142 10 17.2 19.1 16:05 16.4 17:40 1.1 0.0 58.9 4.0 46.7 15:50 126 11 17.6 22.5 19:30 15.1 04:30 0.7 0.0 10.9 1.4 46.7 12:10 304 12 19.0 24.1 15:45 15.2 08:40 0.0 0.7 0.3 6.3 35.4 20:30 113 13 17.8 24.1 19:35 12.7 08:25 0.5 0.0 0.0 3.1 20.9 15:00 67 14 18.8 24.5 17:20 15.3 08:55 0.0 0.5 0.0 5.0 33.8 20:50 81 15 16.2 19.1 18:10 12.4 09:20 2.1 0.0 2.5 3.7 17.7 02:55 299 16 16.0 20.8 18:35 13.3 10:05 2.3 0.0 7.4 1.5 19.3 12:55 88 17 16.7 22.4 19:30 12.6 10:15 1.7 0.0 1.5 3.9 27.4 02:10 271 18 14.8 18.2 15:00 12.0 08:35 3.5 0.0 1.3 2.9 19.3 02:50 73 19 15.3 19.3 17:25 12.8 06:35 3.0 0.0 0.8 3.9 53.1 06:50 156 20 16.2 23.7 20:00 9.9 09:30 2.2 0.0 0.0 3.3 19.3 14:20 283 21 16.4 24.1 19:40 10.3 09:15 1.9 0.0 0.0 1.4 14.5 15:25 256 22 17.1 23.7 18:30 11.2 09:50 1.2 0.0 0.0 1.4 16.1 18:05 43 23 18.2 23.9 18:20 13.7 09:45 0.1 0.0 0.0 1.7 16.1 00:20 305 24 18.5 23.1 18:25 15.9 08:40 0.0 0.2 0.0 4.3 32.2 20:35 131 25 17.3 22.3 17:25 13.3 06:20 1.0 0.0 0.0 4.5 24.1 15:00 120 26 17.1 22.7 17:45 11.8 09:05 1.2 0.0 0.0 2.0 51.5 08:45 133 27 17.7 24.3 19:05 12.0 07:40 0.6 0.0 0.0 0.8 14.5 15:15 100 28 18.0 23.7 18:20 13.4 09:40 0.4 0.0 0.0 1.3 11.3 14:30 119 29 17.8 22.6 18:05 13.2 09:50 0.6 0.0 0.0 2.0 17.7 15:25 115 30 17.1 22.1 18:00 12.3 09:40 1.2 0.0 0.0 3.0 17.7 12:55 110 --------------------------------------------------------------------------------------- 18.4 31.1 01 9.9 20 26.2 26.8 99.6 3.4 53.1 02 121 Updated: 10/17/18 13:15:00