MONTHLY CLIMATOLOGICAL SUMMARY for Aug 2017 NAME: Castelnuovo Bocca d'Adda, Italia ELEV: 55 metri LAT: 45-06.60 N LONG: 009-52.14 E TEMPERATURE (°C), RAIN (mm), WIND SPEED (km/h) HEAT COOL AVG MEAN DEG DEG WIND DOM DAY TEMP HIGH TIME LOW TIME DAYS DAYS RAIN SPEED HIGH TIME DIR --------------------------------------------------------------------------------------- 01 28.1 33.6 19:35 22.3 08:20 0.0 9.7 0.0 1.5 17.7 16:00 9 02 29.2 35.1 19:00 23.4 09:00 0.0 10.9 0.0 4.2 22.5 10:45 297 03 29.9 35.5 20:15 23.9 08:40 0.0 11.6 0.0 1.9 16.1 15:55 48 04 29.9 36.0 20:00 23.6 07:55 0.0 11.6 0.0 1.8 14.5 17:00 22 05 30.7 37.4 19:15 23.7 08:35 0.0 12.3 0.0 2.0 17.7 13:00 90 06 28.0 31.3 17:20 23.3 13:35 0.0 9.7 1.5 3.8 33.8 12:50 79 07 25.8 30.3 19:00 21.0 08:30 0.0 7.5 0.0 8.9 33.8 12:55 101 08 25.9 31.2 18:55 20.4 08:45 0.0 7.6 0.0 9.7 37.0 20:15 112 09 27.0 34.0 16:55 19.9 09:20 0.0 8.7 0.0 3.8 27.4 00:05 265 10 25.5 32.1 16:40 20.6 09:00 0.0 7.1 0.0 4.1 38.6 18:35 83 11 19.9 25.9 13:45 15.8 18:35 0.0 1.6 10.4 4.2 61.2 14:40 203 12 20.9 29.4 20:10 15.0 08:20 0.0 2.5 0.0 5.1 24.1 12:50 275 13 23.1 29.5 18:35 15.5 08:00 0.0 4.7 0.0 2.3 16.1 12:30 58 14 24.8 31.9 19:05 17.3 08:25 0.0 6.4 0.0 2.6 19.3 15:20 80 15 25.7 32.6 20:10 19.1 09:00 0.0 7.3 0.0 1.7 14.5 17:25 56 16 26.2 32.9 18:15 20.2 08:55 0.0 7.9 0.0 2.2 17.7 15:45 14 17 27.6 33.8 18:50 20.4 08:25 0.0 9.2 0.0 2.2 17.7 13:55 82 18 27.9 35.2 18:30 20.8 08:40 0.0 9.6 0.0 2.9 17.7 14:45 98 19 26.8 32.2 19:45 21.8 06:45 0.0 8.5 0.0 4.9 30.6 23:30 324 20 23.2 28.8 18:20 18.4 08:45 0.0 4.9 3.6 4.8 32.2 00:10 100 21 23.0 28.4 17:55 16.9 08:40 0.0 4.6 0.0 4.1 22.5 12:30 104 22 22.8 29.2 17:35 15.9 08:55 0.0 4.5 0.0 3.8 19.3 16:30 87 23 23.8 30.3 19:25 17.4 07:45 0.0 5.4 0.0 2.3 17.7 16:45 70 24 25.2 32.1 18:05 18.4 08:35 0.0 6.8 0.0 1.9 16.1 14:00 80 25 26.5 32.9 20:05 20.6 08:55 0.0 8.2 0.0 2.2 17.7 11:50 345 26 27.2 34.0 19:20 21.1 08:10 0.0 8.9 0.0 2.1 17.7 16:20 293 27 28.0 35.1 19:45 21.8 09:05 0.0 9.7 0.0 3.5 20.9 12:25 310 28 27.8 33.0 20:20 22.6 08:30 0.0 9.4 0.0 1.9 19.3 17:05 100 29 25.8 31.4 19:15 19.8 08:00 0.0 7.5 0.0 6.6 35.4 01:55 110 30 26.2 33.2 19:15 19.9 08:40 0.0 7.8 0.0 3.0 17.7 17:15 92 31 25.6 31.2 19:05 21.3 08:10 0.0 7.2 0.0 4.8 46.7 11:05 106 --------------------------------------------------------------------------------------- 26.1 37.4 05 15.0 12 0.0 239.4 15.5 3.6 61.2 11 88 Updated: 10/17/18 13:15:00